{"id":104,"date":"2019-12-11T15:14:32","date_gmt":"2019-12-11T14:14:32","guid":{"rendered":"https:\/\/festiwale.zakopane.pl\/festiwal-koled\/?page_id=104"},"modified":"2021-05-07T09:34:18","modified_gmt":"2021-05-07T07:34:18","slug":"o-festiwalu","status":"publish","type":"page","link":"http:\/\/archiwum.festiwale.zakopane.pl\/zlote-kierpce\/o-festiwalu\/","title":{"rendered":"O festiwalu"},"content":{"rendered":"<p>Odbywaj\u0105cy si\u0119 od 2010 roku Festiwal ma charakter przegl\u0105du konkursowego i stanowi eliminacje do Karpackiego Festiwalu Dzieci\u0119cych Zespo\u0142\u00f3w Regionalnych w Rabce-Zdroju, do kt\u00f3rego zakwalifikowane zostaj\u0105 najlepsze zespo\u0142y wy\u0142onione przez jury. W Festiwalu mog\u0105 wzi\u0105\u0107 udzia\u0142 dzieci\u0119ce zespo\u0142y regionalne prezentuj\u0105ce folklor g\u00f3rali podhala\u0144skich. Zespo\u0142y s\u0105 zg\u0142aszane w dw\u00f3ch kategoriach wiekowych: 6-14 lat i 14-18 lat (wyj\u0105tkowo w widowiskach mog\u0105 wyst\u0105pi\u0107 osoby doros\u0142e graj\u0105ce role os\u00f3b starszych). Zwyci\u0119skie grupy wyst\u0105pi\u0105 r\u00f3wnie\u017c 14 sierpnia na 52 Mi\u0119dzynarodowym Festiwalu Folkloru Ziem G\u00f3rskich w Zakopanem podczas Koncertu Mali G\u00f3rale.<\/p>\n<p>Podczas Festiwalu Z\u0142ote Kierpce widzowie mog\u0105 ogl\u0105da\u0107 wyst\u0119py zg\u0142oszonych grup, oparte na tradycyjnym folklorze, zwyczajach, tradycjach lub scenach rodzajowych. Grupy dzieci\u0119ce prezentuj\u0105 w trakcie widowiska ludowe gry i zabawy, natomiast grupy m\u0142odzie\u017cowe poruszaj\u0105 tematyk\u0119 pastersk\u0105, zalotn\u0105 i obrz\u0119dow\u0105. Festiwal corocznie poprzedza roz\u015bpiewany korow\u00f3d uczestnik\u00f3w, kt\u00f3rzy przechodz\u0105 ulic\u0105 Krup\u00f3wki.<\/p>\n<p>Organizacja tego wydarzenia ma niebagatelny wp\u0142yw na kszta\u0142towanie m\u0142odego pokolenia g\u00f3rali i co roku spotyka si\u0119 z wielk\u0105 aprobat\u0105 \u015brodowisk regionalnych, animator\u00f3w kultury i ludzi, kt\u00f3rym zale\u017cy na mi\u0119dzypokoleniowym przekazie tradycji naszych ojc\u00f3w. G\u00f3ralska m\u0142odzie\u017c, wiedz\u0119 o swoim regionie i tradycjach, poznaje w znacznej mierze w\u0142a\u015bnie w zespo\u0142ach regionalnych. Podczas festiwalu, g\u00f3ralskie dzieci\u0119ce i m\u0142odzie\u017cowe zespo\u0142y, rywalizuj\u0105 o g\u0142\u00f3wne trofea, statuetki Z\u0141OTE, SREBRNE i BR\u0104ZOWE KIERPCE.<\/p>\n<p>Dotychczasowymi laureatami Z\u0142otych Kierpiec by\u0142y zespo\u0142y mi\u0119dzy innymi: \u201eZornica\u201d z TCKiS Jutrzenka z Zakopanego,\u00a0 \u201eTatry\u201d z Ratu\u0142owa, \u201eMa\u0142e Regle\u201d z Poronina, \u201eMali \u015awarni\u201d z Nowego Targu,\u00a0 \u201eMali Hamernicy\u201d z Krakowa, \u201eMali Wiyrchowianie\u201d z Bukowiny Tatrza\u0144skiej, \u201eMajeranki\u201d z Chab\u00f3wki, \u201eMali Bia\u0142canie z Bia\u0142ki Tatrza\u0144skiej, \u201eM\u0142odzi \u0141opu\u015bnianie\u201d z \u0141opusznej, \u201eMa\u0142y Zb\u00f3jnicek\u201d z Z\u0119bu.<\/p>\n","protected":false},"excerpt":{"rendered":"<p>Odbywaj\u0105cy si\u0119 od 2010 roku Festiwal ma charakter przegl\u0105du konkursowego i stanowi eliminacje do Karpackiego [&hellip;]<\/p>\n","protected":false},"author":1,"featured_media":771,"parent":0,"menu_order":0,"comment_status":"closed","ping_status":"closed","template":"","meta":[],"acf":[],"_links":{"self":[{"href":"http:\/\/archiwum.festiwale.zakopane.pl\/zlote-kierpce\/wp-json\/wp\/v2\/pages\/104"}],"collection":[{"href":"http:\/\/archiwum.festiwale.zakopane.pl\/zlote-kierpce\/wp-json\/wp\/v2\/pages"}],"about":[{"href":"http:\/\/archiwum.festiwale.zakopane.pl\/zlote-kierpce\/wp-json\/wp\/v2\/types\/page"}],"author":[{"embeddable":true,"href":"http:\/\/archiwum.festiwale.zakopane.pl\/zlote-kierpce\/wp-json\/wp\/v2\/users\/1"}],"replies":[{"embeddable":true,"href":"http:\/\/archiwum.festiwale.zakopane.pl\/zlote-kierpce\/wp-json\/wp\/v2\/comments?post=104"}],"version-history":[{"count":3,"href":"http:\/\/archiwum.festiwale.zakopane.pl\/zlote-kierpce\/wp-json\/wp\/v2\/pages\/104\/revisions"}],"predecessor-version":[{"id":835,"href":"http:\/\/archiwum.festiwale.zakopane.pl\/zlote-kierpce\/wp-json\/wp\/v2\/pages\/104\/revisions\/835"}],"wp:featuredmedia":[{"embeddable":true,"href":"http:\/\/archiwum.festiwale.zakopane.pl\/zlote-kierpce\/wp-json\/wp\/v2\/media\/771"}],"wp:attachment":[{"href":"http:\/\/archiwum.festiwale.zakopane.pl\/zlote-kierpce\/wp-json\/wp\/v2\/media?parent=104"}],"curies":[{"name":"wp","href":"https:\/\/api.w.org\/{rel}","templated":true}]}}

<p>Odbywający się od 2010 roku Festiwal ma charakter przeglądu konkursowego i stanowi eliminacje do Karpackiego Festiwalu Dziecięcych Zespołów Regionalnych w Rabce-Zdroju, do którego zakwalifikowane zostają najlepsze zespoły wyłonione przez jury. W Festiwalu mogą wziąć udział dziecięce zespoły regionalne prezentujące folklor górali podhalańskich. Zespoły są zgłaszane w dwóch kategoriach wiekowych: 6-14 lat i 14-18 lat (wyjątkowo w widowiskach mogą wystąpić osoby dorosłe grające role osób starszych). Zwycięskie grupy wystąpią również 14 sierpnia na 52 Międzynarodowym Festiwalu Folkloru Ziem Górskich w Zakopanem podczas Koncertu Mali Górale.</p>
<p>Podczas Festiwalu Złote Kierpce widzowie mogą oglądać występy zgłoszonych grup, oparte na tradycyjnym folklorze, zwyczajach, tradycjach lub scenach rodzajowych. Grupy dziecięce prezentują w trakcie widowiska ludowe gry i zabawy, natomiast grupy młodzieżowe poruszają tematykę pasterską, zalotną i obrzędową. Festiwal corocznie poprzedza rozśpiewany korowód uczestników, którzy przechodzą ulicą Krupówki.</p>
<p>Organizacja tego wydarzenia ma niebagatelny wpływ na kształtowanie młodego pokolenia górali i co roku spotyka się z wielką aprobatą środowisk regionalnych, animatorów kultury i ludzi, którym zależy na międzypokoleniowym przekazie tradycji naszych ojców. Góralska młodzież, wiedzę o swoim regionie i tradycjach, poznaje w znacznej mierze właśnie w zespołach regionalnych. Podczas festiwalu, góralskie dziecięce i młodzieżowe zespoły, rywalizują o główne trofea, statuetki ZŁOTE, SREBRNE i BRĄZOWE KIERPCE.</p>
<p>Dotychczasowymi laureatami Złotych Kierpiec były zespoły między innymi: „Zornica” z TCKiS Jutrzenka z Zakopanego,  „Tatry” z Ratułowa, „Małe Regle” z Poronina, „Mali Śwarni” z Nowego Targu,  „Mali Hamernicy” z Krakowa, „Mali Wiyrchowianie” z Bukowiny Tatrzańskiej, „Majeranki” z Chabówki, „Mali Białcanie z Białki Tatrzańskiej, „Młodzi Łopuśnianie” z Łopusznej, „Mały Zbójnicek” z Zębu.</p>

<p>Odbywający się od 2010 roku Festiwal ma charakter przeglądu konkursowego i stanowi eliminacje do Karpackiego [&hellip;]</p>
