{"id":805,"date":"2021-05-07T07:46:41","date_gmt":"2021-05-07T05:46:41","guid":{"rendered":"https:\/\/festiwale.zakopane.pl\/zlote-kierpce-2021\/?post_type=artysci&#038;p=805"},"modified":"2021-05-07T07:46:41","modified_gmt":"2021-05-07T05:46:41","slug":"luban","status":"publish","type":"artysci","link":"http:\/\/archiwum.festiwale.zakopane.pl\/zlote-kierpce\/artysci\/luban\/","title":{"rendered":"Luba\u0144"},"content":{"rendered":"<p><strong>Zesp\u00f3\u0142 \u201eLuba\u0144\u201d z Kluszkowiec<\/strong> to grupa z 29 letnim sta\u017cem. zosta\u0142 za\u0142o\u017cony 2 lutego 1992 roku. G\u0142\u00f3wnymi za\u0142o\u017cycielami byli: Tadeusz Klag, Tadeusz Firek, Cezary Siedlarczyk, Boles\u0142aw Bednarczyk, Mieczys\u0142aw Wroc\u0142awiak, a kapeli przewodniczy\u0142 Stanis\u0142aw G\u0105sienica.<\/p>\n<p>Przez wszystkie lata dzia\u0142alno\u015bci zesp\u00f3\u0142 wyst\u0119powa\u0142 nie tylko w kraju, ale i za granicami. G\u0142\u00f3wnie prezentowa\u0142 swoje umiej\u0119tno\u015bci m.in. na : Saba\u0142owych Bajaniach, Karnawale G\u00f3ralskim w Bukowinie Tatrza\u0144skiej, Podhala\u0144skim Przegl\u0105dzie Jase\u0142ek, Karpackim Festiwalu Dzieci\u0119cych Zespo\u0142\u00f3w Regionalnych, gdzie zdobywa\u0142 wysokie miejsca i wyr\u00f3\u017cnienia oraz nagrody.<\/p>\n<p>Zesp\u00f3\u0142 wyst\u0119powa\u0142 r\u00f3wnie\u017c za granic\u0105 goszcz\u0105c na deskach m.in. S\u0142owacji, Niemiec, Grecji, a tak\u017ce Ukrainy.<\/p>\n<p>W szerokim wachlarzu swoich artystycznych sukces\u00f3w nale\u017cy uj\u0105\u0107 nagranie dw\u00f3ch p\u0142yt. Jedna z przy\u015bpiewkami, a druga to kol\u0119dy oraz te\u017c p\u0142yty \u201eNase muzykowanie\u201d.<\/p>\n<p>Przez te wszystkie lata kierownikami zespo\u0142u byli:<\/p>\n<p>Mieczys\u0142aw Wroc\u0142awiak, Halina Chowaniec-Tybor, Gra\u017cyna Kocz\u00f3r, Renata Szewczyk, Magdalena Szewczyk, Beata Laskowska-Pelczarska, Jadwiga Bielin i Mateusz Bu\u0142a. Obecnie zesp\u00f3\u0142 prowadz\u0105 Katarzyna Dobrzy\u0144ska i Pawe\u0142 Salamon. Kapel\u0105 kierowa\u0142 niezmiennie Stanis\u0142aw G\u0105sienica oraz przej\u0105\u0142 obowi\u0105zki scalania zespo\u0142u, a\u017c do 2015r, kiedy to zosta\u0142 powo\u0142any na Niebiesk\u0105 Gra\u0144. Po \u015bmierci Stanis\u0142awa G\u0105sienicy nauk\u0119 gry na skrzypcach i basach kontynuuje Pawe\u0142 Salamon.<\/p>\n<p>Zesp\u00f3\u0142 dzia\u0142a kultywuj\u0105c tradycj\u0119 ojc\u00f3w i zaprasza wszystkich ch\u0119tnych do wst\u0105pienia w swoje szeregi.<\/p>\n","protected":false},"featured_media":806,"template":"","acf":[],"_links":{"self":[{"href":"http:\/\/archiwum.festiwale.zakopane.pl\/zlote-kierpce\/wp-json\/wp\/v2\/artysci\/805"}],"collection":[{"href":"http:\/\/archiwum.festiwale.zakopane.pl\/zlote-kierpce\/wp-json\/wp\/v2\/artysci"}],"about":[{"href":"http:\/\/archiwum.festiwale.zakopane.pl\/zlote-kierpce\/wp-json\/wp\/v2\/types\/artysci"}],"wp:featuredmedia":[{"embeddable":true,"href":"http:\/\/archiwum.festiwale.zakopane.pl\/zlote-kierpce\/wp-json\/wp\/v2\/media\/806"}],"wp:attachment":[{"href":"http:\/\/archiwum.festiwale.zakopane.pl\/zlote-kierpce\/wp-json\/wp\/v2\/media?parent=805"}],"curies":[{"name":"wp","href":"https:\/\/api.w.org\/{rel}","templated":true}]}}

Lubań

<p><strong>Zespół „Lubań” z Kluszkowiec</strong> to grupa z 29 letnim stażem. został założony 2 lutego 1992 roku. Głównymi założycielami byli: Tadeusz Klag, Tadeusz Firek, Cezary Siedlarczyk, Bolesław Bednarczyk, Mieczysław Wrocławiak, a kapeli przewodniczył Stanisław Gąsienica.</p>
<p>Przez wszystkie lata działalności zespół występował nie tylko w kraju, ale i za granicami. Głównie prezentował swoje umiejętności m.in. na : Sabałowych Bajaniach, Karnawale Góralskim w Bukowinie Tatrzańskiej, Podhalańskim Przeglądzie Jasełek, Karpackim Festiwalu Dziecięcych Zespołów Regionalnych, gdzie zdobywał wysokie miejsca i wyróżnienia oraz nagrody.</p>
<p>Zespół występował również za granicą goszcząc na deskach m.in. Słowacji, Niemiec, Grecji, a także Ukrainy.</p>
<p>W szerokim wachlarzu swoich artystycznych sukcesów należy ująć nagranie dwóch płyt. Jedna z przyśpiewkami, a druga to kolędy oraz też płyty „Nase muzykowanie”.</p>
<p>Przez te wszystkie lata kierownikami zespołu byli:</p>
<p>Mieczysław Wrocławiak, Halina Chowaniec-Tybor, Grażyna Koczór, Renata Szewczyk, Magdalena Szewczyk, Beata Laskowska-Pelczarska, Jadwiga Bielin i Mateusz Buła. Obecnie zespół prowadzą Katarzyna Dobrzyńska i Paweł Salamon. Kapelą kierował niezmiennie Stanisław Gąsienica oraz przejął obowiązki scalania zespołu, aż do 2015r, kiedy to został powołany na Niebieską Grań. Po śmierci Stanisława Gąsienicy naukę gry na skrzypcach i basach kontynuuje Paweł Salamon.</p>
<p>Zespół działa kultywując tradycję ojców i zaprasza wszystkich chętnych do wstąpienia w swoje szeregi.</p>
