{"id":803,"date":"2021-05-07T07:45:24","date_gmt":"2021-05-07T05:45:24","guid":{"rendered":"https:\/\/festiwale.zakopane.pl\/zlote-kierpce-2021\/?post_type=artysci&#038;p=803"},"modified":"2021-05-07T07:45:24","modified_gmt":"2021-05-07T05:45:24","slug":"zawrat","status":"publish","type":"artysci","link":"http:\/\/archiwum.festiwale.zakopane.pl\/zlote-kierpce\/artysci\/zawrat\/","title":{"rendered":"Zawrat"},"content":{"rendered":"<p>Zesp\u00f3\u0142 dzieci\u0119cy Zawrat powsta\u0142 w 1989 roku. Nazwa Zawrat wzi\u0119\u0142a si\u0119 podczas wyjazdu Zwi\u0105zku Podhalan w 1989 roku do Holandii, w kt\u00f3rym bra\u0142 udzia\u0142 r\u00f3wnie\u017c Prezes Sp\u00f3\u0142dzielni Inwalid\u00f3w Zawrat z Zakopanego. Zaproponowa\u0142 on, \u017ceby nada\u0107 imi\u0119 zespo\u0142owi Zawrat, natomiast Sp\u00f3\u0142dzielnia b\u0119dzie wspiera\u0107 i pomaga\u0107. Od tego czasu z ma\u0142ymi przerwami zesp\u00f3\u0142 dzia\u0142a ca\u0142y czas. Aktualnie zesp\u00f3\u0142 liczy 25 os\u00f3b, dodatkowo jest muzyka g\u00f3ralska i dw\u00f3ch instruktor\u00f3w.<\/p>\n","protected":false},"featured_media":804,"template":"","acf":[],"_links":{"self":[{"href":"http:\/\/archiwum.festiwale.zakopane.pl\/zlote-kierpce\/wp-json\/wp\/v2\/artysci\/803"}],"collection":[{"href":"http:\/\/archiwum.festiwale.zakopane.pl\/zlote-kierpce\/wp-json\/wp\/v2\/artysci"}],"about":[{"href":"http:\/\/archiwum.festiwale.zakopane.pl\/zlote-kierpce\/wp-json\/wp\/v2\/types\/artysci"}],"wp:featuredmedia":[{"embeddable":true,"href":"http:\/\/archiwum.festiwale.zakopane.pl\/zlote-kierpce\/wp-json\/wp\/v2\/media\/804"}],"wp:attachment":[{"href":"http:\/\/archiwum.festiwale.zakopane.pl\/zlote-kierpce\/wp-json\/wp\/v2\/media?parent=803"}],"curies":[{"name":"wp","href":"https:\/\/api.w.org\/{rel}","templated":true}]}}

<p>Zespół dziecięcy Zawrat powstał w 1989 roku. Nazwa Zawrat wzięła się podczas wyjazdu Związku Podhalan w 1989 roku do Holandii, w którym brał udział również Prezes Spółdzielni Inwalidów Zawrat z Zakopanego. Zaproponował on, żeby nadać imię zespołowi Zawrat, natomiast Spółdzielnia będzie wspierać i pomagać. Od tego czasu z małymi przerwami zespół działa cały czas. Aktualnie zespół liczy 25 osób, dodatkowo jest muzyka góralska i dwóch instruktorów.</p>
