{"id":802,"date":"2021-05-07T07:44:30","date_gmt":"2021-05-07T05:44:30","guid":{"rendered":"https:\/\/festiwale.zakopane.pl\/zlote-kierpce-2021\/?post_type=artysci&#038;p=802"},"modified":"2021-05-07T07:44:30","modified_gmt":"2021-05-07T05:44:30","slug":"mali-swarni","status":"publish","type":"artysci","link":"http:\/\/archiwum.festiwale.zakopane.pl\/zlote-kierpce\/artysci\/mali-swarni\/","title":{"rendered":"Mali \u015awarni"},"content":{"rendered":"<p>Zesp\u00f3\u0142 \u201eMali \u015awarni\u201d powsta\u0142 w 1983 roku z inicjatywy Marii i J\u00f3zefa Staszl\u00f3w, kt\u00f3rzy prowadzili zesp\u00f3\u0142 nieprzerwanie do 2013 roku. Obecnie instruktorem jest wychowanka Bernadeta Szumal. Zesp\u00f3\u0142 bior\u0105c aktywny udzia\u0142 w wielu krajowych i mi\u0119dzynarodowych festiwalach:<\/p>\n<ul>\n<li>w Nowym S\u0105czu<\/li>\n<li>w Zielonej G\u00f3rze<\/li>\n<li>w Kielcach<\/li>\n<li>w Varnie w Bu\u0142garii<\/li>\n<li>w Brnie w Czechach<\/li>\n<li>w Rydze na \u0142otwie<\/li>\n<li>w Mi\u0144sku na Bia\u0142orusi<\/li>\n<li>w Nitrze na S\u0142owacji<\/li>\n<li>w Maribor na S\u0142owenii<\/li>\n<li>w Grabarie w Chorwacji<\/li>\n<\/ul>\n<p>w 2011 roku zesp\u00f3\u0142 bra\u0142 udzia\u0142 w podhala\u0144skiej operze \u201eJan Pawe\u0142 II na Podhalu\u201d, kt\u00f3r\u0105 prezentowano na Podhalu, na scenie Opery Krakowskiej, w Teatrze Narodowym w Warszawie oraz w Teatrze Capranica w Rzymie. W 2016 roku w lipcu zesp\u00f3\u0142 bra\u0142 udzia\u0142 w 45 Mi\u0119dzynarodowym Harcerskim Festiwalu Kultury M\u0142odzie\u017cy Szkolnej w Kielcach. Zdoby\u0142 tam g\u0142\u00f3wn\u0105 nagrod\u0119, a mianowicie \u201eZ\u0142ot\u0105 Jod\u0142\u0119\u201d.\u00a0 W listopadzie 2016 roku go\u015bcili\u015bmy na festiwalu \u201eNa G\u00f3ralsk\u0105 Nut\u0119\u201d w Chicago.\u00a0 17 kwietnia 2017 roku wraz z zespo\u0142em regionalnym z Warszawy uczestniczyli\u015bmy w \u015bwi\u0105tecznej Familiadzie. Tego samego roku wywalczyli\u015bmy:<\/p>\n<ul>\n<li>\u201eSrebrne Kierpce\u201d w Tatrza\u0144skim Festiwalu Zespo\u0142\u00f3w G\u00f3ralskich Z\u0142ote Kierpce w Zakopanem<\/li>\n<li>\u201eZ\u0142ote Skrzypce\u201d na Balkan Folk Fest w Varnie w Bu\u0142garii<\/li>\n<\/ul>\n<p>Zesp\u00f3\u0142 uczestniczy\u0142 r\u00f3wnie\u017c:<\/p>\n<ul>\n<li>Folklorni Festiwal w Brnie w Czechach<\/li>\n<li>XVIII Konkursie M\u0142odyk Tonecnik\u00f3w w Bia\u0142ym Dunajcu<\/li>\n<\/ul>\n<p>W listopadzie 2017 r. zesp\u00f3\u0142 nagra\u0142 kol\u0119d\u0119 wraz z teledyskiem, kt\u00f3r\u0105 mo\u017cna s\u0142ucha\u0107 podczas \u015awi\u0105t Bo\u017conarodzeniowych. W grudniu zesp\u00f3\u0142 uroczy\u015bcie otworzy\u0142 Miko\u0142ajkowy Turniej Ta\u0144ca w Nowym Targu.<\/p>\n<p>W 2018 roku zesp\u00f3\u0142 wzi\u0105\u0142 udzia\u0142 w I Og\u00f3lnopolskich Do\u017cynkach we wsi W\u0105wolnica w woj. lubelskim w okolicach Lublina.<\/p>\n","protected":false},"featured_media":800,"template":"","acf":[],"_links":{"self":[{"href":"http:\/\/archiwum.festiwale.zakopane.pl\/zlote-kierpce\/wp-json\/wp\/v2\/artysci\/802"}],"collection":[{"href":"http:\/\/archiwum.festiwale.zakopane.pl\/zlote-kierpce\/wp-json\/wp\/v2\/artysci"}],"about":[{"href":"http:\/\/archiwum.festiwale.zakopane.pl\/zlote-kierpce\/wp-json\/wp\/v2\/types\/artysci"}],"wp:featuredmedia":[{"embeddable":true,"href":"http:\/\/archiwum.festiwale.zakopane.pl\/zlote-kierpce\/wp-json\/wp\/v2\/media\/800"}],"wp:attachment":[{"href":"http:\/\/archiwum.festiwale.zakopane.pl\/zlote-kierpce\/wp-json\/wp\/v2\/media?parent=802"}],"curies":[{"name":"wp","href":"https:\/\/api.w.org\/{rel}","templated":true}]}}

Mali Śwarni

<p>Zespół „Mali Śwarni” powstał w 1983 roku z inicjatywy Marii i Józefa Staszlów, którzy prowadzili zespół nieprzerwanie do 2013 roku. Obecnie instruktorem jest wychowanka Bernadeta Szumal. Zespół biorąc aktywny udział w wielu krajowych i międzynarodowych festiwalach:</p>
<ul>
<li>w Nowym Sączu</li>
<li>w Zielonej Górze</li>
<li>w Kielcach</li>
<li>w Varnie w Bułgarii</li>
<li>w Brnie w Czechach</li>
<li>w Rydze na łotwie</li>
<li>w Mińsku na Białorusi</li>
<li>w Nitrze na Słowacji</li>
<li>w Maribor na Słowenii</li>
<li>w Grabarie w Chorwacji</li>
</ul>
<p>w 2011 roku zespół brał udział w podhalańskiej operze „Jan Paweł II na Podhalu”, którą prezentowano na Podhalu, na scenie Opery Krakowskiej, w Teatrze Narodowym w Warszawie oraz w Teatrze Capranica w Rzymie. W 2016 roku w lipcu zespół brał udział w 45 Międzynarodowym Harcerskim Festiwalu Kultury Młodzieży Szkolnej w Kielcach. Zdobył tam główną nagrodę, a mianowicie „Złotą Jodłę”.  W listopadzie 2016 roku gościliśmy na festiwalu „Na Góralską Nutę” w Chicago.  17 kwietnia 2017 roku wraz z zespołem regionalnym z Warszawy uczestniczyliśmy w świątecznej Familiadzie. Tego samego roku wywalczyliśmy:</p>
<ul>
<li>„Srebrne Kierpce” w Tatrzańskim Festiwalu Zespołów Góralskich Złote Kierpce w Zakopanem</li>
<li>„Złote Skrzypce” na Balkan Folk Fest w Varnie w Bułgarii</li>
</ul>
<p>Zespół uczestniczył również:</p>
<ul>
<li>Folklorni Festiwal w Brnie w Czechach</li>
<li>XVIII Konkursie Młodyk Tonecników w Białym Dunajcu</li>
</ul>
<p>W listopadzie 2017 r. zespół nagrał kolędę wraz z teledyskiem, którą można słuchać podczas Świąt Bożonarodzeniowych. W grudniu zespół uroczyście otworzył Mikołajkowy Turniej Tańca w Nowym Targu.</p>
<p>W 2018 roku zespół wziął udział w I Ogólnopolskich Dożynkach we wsi Wąwolnica w woj. lubelskim w okolicach Lublina.</p>
