{"id":188,"date":"2019-12-13T09:25:25","date_gmt":"2019-12-13T08:25:25","guid":{"rendered":"https:\/\/festiwale.zakopane.pl\/festiwal-muzyki\/?post_type=miejsca&#038;p=188"},"modified":"2019-12-13T09:25:25","modified_gmt":"2019-12-13T08:25:25","slug":"sanktuarium-matki-bozej-fatimskiej","status":"publish","type":"miejsca","link":"http:\/\/archiwum.festiwale.zakopane.pl\/festiwal-organowy\/miejsca\/sanktuarium-matki-bozej-fatimskiej\/","title":{"rendered":"Sanktuarium Matki Bo\u017cej Fatimskiej"},"content":{"rendered":"<p>Sanktuarium na Krzept\u00f3wkach, oddalone oko\u0142o 4 km od centrum Zakopanego, powsta\u0142o jako wotum dzi\u0119kczynne za uratowanie \u017cycia Jana Paw\u0142a II po zamachu 13 maja 1981 r. Historia sanktuarium rozpocz\u0119\u0142a si\u0119 w 1951 r. kiedy to zbudowano kaplic\u0119, w kt\u00f3rej odprawiano specjalne nabo\u017ce\u0144stwa na cze\u015b\u0107 Matki Bo\u017cej z Fatimy. Pocz\u0105tkowo modlono si\u0119 do obrazu przedstawiaj\u0105cego objawienie Matki Bo\u017cej tr\u00f3jce dzieci z Fatimy. W 1961 r. biskup Fatimy przekaza\u0142 na r\u0119ce kardyna\u0142a Stefana Wyszy\u0144skiego figur\u0119 Matki Bo\u017cej Fatimskiej. 21 pa\u017adziernika 1987 r. Jan Pawe\u0142 II dokona\u0142 w Rzymie koronacji figury, kt\u00f3ra ostatecznie stan\u0119\u0142a w zakopia\u0144skim sanktuarium.<\/p>\n<p>Obecny ko\u015bci\u00f3\u0142 wybudowano w ci\u0105gu 5 lat. Pod koniec lipca 1987 r. po\u015bwi\u0119cono plac pod budow\u0119. Dok\u0142adnie 9 lat po zamachu na Jana Paw\u0142a II (13 maja 1990) kardyna\u0142 Franciszek Macharski wmurowa\u0142 kamie\u0144 w\u0119gielny, kt\u00f3ry przywieziony zosta\u0142 z grobu \u015bw. Piotra oraz z miejsca pierwszego objawienia Matki Bo\u017cej w Fatimie. W fundamenty ko\u015bcio\u0142a wmurowane zosta\u0142o r\u00f3wnie\u017c zdj\u0119cie Jana Paw\u0142a II oraz papieski r\u00f3\u017caniec. Ko\u015bci\u00f3\u0142 zaprojektowa\u0142 in\u017c. arch. Stanis\u0142aw Tylka z Zakopanego, wn\u0119trze \u015bwi\u0105tyni ks. Miros\u0142aw Drozdek. Jan Pawe\u0142 II bardzo pragn\u0105\u0142 odwiedzi\u0107 sanktuarium. Pragnienie to zrealizowa\u0142 7 czerwca 1997 r. przy okazji uroczystej konsekracji ko\u015bcio\u0142a. Konferencja Episkopatu Polski podczas 378. zebrania plenarnego, kt\u00f3re odby\u0142o si\u0119 w Warszawie w dniach 13-14 marca 2018 r. ustanowi\u0142a na zakopia\u0144skich Krzept\u00f3wkach Sanktuarium Narodowe Matki Bo\u017cej Fatimskiej.<\/p>\n<p><em>Ul. Krzept\u00f3wki 14<\/em><\/p>\n<p><em>Wi\u0119cej informacji na<\/em>\u00a0<em><a href=\"http:\/\/www.smbf.pl\/\" target=\"_blank\" rel=\"noopener noreferrer\">www.smbf.pl<\/a><\/em><\/p>\n","protected":false},"featured_media":189,"template":"","acf":[],"_links":{"self":[{"href":"http:\/\/archiwum.festiwale.zakopane.pl\/festiwal-organowy\/wp-json\/wp\/v2\/miejsca\/188"}],"collection":[{"href":"http:\/\/archiwum.festiwale.zakopane.pl\/festiwal-organowy\/wp-json\/wp\/v2\/miejsca"}],"about":[{"href":"http:\/\/archiwum.festiwale.zakopane.pl\/festiwal-organowy\/wp-json\/wp\/v2\/types\/miejsca"}],"wp:featuredmedia":[{"embeddable":true,"href":"http:\/\/archiwum.festiwale.zakopane.pl\/festiwal-organowy\/wp-json\/wp\/v2\/media\/189"}],"wp:attachment":[{"href":"http:\/\/archiwum.festiwale.zakopane.pl\/festiwal-organowy\/wp-json\/wp\/v2\/media?parent=188"}],"curies":[{"name":"wp","href":"https:\/\/api.w.org\/{rel}","templated":true}]}}

Sanktuarium Matki Bożej Fatimskiej

<p>Sanktuarium na Krzeptówkach, oddalone około 4 km od centrum Zakopanego, powstało jako wotum dziękczynne za uratowanie życia Jana Pawła II po zamachu 13 maja 1981 r. Historia sanktuarium rozpoczęła się w 1951 r. kiedy to zbudowano kaplicę, w której odprawiano specjalne nabożeństwa na cześć Matki Bożej z Fatimy. Początkowo modlono się do obrazu przedstawiającego objawienie Matki Bożej trójce dzieci z Fatimy. W 1961 r. biskup Fatimy przekazał na ręce kardynała Stefana Wyszyńskiego figurę Matki Bożej Fatimskiej. 21 października 1987 r. Jan Paweł II dokonał w Rzymie koronacji figury, która ostatecznie stanęła w zakopiańskim sanktuarium.</p>
<p>Obecny kościół wybudowano w ciągu 5 lat. Pod koniec lipca 1987 r. poświęcono plac pod budowę. Dokładnie 9 lat po zamachu na Jana Pawła II (13 maja 1990) kardynał Franciszek Macharski wmurował kamień węgielny, który przywieziony został z grobu św. Piotra oraz z miejsca pierwszego objawienia Matki Bożej w Fatimie. W fundamenty kościoła wmurowane zostało również zdjęcie Jana Pawła II oraz papieski różaniec. Kościół zaprojektował inż. arch. Stanisław Tylka z Zakopanego, wnętrze świątyni ks. Mirosław Drozdek. Jan Paweł II bardzo pragnął odwiedzić sanktuarium. Pragnienie to zrealizował 7 czerwca 1997 r. przy okazji uroczystej konsekracji kościoła. Konferencja Episkopatu Polski podczas 378. zebrania plenarnego, które odbyło się w Warszawie w dniach 13-14 marca 2018 r. ustanowiła na zakopiańskich Krzeptówkach Sanktuarium Narodowe Matki Bożej Fatimskiej.</p>
<p><em>Ul. Krzeptówki 14</em></p>
<p><em>Więcej informacji na</em> <em><a href="http://www.smbf.pl/" target="_blank" rel="noopener noreferrer">www.smbf.pl</a></em></p>
