{"id":39,"date":"2019-12-10T23:20:44","date_gmt":"2019-12-10T22:20:44","guid":{"rendered":"https:\/\/festiwale.zakopane.pl\/festiwal-koled\/?post_type=artysci&#038;p=39"},"modified":"2021-07-08T10:37:58","modified_gmt":"2021-07-08T08:37:58","slug":"artysta-drugi","status":"publish","type":"artysci","link":"http:\/\/archiwum.festiwale.zakopane.pl\/festiwal-organowy\/artysci\/artysta-drugi\/","title":{"rendered":"Flores Rosarum"},"content":{"rendered":"<p><strong>Flores Rosarum (wokalny zesp\u00f3\u0142 \u017ce\u0144ski)<\/strong><\/p>\n<p>Zesp\u00f3\u0142 wokalny <strong>Flores Rosarum<\/strong> (p\u0142atki r\u00f3\u017c) za\u0142o\u017cy\u0142a w 2007 roku s. Susi Ferfoglia wraz z grup\u0105 \u015bpiewaczek zafascynowanych muzyk\u0105 \u015bw. Hildegardy z Bingen. To w\u0142a\u015bnie dzie\u0142a \u015bw. Hildegardy sta\u0142y si\u0119 od samego pocz\u0105tku jednym z uprzywilejowanych repertuar\u00f3w zespo\u0142u, co znalaz\u0142o sw\u00f3j wyraz tak\u017ce w jego nazwie, nawi\u0105zuj\u0105cej do jednego z jej responsori\u00f3w. Interpretacja i propagowanie muzyki tej niezwyk\u0142ej \u015awi\u0119tej z nad Renu sta\u0142a si\u0119 elementem charakterystycznym, dzi\u0119ki kt\u00f3remu zesp\u00f3\u0142 sta\u0142 si\u0119 rozpoznawalny w ca\u0142ej Polsce. Flores Rosarum wykona\u0142 scenicznie jedno z najciekawszych dzie\u0142 \u015bw. Hildegardy, moralitet &#8222;Ordo Virtutum&#8221;. Projekt ten zrealizowa\u0142 wraz z szwajcarskim zespo\u0142em Peregrina (kier. art. Agnieszka Budzi\u0144ska-Bennett); jego premiera nast\u0105pi\u0142a jesieni\u0105 2013 r. Z zespo\u0142em Peregrina mia\u0142 okazj\u0119 pracowa\u0107 i wyst\u0105pi\u0107 r\u00f3wnie\u017c z p\u00f3\u017aniejszym repertuarem wielog\u0142osowym z archiwum polskich ss. benedyktynek.<\/p>\n<p>Cz\u0142onkinie zespo\u0142u prowadz\u0105 o\u017cywion\u0105 dzia\u0142alno\u015b\u0107 artystyczn\u0105 oraz naukowo-badawcz\u0105, co pozwala ka\u017cdy projekt zacz\u0105\u0107 od zg\u0142\u0119biania r\u0119kopisu zawieraj\u0105cego wykonywane \u015bpiewy. Poznanie \u015bredniowiecznych notacji oraz rozumienie kontekst\u00f3w liturgicznych, historycznych oraz spo\u0142ecznych, w kt\u00f3rych powsta\u0142y dane \u015bpiewy, otwiera drog\u0119 interpretacji, kt\u00f3ra pragnie zosta\u0107 wierna temu, co si\u0119 znajduje w danym r\u0119kopisie. Flores Rosarum z ch\u0119ci\u0105 si\u0119ga r\u00f3wnie\u017c po repertuar znajduj\u0105cy si\u0119 w polskich r\u0119kopisach liturgiczno-muzycznych.<br \/>\nOd wielu lat zajmuje si\u0119 propagowaniem \u015bpiew\u00f3w zawartych w \u015bredniowiecznych r\u0119kopisach przechowanych<br \/>\nw Archiwum Krakowskiej Kapitu\u0142y Katedralnej, w archiwach ss. benedyktynek ze Stani\u0105tek i ss. klarysek<br \/>\nz Krakowa oraz Starego S\u0105cza. Owocem tych bada\u0144 jest m.in. projekt &#8222;\u017bywot \u015bw. Stanis\u0142awa wed\u0142ug Wincentego z Kielczy&#8221;, powstanie p\u0142yty ze \u015bpiewami stani\u0105teckimi (Venite, exultemus Domino. \u015apiewy Panien Benedytynek z Antyfonarza napisanego za prze\u0142o\u017ce\u0144stwa Ksieni Doroty Szreniawskiej \u2013 1536 r.), projekt &#8222;Summum bonum amplum donum&#8221; prezentuj\u0105cy wielkoczwartkowy obrz\u0119d umywania n\u00f3g w klasztorze<br \/>\nss. klarysek w Krakowie z franciszka\u0144skiego Gradua\u0142u 205.<\/p>\n<p>Opr\u00f3cz intensywnej dzia\u0142alno\u015bci koncertowej zesp\u00f3\u0142 anga\u017cuje si\u0119 w inicjatywy propaguj\u0105ce wykonawstwo \u015bpiewu gregoria\u0144skiego w optyce semiologicznej tak\u017ce w ramach liturgii.<\/p>\n<p>&nbsp;<\/p>\n","protected":false},"featured_media":231,"template":"","acf":[],"_links":{"self":[{"href":"http:\/\/archiwum.festiwale.zakopane.pl\/festiwal-organowy\/wp-json\/wp\/v2\/artysci\/39"}],"collection":[{"href":"http:\/\/archiwum.festiwale.zakopane.pl\/festiwal-organowy\/wp-json\/wp\/v2\/artysci"}],"about":[{"href":"http:\/\/archiwum.festiwale.zakopane.pl\/festiwal-organowy\/wp-json\/wp\/v2\/types\/artysci"}],"wp:featuredmedia":[{"embeddable":true,"href":"http:\/\/archiwum.festiwale.zakopane.pl\/festiwal-organowy\/wp-json\/wp\/v2\/media\/231"}],"wp:attachment":[{"href":"http:\/\/archiwum.festiwale.zakopane.pl\/festiwal-organowy\/wp-json\/wp\/v2\/media?parent=39"}],"curies":[{"name":"wp","href":"https:\/\/api.w.org\/{rel}","templated":true}]}}

<p><strong>Flores Rosarum (wokalny zespół żeński)</strong></p>
<p>Zespół wokalny <strong>Flores Rosarum</strong> (płatki róż) założyła w 2007 roku s. Susi Ferfoglia wraz z grupą śpiewaczek zafascynowanych muzyką św. Hildegardy z Bingen. To właśnie dzieła św. Hildegardy stały się od samego początku jednym z uprzywilejowanych repertuarów zespołu, co znalazło swój wyraz także w jego nazwie, nawiązującej do jednego z jej responsoriów. Interpretacja i propagowanie muzyki tej niezwykłej Świętej z nad Renu stała się elementem charakterystycznym, dzięki któremu zespół stał się rozpoznawalny w całej Polsce. Flores Rosarum wykonał scenicznie jedno z najciekawszych dzieł św. Hildegardy, moralitet &#8222;Ordo Virtutum&#8221;. Projekt ten zrealizował wraz z szwajcarskim zespołem Peregrina (kier. art. Agnieszka Budzińska-Bennett); jego premiera nastąpiła jesienią 2013 r. Z zespołem Peregrina miał okazję pracować i wystąpić również z późniejszym repertuarem wielogłosowym z archiwum polskich ss. benedyktynek.</p>
<p>Członkinie zespołu prowadzą ożywioną działalność artystyczną oraz naukowo-badawczą, co pozwala każdy projekt zacząć od zgłębiania rękopisu zawierającego wykonywane śpiewy. Poznanie średniowiecznych notacji oraz rozumienie kontekstów liturgicznych, historycznych oraz społecznych, w których powstały dane śpiewy, otwiera drogę interpretacji, która pragnie zostać wierna temu, co się znajduje w danym rękopisie. Flores Rosarum z chęcią sięga również po repertuar znajdujący się w polskich rękopisach liturgiczno-muzycznych.<br />
Od wielu lat zajmuje się propagowaniem śpiewów zawartych w średniowiecznych rękopisach przechowanych<br />
w Archiwum Krakowskiej Kapituły Katedralnej, w archiwach ss. benedyktynek ze Staniątek i ss. klarysek<br />
z Krakowa oraz Starego Sącza. Owocem tych badań jest m.in. projekt &#8222;Żywot św. Stanisława według Wincentego z Kielczy&#8221;, powstanie płyty ze śpiewami staniąteckimi (Venite, exultemus Domino. Śpiewy Panien Benedytynek z Antyfonarza napisanego za przełożeństwa Ksieni Doroty Szreniawskiej – 1536 r.), projekt &#8222;Summum bonum amplum donum&#8221; prezentujący wielkoczwartkowy obrzęd umywania nóg w klasztorze<br />
ss. klarysek w Krakowie z franciszkańskiego Graduału 205.</p>
<p>Oprócz intensywnej działalności koncertowej zespół angażuje się w inicjatywy propagujące wykonawstwo śpiewu gregoriańskiego w optyce semiologicznej także w ramach liturgii.</p>
<p>&nbsp;</p>
