{"id":1187,"date":"2021-12-22T09:01:59","date_gmt":"2021-12-22T08:01:59","guid":{"rendered":"https:\/\/festiwale.zakopane.pl\/festiwal-koled\/?post_type=artysci&#038;p=1187"},"modified":"2021-12-22T09:01:59","modified_gmt":"2021-12-22T08:01:59","slug":"turliki","status":"publish","type":"artysci","link":"http:\/\/archiwum.festiwale.zakopane.pl\/festiwal-koled\/artysci\/turliki\/","title":{"rendered":"Turliki"},"content":{"rendered":"<p>Podhala\u0144skie Stowarzyszenie \u015apiewacze \u201eTurliki\u201d<\/p>\n<p>Turliki to mo\u017cna powiedzie\u0107 ju\u017c \u015bwiatowej s\u0142awy ch\u00f3r g\u00f3ralski \u2013 dwukrotnie odwiedzi\u0142 Stany Zjednoczone i koncertowa\u0142 m.in. dla chicagowskiej, nowojorskiej i texa\u0144skiej Polonii. Powsta\u0142 w 1997 roku. Kolejne pokolenia Turlik\u00f3w stale\u00a0 wzbudzaj\u0105 zachwyt nie tylko zakopia\u0144skiej publiczno\u015bci. Zesp\u00f3\u0142 koncertowa\u0142 w Watykanie i w wielu innych krajach Europy i USA. W Polsce ch\u00f3r bra\u0142 udzia\u0142 w kongresie Polskiej Federacji PUERI CANTORES. Pierwszy wyst\u0119p 160 osobowego ch\u00f3ru pod dyrekcj\u0105 Ewy Sterczy\u0144skiej mia\u0142 miejsce 6 czerwca 1997 roku podczas mszy \u015bwi\u0119tej na stadionie pod Wielk\u0105 Krokwi\u0105 w Zakopanem z udzia\u0142em papie\u017ca Jana Paw\u0142a II. Za\u015bpiewa\u0142 w\u00f3wczas papie\u017cowi pie\u015b\u0144 \u201eSy\u0107ka Se Wom zycom\u201d.<\/p>\n<p>W 2006 i 2009 roku ch\u00f3r nagra\u0142 dwie p\u0142yty z g\u00f3ralskimi kol\u0119dami.<\/p>\n","protected":false},"featured_media":1188,"template":"","acf":[],"_links":{"self":[{"href":"http:\/\/archiwum.festiwale.zakopane.pl\/festiwal-koled\/wp-json\/wp\/v2\/artysci\/1187"}],"collection":[{"href":"http:\/\/archiwum.festiwale.zakopane.pl\/festiwal-koled\/wp-json\/wp\/v2\/artysci"}],"about":[{"href":"http:\/\/archiwum.festiwale.zakopane.pl\/festiwal-koled\/wp-json\/wp\/v2\/types\/artysci"}],"wp:featuredmedia":[{"embeddable":true,"href":"http:\/\/archiwum.festiwale.zakopane.pl\/festiwal-koled\/wp-json\/wp\/v2\/media\/1188"}],"wp:attachment":[{"href":"http:\/\/archiwum.festiwale.zakopane.pl\/festiwal-koled\/wp-json\/wp\/v2\/media?parent=1187"}],"curies":[{"name":"wp","href":"https:\/\/api.w.org\/{rel}","templated":true}]}}

<p>Podhalańskie Stowarzyszenie Śpiewacze „Turliki”</p>
<p>Turliki to można powiedzieć już światowej sławy chór góralski – dwukrotnie odwiedził Stany Zjednoczone i koncertował m.in. dla chicagowskiej, nowojorskiej i texańskiej Polonii. Powstał w 1997 roku. Kolejne pokolenia Turlików stale  wzbudzają zachwyt nie tylko zakopiańskiej publiczności. Zespół koncertował w Watykanie i w wielu innych krajach Europy i USA. W Polsce chór brał udział w kongresie Polskiej Federacji PUERI CANTORES. Pierwszy występ 160 osobowego chóru pod dyrekcją Ewy Sterczyńskiej miał miejsce 6 czerwca 1997 roku podczas mszy świętej na stadionie pod Wielką Krokwią w Zakopanem z udziałem papieża Jana Pawła II. Zaśpiewał wówczas papieżowi pieśń „Syćka Se Wom zycom”.</p>
<p>W 2006 i 2009 roku chór nagrał dwie płyty z góralskimi kolędami.</p>
