{"id":1183,"date":"2021-12-17T12:03:42","date_gmt":"2021-12-17T11:03:42","guid":{"rendered":"https:\/\/festiwale.zakopane.pl\/festiwal-koled\/?post_type=artysci&#038;p=1183"},"modified":"2021-12-17T13:45:31","modified_gmt":"2021-12-17T12:45:31","slug":"lukasz-zagrobelny","status":"publish","type":"artysci","link":"http:\/\/archiwum.festiwale.zakopane.pl\/festiwal-koled\/artysci\/lukasz-zagrobelny\/","title":{"rendered":"\u0141ukasz Zagrobelny"},"content":{"rendered":"<p><strong>\u0141ukasz Zagrobelny<\/strong> to jeden z najlepszych m\u0119skich g\u0142os\u00f3w w Polsce.<\/p>\n<p>Jest absolwentem Szk\u00f3\u0142 Muzycznych 1. i 2.stopnia,\u00a0 oraz <strong>Akademii Muzycznej<\/strong> we Wroc\u0142awiu na kierunku Dyrygentura Ch\u00f3ralna. Artysta wy\u015bpiewa\u0142 hity takie jak: <strong>\u201eNieprawda\u201d, \u201e\u017bycie na czekanie\u201d<\/strong>, <strong>\u201eNie k\u0142am, \u017ce kochasz mnie\u201d, \u201eJa tu zostaj\u0119\u201d, \u201eU mnie maj\u201d, \u201eTylko z Tob\u0105 chc\u0119 by\u0107 sob\u0105\u201d, <\/strong>czy <strong>\u201eGdy jeste\u015b tu\u201d.<\/strong><\/p>\n<p>W 2007 roku wyda\u0142 debiutanck\u0105 p\u0142yt\u0119 <strong>\u201eMy\u015bli warte s\u0142\u00f3w\u201d<\/strong>, za kt\u00f3r\u0105 przyznano mu wiele nagr\u00f3d, jak np. <strong>Superjedynka, ESKA Music Awards<\/strong>, czy nominacja do <strong>Fryderyka<\/strong>. W 2009 roku pojawi\u0142 si\u0119 drugi album \u0141ukasza <strong>\u201eMi\u0119dzy d\u017awi\u0119kami\u201d<\/strong>, \u0141ukasz wyst\u0105pi\u0142 tak\u017ce w programie <strong>\u201eTaniec z gwiazdami\u201d<\/strong> a przede wszystkim zagra\u0142 kilkaset koncert\u00f3w i zdoby\u0142 ogromn\u0105 rzesz\u0119 fan\u00f3w w ca\u0142ej Polsce. \u00a0Wydana w 2012 roku p\u0142yta <strong>\u201eJa tu zostaj\u0119\u201d<\/strong> ju\u017c po miesi\u0105cu od premiery sta\u0142a si\u0119 <strong>Z\u0142ot\u0105 P\u0142yt\u0105<\/strong>. W 2012 r. tytu\u0142owa piosenka zosta\u0142a wyr\u00f3\u017cniona podczas Festiwalu Opolskiego <strong>Super Nagrod\u0105 Programu 1 Polskiego Radia<\/strong>.<\/p>\n<p>W 2013 r. ukaza\u0142 si\u0119 czwarty juz album \u0141ukasza <strong>\u201e\u0141ukasz Zagrobelny Symfonicznie\u201d<\/strong> b\u0119d\u0105cy zapisem koncertu z Polsk\u0105 Orkiestr\u0105 Radiow\u0105, kt\u00f3ry mia\u0142 miejsce w studiu koncertowym Polskiego Radia im. W. Lutos\u0142awskiego.<\/p>\n<p>W 2019 wokalista by\u0142 uczestnikiem XII edycji programu <strong>Twoja Twarz Brzmi Znajomo, <\/strong>w kt\u00f3rym dotar\u0142 do \u015bcis\u0142ego fina\u0142u i ostatecznie zaj\u0105\u0142 4.miejsce. Jego najnowszy singiel <strong>\u201eJeszcze nie raz\u201d<\/strong> mia\u0142 premier\u0119 24 lipca 2020.<\/p>\n<p>W 2021 \u0141ukasz zosta\u0142 zaproszony do udzia\u0142u w niezwyk\u0142ym albumie muzycznym <strong>Chopin University Big Band <\/strong>pt. \u201e<strong>Cinema Boogie\u201d,<\/strong> gdzie za\u015bpiewa\u0142 s\u0142ynny utw\u00f3r z serialu \u201e07 zg\u0142o\u015b si\u0119\u201d \u2013 \u201ePrzed noc\u0105<br \/>\ni mg\u0142\u0105\u201d. Piosenka ta zosta\u0142a wybrana pierwszym singlem promuj\u0105cym wydawnictwo.<\/p>\n<p>Obecnie \u0141ukasz pracuje nad kolejnym solowym albumem.<\/p>\n<p>\u0141ukasz Zagrobelny przez wiele lat zwi\u0105zany by\u0142 Teatrem Muzycznym Roma, gdzie wyst\u0105pi\u0142 w musicalach <strong>\u201eMiss Saigon\u201d, \u201eGrease\u201d, \u201eKoty\u201d, \u201eTaniec Wampir\u00f3w\u201d, \u201eAkademia Pana Kleksa\u201d, \u201eLes Miserables\u201d, \u201eDeszczowa Piosenka\u201d, <\/strong>czy<strong> \u201ePi\u0119\u0107 Ostatnich Lat\u201d, <\/strong>w kt\u00f3rym zagra\u0142 g\u0142\u00f3wn\u0105 rol\u0119 Jamiego. W Teatrze Muzycznym w Gdyni kreowa\u0142 rol\u0119 Clopin w s\u0142ynnym <strong>\u201eNotre Dame de Paris\u201d. <\/strong>Serca publiczno\u015bci OiFP podbi\u0142 rol\u0105 Jurija \u017bywago w musicalu <strong>\u201eDoktor \u017bywago\u201d<\/strong>, oraz Judasza w <strong>\u201eJesus Christ Superstar\u201d.<\/strong><\/p>\n","protected":false},"featured_media":1184,"template":"","acf":[],"_links":{"self":[{"href":"http:\/\/archiwum.festiwale.zakopane.pl\/festiwal-koled\/wp-json\/wp\/v2\/artysci\/1183"}],"collection":[{"href":"http:\/\/archiwum.festiwale.zakopane.pl\/festiwal-koled\/wp-json\/wp\/v2\/artysci"}],"about":[{"href":"http:\/\/archiwum.festiwale.zakopane.pl\/festiwal-koled\/wp-json\/wp\/v2\/types\/artysci"}],"wp:featuredmedia":[{"embeddable":true,"href":"http:\/\/archiwum.festiwale.zakopane.pl\/festiwal-koled\/wp-json\/wp\/v2\/media\/1184"}],"wp:attachment":[{"href":"http:\/\/archiwum.festiwale.zakopane.pl\/festiwal-koled\/wp-json\/wp\/v2\/media?parent=1183"}],"curies":[{"name":"wp","href":"https:\/\/api.w.org\/{rel}","templated":true}]}}

Łukasz Zagrobelny

<p><strong>Łukasz Zagrobelny</strong> to jeden z najlepszych męskich głosów w Polsce.</p>
<p>Jest absolwentem Szkół Muzycznych 1. i 2.stopnia,  oraz <strong>Akademii Muzycznej</strong> we Wrocławiu na kierunku Dyrygentura Chóralna. Artysta wyśpiewał hity takie jak: <strong>„Nieprawda”, „Życie na czekanie”</strong>, <strong>„Nie kłam, że kochasz mnie”, „Ja tu zostaję”, „U mnie maj”, „Tylko z Tobą chcę być sobą”, </strong>czy <strong>„Gdy jesteś tu”.</strong></p>
<p>W 2007 roku wydał debiutancką płytę <strong>„Myśli warte słów”</strong>, za którą przyznano mu wiele nagród, jak np. <strong>Superjedynka, ESKA Music Awards</strong>, czy nominacja do <strong>Fryderyka</strong>. W 2009 roku pojawił się drugi album Łukasza <strong>„Między dźwiękami”</strong>, Łukasz wystąpił także w programie <strong>„Taniec z gwiazdami”</strong> a przede wszystkim zagrał kilkaset koncertów i zdobył ogromną rzeszę fanów w całej Polsce.  Wydana w 2012 roku płyta <strong>„Ja tu zostaję”</strong> już po miesiącu od premiery stała się <strong>Złotą Płytą</strong>. W 2012 r. tytułowa piosenka została wyróżniona podczas Festiwalu Opolskiego <strong>Super Nagrodą Programu 1 Polskiego Radia</strong>.</p>
<p>W 2013 r. ukazał się czwarty juz album Łukasza <strong>„Łukasz Zagrobelny Symfonicznie”</strong> będący zapisem koncertu z Polską Orkiestrą Radiową, który miał miejsce w studiu koncertowym Polskiego Radia im. W. Lutosławskiego.</p>
<p>W 2019 wokalista był uczestnikiem XII edycji programu <strong>Twoja Twarz Brzmi Znajomo, </strong>w którym dotarł do ścisłego finału i ostatecznie zajął 4.miejsce. Jego najnowszy singiel <strong>„Jeszcze nie raz”</strong> miał premierę 24 lipca 2020.</p>
<p>W 2021 Łukasz został zaproszony do udziału w niezwykłym albumie muzycznym <strong>Chopin University Big Band </strong>pt. „<strong>Cinema Boogie”,</strong> gdzie zaśpiewał słynny utwór z serialu „07 zgłoś się” – „Przed nocą<br />
i mgłą”. Piosenka ta została wybrana pierwszym singlem promującym wydawnictwo.</p>
<p>Obecnie Łukasz pracuje nad kolejnym solowym albumem.</p>
<p>Łukasz Zagrobelny przez wiele lat związany był Teatrem Muzycznym Roma, gdzie wystąpił w musicalach <strong>„Miss Saigon”, „Grease”, „Koty”, „Taniec Wampirów”, „Akademia Pana Kleksa”, „Les Miserables”, „Deszczowa Piosenka”, </strong>czy<strong> „Pięć Ostatnich Lat”, </strong>w którym zagrał główną rolę Jamiego. W Teatrze Muzycznym w Gdyni kreował rolę Clopin w słynnym <strong>„Notre Dame de Paris”. </strong>Serca publiczności OiFP podbił rolą Jurija Żywago w musicalu <strong>„Doktor Żywago”</strong>, oraz Judasza w <strong>„Jesus Christ Superstar”.</strong></p>
