{"id":1181,"date":"2021-12-17T12:02:23","date_gmt":"2021-12-17T11:02:23","guid":{"rendered":"https:\/\/festiwale.zakopane.pl\/festiwal-koled\/?post_type=artysci&#038;p=1181"},"modified":"2021-12-17T12:02:23","modified_gmt":"2021-12-17T11:02:23","slug":"natalia-kukulska","status":"publish","type":"artysci","link":"http:\/\/archiwum.festiwale.zakopane.pl\/festiwal-koled\/artysci\/natalia-kukulska\/","title":{"rendered":"Natalia Kukulska"},"content":{"rendered":"<p>NATALIA KUKULSKA &#8211; jedna z najbardziej znanych i cenionych polskich wokalistek.<\/p>\n<p>W swojej \u201edoros\u0142ej\u201d karierze nagra\u0142a jedena\u015bcie solowych album\u00f3w, z kt\u00f3rych wi\u0119kszo\u015b\u0107 osi\u0105gn\u0119\u0142a status z\u0142otej, platynowej lub multiplatynowej p\u0142yty. Na koncie ma wiele nagr\u00f3d i a\u017c 13 nominacji do nagrody Fryderyk, kt\u00f3r\u0105 nagrodzony zosta\u0142 akustyczny album \u201eSzukaj w snach\u201d, nagrany z jazzowym gitarzyst\u0105 Markiem Napi\u00f3rkowskim. Ostatni album Artystki \u2013 \u201eCzu\u0142e struny\u201d zawiera wybrane dzie\u0142a Fryderyka Chopina po raz pierwszy opracowane w formie utwor\u00f3w symfonicznych, do kt\u00f3rych powsta\u0142y teksty. Wydawnictwo spotka\u0142o si\u0119 z niezwykle ciep\u0142ym przyj\u0119ciem bran\u017cy muzycznej oraz publiczno\u015bci, b\u0142yskawicznie osi\u0105gaj\u0105c status Platynowej P\u0142yty, i doczeka\u0142o si\u0119 w\u0142a\u015bnie edycji specjalnej wzbogaconej o niespodziewane duety, a tak\u017ce angloj\u0119zyczne wersje utwor\u00f3w.<\/p>\n<p>W tym roku wokalistka obchodzi 25-lecie pracy artystycznej, a dla Pa\u0144stwa wyst\u0105pi w wyj\u0105tkowym repertuarze \u015bwi\u0105tecznym.<\/p>\n<p>&nbsp;<\/p>\n","protected":false},"featured_media":1182,"template":"","acf":[],"_links":{"self":[{"href":"http:\/\/archiwum.festiwale.zakopane.pl\/festiwal-koled\/wp-json\/wp\/v2\/artysci\/1181"}],"collection":[{"href":"http:\/\/archiwum.festiwale.zakopane.pl\/festiwal-koled\/wp-json\/wp\/v2\/artysci"}],"about":[{"href":"http:\/\/archiwum.festiwale.zakopane.pl\/festiwal-koled\/wp-json\/wp\/v2\/types\/artysci"}],"wp:featuredmedia":[{"embeddable":true,"href":"http:\/\/archiwum.festiwale.zakopane.pl\/festiwal-koled\/wp-json\/wp\/v2\/media\/1182"}],"wp:attachment":[{"href":"http:\/\/archiwum.festiwale.zakopane.pl\/festiwal-koled\/wp-json\/wp\/v2\/media?parent=1181"}],"curies":[{"name":"wp","href":"https:\/\/api.w.org\/{rel}","templated":true}]}}

<p>NATALIA KUKULSKA &#8211; jedna z najbardziej znanych i cenionych polskich wokalistek.</p>
<p>W swojej „dorosłej” karierze nagrała jedenaście solowych albumów, z których większość osiągnęła status złotej, platynowej lub multiplatynowej płyty. Na koncie ma wiele nagród i aż 13 nominacji do nagrody Fryderyk, którą nagrodzony został akustyczny album „Szukaj w snach”, nagrany z jazzowym gitarzystą Markiem Napiórkowskim. Ostatni album Artystki – „Czułe struny” zawiera wybrane dzieła Fryderyka Chopina po raz pierwszy opracowane w formie utworów symfonicznych, do których powstały teksty. Wydawnictwo spotkało się z niezwykle ciepłym przyjęciem branży muzycznej oraz publiczności, błyskawicznie osiągając status Platynowej Płyty, i doczekało się właśnie edycji specjalnej wzbogaconej o niespodziewane duety, a także anglojęzyczne wersje utworów.</p>
<p>W tym roku wokalistka obchodzi 25-lecie pracy artystycznej, a dla Państwa wystąpi w wyjątkowym repertuarze świątecznym.</p>
<p>&nbsp;</p>
