{"id":1171,"date":"2021-12-08T11:23:04","date_gmt":"2021-12-08T10:23:04","guid":{"rendered":"https:\/\/festiwale.zakopane.pl\/festiwal-koled\/?post_type=artysci&#038;p=1171"},"modified":"2021-12-08T11:23:04","modified_gmt":"2021-12-08T10:23:04","slug":"zespol-harni","status":"publish","type":"artysci","link":"http:\/\/archiwum.festiwale.zakopane.pl\/festiwal-koled\/artysci\/zespol-harni\/","title":{"rendered":"Zesp\u00f3\u0142 &#8222;Harni&#8221;"},"content":{"rendered":"<p>Zesp\u00f3\u0142 Harni to grupa przyjaci\u00f3\u0142, kt\u00f3rzy w 2005 roku rozpocz\u0119li swoj\u0105 muzyczn\u0105 przygod\u0119 od pracy nad opraw\u0105 Triduum Paschalnego podczas \u015awi\u0105t Wielkiej Nocy. Pocz\u0105tkowo zesp\u00f3\u0142 liczy\u0142 kilka os\u00f3b, ale z czasem do grupy do\u0142\u0105cza\u0142y nowe \u015bpiewaczki i nowi muzycy. Ka\u017cdy z nich wnosi\u0142 do zespo\u0142u swoje pomys\u0142y i nowe inspiracje, wiec dotychczasowy repertuar, sk\u0142adaj\u0105cy si\u0119 g\u0142\u00f3wnie z pie\u015bni ch\u00f3ralnych i nut g\u00f3ralskich, ubogacony zosta\u0142 melodiami ludowymi z r\u00f3\u017cnych stron Karpat. Obecnie z zespo\u0142em\u00a0 wsp\u00f3\u0142pracuje uzdolniony skrzypek ze S\u0142owacji \u2013 Marek Kon\u010dek, kt\u00f3ry zajmuje si\u0119 r\u00f3wnie\u017c profesjonalnym aran\u017cowaniem utwor\u00f3w wykonywanych przez zesp\u00f3\u0142.<\/p>\n<p>Latem 2016 roku Harni wzi\u0119li udzia\u0142 w Polsko- S\u0142owackim projekcie, nagrali karpack\u0105 wersj\u0119 Hymnu z okazji \u015awiatowych Dni M\u0142odzie\u017cy,\u00a0 a zim\u0105 2016 roku,<br \/>\nw efekcie wsp\u00f3\u0142pracy z Urz\u0119dem Miasta Zakopane i przy finansowym wsparciu Burmistrza Miasta Zakopane, Harni nagrali muzyk\u0119 i teledysk do \u201eKolyndy Juhaskiej\u201d.<\/p>\n<p>Sk\u0142ad instrumentalny zespo\u0142u to: skrzypce, alt\u00f3wka, akordeon, cymba\u0142y w\u0119gierskie i kontrabas, ale podczas koncert\u00f3w Harni si\u0119gaj\u0105 tak\u017ce po oryginalne instrumenty g\u00f3ralskie, takie jak: r\u00f3\u017cnego rodzaju pasterskie piszcza\u0142ki, basy podhala\u0144skie.<\/p>\n<p>Harnych mo\u017cna zobaczy\u0107 i pos\u0142ucha\u0107 podczas r\u00f3\u017cnych imprez kulturalnych na terenie Podhala. Zesp\u00f3\u0142 swoj\u0105 muzyk\u0105 stara si\u0119 piel\u0119gnowa\u0107 rodzim\u0105 tradycj\u0119, czerpi\u0105c inspiracje z muzyki ca\u0142ego \u0141uku Karpat.<\/p>\n","protected":false},"featured_media":1172,"template":"","acf":[],"_links":{"self":[{"href":"http:\/\/archiwum.festiwale.zakopane.pl\/festiwal-koled\/wp-json\/wp\/v2\/artysci\/1171"}],"collection":[{"href":"http:\/\/archiwum.festiwale.zakopane.pl\/festiwal-koled\/wp-json\/wp\/v2\/artysci"}],"about":[{"href":"http:\/\/archiwum.festiwale.zakopane.pl\/festiwal-koled\/wp-json\/wp\/v2\/types\/artysci"}],"wp:featuredmedia":[{"embeddable":true,"href":"http:\/\/archiwum.festiwale.zakopane.pl\/festiwal-koled\/wp-json\/wp\/v2\/media\/1172"}],"wp:attachment":[{"href":"http:\/\/archiwum.festiwale.zakopane.pl\/festiwal-koled\/wp-json\/wp\/v2\/media?parent=1171"}],"curies":[{"name":"wp","href":"https:\/\/api.w.org\/{rel}","templated":true}]}}

Zespół &#8222;Harni&#8221;

<p>Zespół Harni to grupa przyjaciół, którzy w 2005 roku rozpoczęli swoją muzyczną przygodę od pracy nad oprawą Triduum Paschalnego podczas Świąt Wielkiej Nocy. Początkowo zespół liczył kilka osób, ale z czasem do grupy dołączały nowe śpiewaczki i nowi muzycy. Każdy z nich wnosił do zespołu swoje pomysły i nowe inspiracje, wiec dotychczasowy repertuar, składający się głównie z pieśni chóralnych i nut góralskich, ubogacony został melodiami ludowymi z różnych stron Karpat. Obecnie z zespołem  współpracuje uzdolniony skrzypek ze Słowacji – Marek Konček, który zajmuje się również profesjonalnym aranżowaniem utworów wykonywanych przez zespół.</p>
<p>Latem 2016 roku Harni wzięli udział w Polsko- Słowackim projekcie, nagrali karpacką wersję Hymnu z okazji Światowych Dni Młodzieży,  a zimą 2016 roku,<br />
w efekcie współpracy z Urzędem Miasta Zakopane i przy finansowym wsparciu Burmistrza Miasta Zakopane, Harni nagrali muzykę i teledysk do „Kolyndy Juhaskiej”.</p>
<p>Skład instrumentalny zespołu to: skrzypce, altówka, akordeon, cymbały węgierskie i kontrabas, ale podczas koncertów Harni sięgają także po oryginalne instrumenty góralskie, takie jak: różnego rodzaju pasterskie piszczałki, basy podhalańskie.</p>
<p>Harnych można zobaczyć i posłuchać podczas różnych imprez kulturalnych na terenie Podhala. Zespół swoją muzyką stara się pielęgnować rodzimą tradycję, czerpiąc inspiracje z muzyki całego Łuku Karpat.</p>
