{"id":1168,"date":"2021-12-08T11:20:11","date_gmt":"2021-12-08T10:20:11","guid":{"rendered":"https:\/\/festiwale.zakopane.pl\/festiwal-koled\/?post_type=artysci&#038;p=1168"},"modified":"2021-12-08T11:20:11","modified_gmt":"2021-12-08T10:20:11","slug":"chor-canticum-lubilaeum-z-limanowej","status":"publish","type":"artysci","link":"http:\/\/archiwum.festiwale.zakopane.pl\/festiwal-koled\/artysci\/chor-canticum-lubilaeum-z-limanowej\/","title":{"rendered":"Ch\u00f3r Canticum lubilaeum z Limanowej"},"content":{"rendered":"<p>Canticum Iubilaeum &#8211; Ch\u00f3r powsta\u0142 23 lata temu i liczy 40 cz\u0142onk\u00f3w. Repertuar ch\u00f3ru stanowi ponad 250 utwor\u00f3w, pocz\u0105wszy od kompozycji Wac\u0142awa z Szamotu\u0142 poprzez Bacha, Mozarta Szuberta, Nowowiejskiego, G\u00f3reckiego,\u015awidra na Botorze ko\u0144cz\u0105c. W 2000r. Ch\u00f3r przyj\u0105\u0142\u00a0 nazw\u0119&#8221; Canticum Iubilaeum &#8222;co znaczy rado\u015b\u0107 \u015bpiewania.\u00a0 W ci\u0105gu roku ch\u00f3r wielokrotnie wyst\u0119puje\u00a0 i daje liczne koncerty. U\u015bwietnia wielobarwnym \u015bpiewem liczne uroczysto\u015bci w Bazylice Matki Boskiej Bolesnej w Limanowej, w okolicznych miejscowo\u015bciach oraz w ca\u0142ym kraju. Ch\u00f3r koncertowa\u0142 w Warszawie, Krakowie, Tarnowie, Rybniku, Niepokalanowie, Toruniu, Gda\u0144sku i w wielu innych miastach. Wystepowa\u0142 r\u00f3wnie\u017c na S\u0142owacji, we W\u0142oszech,\u00a0 w Niemczech, Chorwacji, Bo\u015bni i Hercegowinie i na W\u0119grzech. Na swoim koncie ma spore osi\u0105gni\u0119cia. Na konkursach w kraju zosta\u0142\u00a0 nagrodzony 31 razy. Ma w swoim dorobku 4 p\u0142yty CD. Posiada r\u00f3wnie\u017c nagrod\u0119 Ministra Kultury i Dziedzictwa Narodowego oraz 3 medale za swoje zas\u0142ugi\u00a0 w dziedzinie kultury.<\/p>\n<p>&nbsp;<\/p>\n","protected":false},"featured_media":1169,"template":"","acf":[],"_links":{"self":[{"href":"http:\/\/archiwum.festiwale.zakopane.pl\/festiwal-koled\/wp-json\/wp\/v2\/artysci\/1168"}],"collection":[{"href":"http:\/\/archiwum.festiwale.zakopane.pl\/festiwal-koled\/wp-json\/wp\/v2\/artysci"}],"about":[{"href":"http:\/\/archiwum.festiwale.zakopane.pl\/festiwal-koled\/wp-json\/wp\/v2\/types\/artysci"}],"wp:featuredmedia":[{"embeddable":true,"href":"http:\/\/archiwum.festiwale.zakopane.pl\/festiwal-koled\/wp-json\/wp\/v2\/media\/1169"}],"wp:attachment":[{"href":"http:\/\/archiwum.festiwale.zakopane.pl\/festiwal-koled\/wp-json\/wp\/v2\/media?parent=1168"}],"curies":[{"name":"wp","href":"https:\/\/api.w.org\/{rel}","templated":true}]}}

Chór Canticum lubilaeum z Limanowej

<p>Canticum Iubilaeum &#8211; Chór powstał 23 lata temu i liczy 40 członków. Repertuar chóru stanowi ponad 250 utworów, począwszy od kompozycji Wacława z Szamotuł poprzez Bacha, Mozarta Szuberta, Nowowiejskiego, Góreckiego,Świdra na Botorze kończąc. W 2000r. Chór przyjął  nazwę&#8221; Canticum Iubilaeum &#8222;co znaczy radość śpiewania.  W ciągu roku chór wielokrotnie występuje  i daje liczne koncerty. Uświetnia wielobarwnym śpiewem liczne uroczystości w Bazylice Matki Boskiej Bolesnej w Limanowej, w okolicznych miejscowościach oraz w całym kraju. Chór koncertował w Warszawie, Krakowie, Tarnowie, Rybniku, Niepokalanowie, Toruniu, Gdańsku i w wielu innych miastach. Wystepował również na Słowacji, we Włoszech,  w Niemczech, Chorwacji, Bośni i Hercegowinie i na Węgrzech. Na swoim koncie ma spore osiągnięcia. Na konkursach w kraju został  nagrodzony 31 razy. Ma w swoim dorobku 4 płyty CD. Posiada również nagrodę Ministra Kultury i Dziedzictwa Narodowego oraz 3 medale za swoje zasługi  w dziedzinie kultury.</p>
<p>&nbsp;</p>
