{"id":1165,"date":"2021-12-08T11:18:27","date_gmt":"2021-12-08T10:18:27","guid":{"rendered":"https:\/\/festiwale.zakopane.pl\/festiwal-koled\/?post_type=artysci&#038;p=1165"},"modified":"2021-12-08T11:18:27","modified_gmt":"2021-12-08T10:18:27","slug":"uczniowie-zespolu-panstwowych-szkol-artystycznych-z-zakopanego","status":"publish","type":"artysci","link":"http:\/\/archiwum.festiwale.zakopane.pl\/festiwal-koled\/artysci\/uczniowie-zespolu-panstwowych-szkol-artystycznych-z-zakopanego\/","title":{"rendered":"Uczniowie Zespo\u0142u Pa\u0144stwowych Szk\u00f3\u0142 Artystycznych z Zakopanego"},"content":{"rendered":"<p>Zesp\u00f3\u0142 Pa\u0144stwowych Szk\u00f3\u0142 Artystycznych w Zakopanem tworz\u0105 wsp\u00f3lnie dwie szko\u0142y. Pa\u0144stwowa Szko\u0142a Muzyczna I stopnia im. Mieczys\u0142awa Kar\u0142owicza z fili\u0105 w Poroninie, obchodz\u0105ca aktualnie Jubileusz 75-lecia swego istnienia, oraz Pa\u0144stwowa Og\u00f3lnokszta\u0142c\u0105ca Szko\u0142a Artystyczna, kt\u00f3ra w 2022 roku b\u0119dzie obchodzi\u0107 30-lecie swojego za\u0142o\u017cenia.<br \/>\nG\u0142\u00f3wnym kierunkiem dzia\u0142alno\u015bci szko\u0142y muzycznej jest nauczanie gry na instrumentach, kszta\u0142cenie z zakresu teorii muzyki oraz profesjonalne przygotowanie uczni\u00f3w do dalszej edukacji muzycznej na poziomie szko\u0142y II stopnia.<br \/>\nSzko\u0142a artystyczna jest szko\u0142\u0105 8-letni\u0105, realizuj\u0105c\u0105 program w zakresie szko\u0142y podstawowej, program szko\u0142y muzycznej oraz dodatkowe przedmioty takie jak: plastyka z wiedz\u0105 o sztuce, literatura, dziennikarstwo, taniec, teatr, filmoznawstwo, wiedza o regionie.<br \/>\nObydwie szko\u0142y uko\u0144czy\u0142o oko\u0142o p\u00f3\u0142tora tysi\u0105ca absolwent\u00f3w, wielu z nich zdecydowa\u0142o si\u0119 na studia w kierunku artystycznym, prowadz\u0105c dzia\u0142alno\u015b\u0107 artystyczn\u0105, a tak\u017ce odgrywaj\u0105c istotna rol\u0119 w kultywowaniu i rozwoju regionalnej kultury Podhala. Inni powr\u00f3cili do Zakopanego i \u00a0prowadz\u0105 dzia\u0142alno\u015b\u0107 pedagogiczn\u0105, tak\u017ce kszta\u0142c\u0105c przysz\u0142e pokolenia muzyk\u00f3w.<br \/>\nOrganem prowadz\u0105cym Zesp\u00f3\u0142 Pa\u0144stwowych Szk\u00f3\u0142 Artystycznych w Zakopanem jest Minister Kultury i Dziedzictwa Narodowego.<br \/>\nSzko\u0142a na sta\u0142e wpisa\u0142a si\u0119 w \u017cycie kulturalne miasta poprzez liczne koncerty w wykonaniu uczni\u00f3w, a tak\u017ce nauczycieli. Szczeg\u00f3ln\u0105 rol\u0119 w jej dzia\u0142alno\u015bci odgrywaj\u0105 zespo\u0142y wokalne oraz instrumentalne.<br \/>\nTradycyjnie w okresie \u015awiat Bo\u017cego Narodzenia, zespo\u0142y muzyczne uczni\u00f3w obu szk\u00f3\u0142 wyst\u0119puj\u0105 z programem Kol\u0119d i Pastora\u0142ek. W \u015awi\u0105tecznym Koncercie 15 stycznia 2022 r.\u00a0 wyst\u0105pi\u0105 zespo\u0142y prowadzone przez nauczycieli naszej szko\u0142y: pani\u0105 Katarzyn\u0119 Cukier, pani\u0105 Mari\u0119 Czubernat-Gr\u00f3dek, pani\u0105 Miros\u0142aw\u0119 Lubowicz, pana Krzysztofa Leksyckiego oraz pana Stanis\u0142awa Lubowicza.<br \/>\nW programie koncertu znajd\u0105 si\u0119 kol\u0119dy, a tak\u017ce staropolskie i g\u00f3ralskie pastora\u0142ki.<\/p>\n","protected":false},"featured_media":1166,"template":"","acf":[],"_links":{"self":[{"href":"http:\/\/archiwum.festiwale.zakopane.pl\/festiwal-koled\/wp-json\/wp\/v2\/artysci\/1165"}],"collection":[{"href":"http:\/\/archiwum.festiwale.zakopane.pl\/festiwal-koled\/wp-json\/wp\/v2\/artysci"}],"about":[{"href":"http:\/\/archiwum.festiwale.zakopane.pl\/festiwal-koled\/wp-json\/wp\/v2\/types\/artysci"}],"wp:featuredmedia":[{"embeddable":true,"href":"http:\/\/archiwum.festiwale.zakopane.pl\/festiwal-koled\/wp-json\/wp\/v2\/media\/1166"}],"wp:attachment":[{"href":"http:\/\/archiwum.festiwale.zakopane.pl\/festiwal-koled\/wp-json\/wp\/v2\/media?parent=1165"}],"curies":[{"name":"wp","href":"https:\/\/api.w.org\/{rel}","templated":true}]}}

Uczniowie Zespołu Państwowych Szkół Artystycznych z Zakopanego

<p>Zespół Państwowych Szkół Artystycznych w Zakopanem tworzą wspólnie dwie szkoły. Państwowa Szkoła Muzyczna I stopnia im. Mieczysława Karłowicza z filią w Poroninie, obchodząca aktualnie Jubileusz 75-lecia swego istnienia, oraz Państwowa Ogólnokształcąca Szkoła Artystyczna, która w 2022 roku będzie obchodzić 30-lecie swojego założenia.<br />
Głównym kierunkiem działalności szkoły muzycznej jest nauczanie gry na instrumentach, kształcenie z zakresu teorii muzyki oraz profesjonalne przygotowanie uczniów do dalszej edukacji muzycznej na poziomie szkoły II stopnia.<br />
Szkoła artystyczna jest szkołą 8-letnią, realizującą program w zakresie szkoły podstawowej, program szkoły muzycznej oraz dodatkowe przedmioty takie jak: plastyka z wiedzą o sztuce, literatura, dziennikarstwo, taniec, teatr, filmoznawstwo, wiedza o regionie.<br />
Obydwie szkoły ukończyło około półtora tysiąca absolwentów, wielu z nich zdecydowało się na studia w kierunku artystycznym, prowadząc działalność artystyczną, a także odgrywając istotna rolę w kultywowaniu i rozwoju regionalnej kultury Podhala. Inni powrócili do Zakopanego i  prowadzą działalność pedagogiczną, także kształcąc przyszłe pokolenia muzyków.<br />
Organem prowadzącym Zespół Państwowych Szkół Artystycznych w Zakopanem jest Minister Kultury i Dziedzictwa Narodowego.<br />
Szkoła na stałe wpisała się w życie kulturalne miasta poprzez liczne koncerty w wykonaniu uczniów, a także nauczycieli. Szczególną rolę w jej działalności odgrywają zespoły wokalne oraz instrumentalne.<br />
Tradycyjnie w okresie Świat Bożego Narodzenia, zespoły muzyczne uczniów obu szkół występują z programem Kolęd i Pastorałek. W Świątecznym Koncercie 15 stycznia 2022 r.  wystąpią zespoły prowadzone przez nauczycieli naszej szkoły: panią Katarzynę Cukier, panią Marię Czubernat-Gródek, panią Mirosławę Lubowicz, pana Krzysztofa Leksyckiego oraz pana Stanisława Lubowicza.<br />
W programie koncertu znajdą się kolędy, a także staropolskie i góralskie pastorałki.</p>
