{"id":1162,"date":"2021-12-08T11:15:19","date_gmt":"2021-12-08T10:15:19","guid":{"rendered":"https:\/\/festiwale.zakopane.pl\/festiwal-koled\/?post_type=artysci&#038;p=1162"},"modified":"2021-12-08T11:15:19","modified_gmt":"2021-12-08T10:15:19","slug":"panstwowy-zespol-ludowy-piesni-i-tanca-mazowsze-im-t-sygietynskiego","status":"publish","type":"artysci","link":"http:\/\/archiwum.festiwale.zakopane.pl\/festiwal-koled\/artysci\/panstwowy-zespol-ludowy-piesni-i-tanca-mazowsze-im-t-sygietynskiego\/","title":{"rendered":"Pa\u0144stwowy Zesp\u00f3\u0142 Ludowy Pie\u015bni i Ta\u0144ca &#8222;Mazowsze&#8221; im. T. Sygiety\u0144skiego"},"content":{"rendered":"<p>Pa\u0144stwowy Zesp\u00f3\u0142 Ludowy Pie\u015bni i Ta\u0144ca \u201eMazowsze\u201d powsta\u0142 w 1948 roku. Jego za\u0142o\u017cycielem by\u0142 Tadeusz Sygiety\u0144ski, polski kompozytor i dyrygent. Z jego wielkiego zami\u0142owania do narodowej kultury polskiej w jej regionalnych odmianach narodzi\u0142o si\u0119 \u201eMazowsze\u201d, zesp\u00f3\u0142, kt\u00f3ry na zawsze zmieni\u0142 polsk\u0105 scen\u0119 muzyczn\u0105 i zmienia j\u0105 po dzi\u015b dzie\u0144. Wraz z Tadeuszem Sygiety\u0144skim zesp\u00f3\u0142 od podstaw budowa\u0142a jego \u017cona Mira Zimi\u0144ska-Sygiety\u0144ska, aktorka polskiej sceny mi\u0119dzywojennej. Oboje zrezygnowali ze swojego artystycznego \u017cycia i po\u015bwi\u0119cili si\u0119 swojej pasji \u2013 ocalaniu od zapomnienia muzyki, pie\u015bni i ta\u0144c\u00f3w polskich wsi i miasteczek. Jako stali bywalcy scen doskonale zdawali sobie spraw\u0119, \u017ce dzie\u0142o aby trafi\u0142o do odbiorcy, musi by\u0107 zrozumia\u0142e dla ka\u017cdego. Dlatego \u201eMazowsze\u201d sta\u0142o si\u0119 czym\u015b na kszta\u0142t teatru, gdzie w spos\u00f3b przyst\u0119pny i zrozumia\u0142y prezentuje si\u0119 polski folklor, w jego wystylizowanej wersji.<\/p>\n<p>O tym, \u017ce uda\u0142o im si\u0119 trafi\u0107 w gusta polskich i zagranicznych odbiorc\u00f3w \u015bwiadczy fakt, \u017ce \u201eMazowsze\u201d przetrwa\u0142o do dzisiaj. Nie tylko przetrwa\u0142o, ale rozwija si\u0119, si\u0119ga po nowy repertuar i cieszy publiczno\u015b\u0107 wsz\u0119dzie tam, gdzie si\u0119 pojawia. Jest najstarszym, a jednocze\u015bnie bardzo m\u0142odym zespo\u0142em. Miejscem gdzie m\u0142odzi, dobrze wykszta\u0142ceni i gruntownie przygotowani muzycy, \u015bpiewacy i tancerze prze\u017cywaj\u0105 swoj\u0105 przygod\u0119 \u017cycia. Repertuar \u201eMazowsza\u201d stale si\u0119 powi\u0119ksza i jest odpowiedzi\u0105 na zapotrzebowanie publiczno\u015bci, kt\u00f3ra chce ogl\u0105da\u0107 artyst\u00f3w zespo\u0142u w coraz to nowszych realizacjach. Dlatego \u201eMazowsze\u201d opr\u00f3cz pie\u015bni ludowych, patriotycznych, kol\u0119d i pastora\u0142ek, si\u0119ga po muzyk\u0119 sakraln\u0105, dzie\u0142a \u015bwiatowej klasy kompozytor\u00f3w, oraz muzyk\u0119 symfoniczn\u0105. W ramach swojej edukacyjnej dzia\u0142alno\u015bci prezentuje spektakle opowiadaj\u0105ce o polskich zwyczajach, ta\u0144cach narodowych, czy wybitnych kompozytorach, kt\u00f3rzy w swym tw\u00f3rczym procesie inspirowali si\u0119 kultur\u0105 ludow\u0105.<\/p>\n<p>Za zas\u0142ugi na polu polskiej kultury \u201eMazowsze\u201d zyska\u0142o sobie miano Ambasadora Kultury Polskiej, a Jerzy Waldorff, znakomity krytyk muzyczny nazwa\u0142 zesp\u00f3\u0142 \u201ePer\u0142\u0105 w koronie Rzeczypospolitej\u201d.<\/p>\n<p>&nbsp;<\/p>\n<p>Pa\u0144stwowy Zesp\u00f3\u0142 Ludowy Pie\u015bni i Ta\u0144ca \u201eMazowsze\u201d zaprasza wszystkich w podr\u00f3\u017c, w kt\u00f3rej przewodnikiem b\u0119dzie kol\u0119da. W koncercie us\u0142yszymy najpi\u0119kniejsze polskie kol\u0119dy i pastora\u0142ki, ale r\u00f3wnie\u017c pie\u015bni bo\u017conarodzeniowe z r\u00f3\u017cnych stron \u015bwiata, kt\u00f3re znalaz\u0142y si\u0119 na najnowszej p\u0142ycie \u201eMazowsza\u201d. Odwiedzimy dalek\u0105 Islandi\u0119, spowit\u0105 \u015bniegiem Norwegi\u0119, tradycyjn\u0105 Rosj\u0119 i Ukrain\u0119, radosne Stany Zjednoczone i bliskie nam Austri\u0119, Francj\u0119 czy Niemcy.<\/p>\n<p>\u015awi\u0119ta Bo\u017cego Narodzenia i ca\u0142y okres \u015bwi\u0105teczny to czas kol\u0119dowania. \u201eMazowsze\u201d od ponad 73 lat niesie kol\u0119dy do polskich dom\u00f3w, ko\u015bcio\u0142\u00f3w i wsz\u0119dzie tam, gdzie s\u0105 one \u015bpiewane. Wyr\u00f3\u017cniaj\u0105 je spo\u015br\u00f3d innych z pewno\u015bci\u0105 ciekawe aran\u017cacje, kt\u00f3re z jednej strony zachwycaj\u0105 bogat\u0105 instrumentalizacj\u0105, a z drugiej prostot\u0105 linii melodycznej, sprawiaj\u0105c, \u017ce ka\u017cdy kto s\u0142ucha kol\u0119d \u201eMazowsza\u201d, mo\u017ce je bez problemu za\u015bpiewa\u0107 z zespo\u0142em. Najprawdopodobniej w\u0142a\u015bnie to sprawi\u0142o, \u017ce kol\u0119dy \u201eMazowsza\u201d od lat obecne s\u0105 w polskich domach i towarzysz\u0105 rodzinom przy wigilijnym stole.<\/p>\n<p>&nbsp;<\/p>\n","protected":false},"featured_media":1163,"template":"","acf":[],"_links":{"self":[{"href":"http:\/\/archiwum.festiwale.zakopane.pl\/festiwal-koled\/wp-json\/wp\/v2\/artysci\/1162"}],"collection":[{"href":"http:\/\/archiwum.festiwale.zakopane.pl\/festiwal-koled\/wp-json\/wp\/v2\/artysci"}],"about":[{"href":"http:\/\/archiwum.festiwale.zakopane.pl\/festiwal-koled\/wp-json\/wp\/v2\/types\/artysci"}],"wp:featuredmedia":[{"embeddable":true,"href":"http:\/\/archiwum.festiwale.zakopane.pl\/festiwal-koled\/wp-json\/wp\/v2\/media\/1163"}],"wp:attachment":[{"href":"http:\/\/archiwum.festiwale.zakopane.pl\/festiwal-koled\/wp-json\/wp\/v2\/media?parent=1162"}],"curies":[{"name":"wp","href":"https:\/\/api.w.org\/{rel}","templated":true}]}}

Państwowy Zespół Ludowy Pieśni i Tańca &#8222;Mazowsze&#8221; im. T. Sygietyńskiego

<p>Państwowy Zespół Ludowy Pieśni i Tańca „Mazowsze” powstał w 1948 roku. Jego założycielem był Tadeusz Sygietyński, polski kompozytor i dyrygent. Z jego wielkiego zamiłowania do narodowej kultury polskiej w jej regionalnych odmianach narodziło się „Mazowsze”, zespół, który na zawsze zmienił polską scenę muzyczną i zmienia ją po dziś dzień. Wraz z Tadeuszem Sygietyńskim zespół od podstaw budowała jego żona Mira Zimińska-Sygietyńska, aktorka polskiej sceny międzywojennej. Oboje zrezygnowali ze swojego artystycznego życia i poświęcili się swojej pasji – ocalaniu od zapomnienia muzyki, pieśni i tańców polskich wsi i miasteczek. Jako stali bywalcy scen doskonale zdawali sobie sprawę, że dzieło aby trafiło do odbiorcy, musi być zrozumiałe dla każdego. Dlatego „Mazowsze” stało się czymś na kształt teatru, gdzie w sposób przystępny i zrozumiały prezentuje się polski folklor, w jego wystylizowanej wersji.</p>
<p>O tym, że udało im się trafić w gusta polskich i zagranicznych odbiorców świadczy fakt, że „Mazowsze” przetrwało do dzisiaj. Nie tylko przetrwało, ale rozwija się, sięga po nowy repertuar i cieszy publiczność wszędzie tam, gdzie się pojawia. Jest najstarszym, a jednocześnie bardzo młodym zespołem. Miejscem gdzie młodzi, dobrze wykształceni i gruntownie przygotowani muzycy, śpiewacy i tancerze przeżywają swoją przygodę życia. Repertuar „Mazowsza” stale się powiększa i jest odpowiedzią na zapotrzebowanie publiczności, która chce oglądać artystów zespołu w coraz to nowszych realizacjach. Dlatego „Mazowsze” oprócz pieśni ludowych, patriotycznych, kolęd i pastorałek, sięga po muzykę sakralną, dzieła światowej klasy kompozytorów, oraz muzykę symfoniczną. W ramach swojej edukacyjnej działalności prezentuje spektakle opowiadające o polskich zwyczajach, tańcach narodowych, czy wybitnych kompozytorach, którzy w swym twórczym procesie inspirowali się kulturą ludową.</p>
<p>Za zasługi na polu polskiej kultury „Mazowsze” zyskało sobie miano Ambasadora Kultury Polskiej, a Jerzy Waldorff, znakomity krytyk muzyczny nazwał zespół „Perłą w koronie Rzeczypospolitej”.</p>
<p>&nbsp;</p>
<p>Państwowy Zespół Ludowy Pieśni i Tańca „Mazowsze” zaprasza wszystkich w podróż, w której przewodnikiem będzie kolęda. W koncercie usłyszymy najpiękniejsze polskie kolędy i pastorałki, ale również pieśni bożonarodzeniowe z różnych stron świata, które znalazły się na najnowszej płycie „Mazowsza”. Odwiedzimy daleką Islandię, spowitą śniegiem Norwegię, tradycyjną Rosję i Ukrainę, radosne Stany Zjednoczone i bliskie nam Austrię, Francję czy Niemcy.</p>
<p>Święta Bożego Narodzenia i cały okres świąteczny to czas kolędowania. „Mazowsze” od ponad 73 lat niesie kolędy do polskich domów, kościołów i wszędzie tam, gdzie są one śpiewane. Wyróżniają je spośród innych z pewnością ciekawe aranżacje, które z jednej strony zachwycają bogatą instrumentalizacją, a z drugiej prostotą linii melodycznej, sprawiając, że każdy kto słucha kolęd „Mazowsza”, może je bez problemu zaśpiewać z zespołem. Najprawdopodobniej właśnie to sprawiło, że kolędy „Mazowsza” od lat obecne są w polskich domach i towarzyszą rodzinom przy wigilijnym stole.</p>
<p>&nbsp;</p>
