{"id":1158,"date":"2021-12-08T11:07:23","date_gmt":"2021-12-08T10:07:23","guid":{"rendered":"https:\/\/festiwale.zakopane.pl\/festiwal-koled\/?post_type=artysci&#038;p=1158"},"modified":"2021-12-08T11:09:34","modified_gmt":"2021-12-08T10:09:34","slug":"halina-frackowiak","status":"publish","type":"artysci","link":"http:\/\/archiwum.festiwale.zakopane.pl\/festiwal-koled\/artysci\/halina-frackowiak\/","title":{"rendered":"Halina Fr\u0105ckowiak"},"content":{"rendered":"<p><strong>Halina Fr\u0105ckowiak<\/strong>\u00a0 &#8211; wokalistka, kompozytorka, autorka tekst\u00f3w, dziennikarka, psycholog, nale\u017cy do najbardziej lubianych i cenionych gwiazd polskiej piosenki. Jej kariera trwa nieprzerwanie 50 lat, ci\u0105gle zdobywa nowych fan\u00f3w starszego i m\u0142odego pokolenia s\u0142uchaczy.<\/p>\n<p>Tw\u00f3rczo\u015b\u0107 Haliny Fr\u0105ckowiak wywodzi si\u0119 z nurtu muzyki rockowej i temu jest wierna od lat, co nie znaczy, ze ogranicza si\u0119 tylko do tego stylu. Jej wszechstronne zainteresowania muzyczne pozwoli\u0142y na tw\u00f3rcze szukanie nowych \u015brodk\u00f3w wyrazu w piosence \u201e\u015brodka\u201d, muzyce soulowej, poezji \u015bpiewanej (p\u0142yta \u201eOgr\u00f3d Luizy\u201d do poezji K. Wierzy\u0144skiego) i religijnej (wydana w 2009 roku p\u0142yta \u201eKol\u0119dy, litanie) oraz specjalny projekt na Beatyfikacje JANA PAW\u0141A II pt. Pie\u015bni dla Jana Paw\u0142a II.<\/p>\n<p>Nagra\u0142a ponad 20 p\u0142yt ( w tym 4 z\u0142ote), wiele recitali telewizyjnych i spektakli muzycznych jak \u201eNa szkle malowane\u201d, \u201eZagrajcie nam dzisiaj wszystkie srebrne dzwony\u201d, \u201eKol\u0119da nocka\u201d, prowadzi\u0142a swoje autorskie programy w telewizji a jej koncerty mog\u0142a ogl\u0105da\u0107 widownia w ca\u0142ej Europie, Australii i USA m.in. z zespo\u0142ami Perfekt, Spisek, SBB czy orkiestr\u0105 Adama Sztaby.<\/p>\n<p>Wsp\u00f3\u0142pracowa\u0142a z najlepszymi autorami piosenek (M\u0142ynarski, Kofta, Geartner, Trzci\u0144ski, Wo\u0142ek, Kukulski), nagrywaj\u0105c tak wielkie przeboje jak \u201eNapisz prosz\u0119\u201d, \u201eZa mn\u0105 nie ogl\u0105daj si\u0119\u201d(z Grup\u0105 ABC), \u201eBrzegi \u0142agodne\u201d, \u201ePie\u015b\u0144 Geiry\u201d( z zespo\u0142em SBB) jak r\u00f3wnie\u017c wylansowa\u0142a swoje kompozycje \u201eId\u0119 dalej\u201d, \u201eBawimy si\u0119 w \u017cycie\u201d, \u201eJulio nie b\u0105d\u017a z\u0142a\u201d.<\/p>\n<p>Ca\u0142a Polska nuci\u0142a z ni\u0105 \u201eB\u0105d\u017a gotowy dzi\u015b do drogi\u201d, Papierowy ksi\u0119\u017cyc\u201d, \u201eMa\u0142y Elf\u201d czy \u201eSerca gwiazd\u201d a jej piosenka \u201ePanna pszeniczna\u201d nale\u017ca\u0142a do ulubionych utwor\u00f3w papie\u017ca Jana Paw\u0142a II, kt\u00f3ry zaprosi\u0142 j\u0105 do wyst\u0119pu w Watykanie.<\/p>\n<p>Od ponad\u00a0 roku Halina Fr\u0105ckowiak obchodzi 50-lecie pracy artystycznej. Z tej okazji ukaza\u0142 si\u0119\u00a0 3 p\u0142ytowy, przekrojowy album \u201e50 piosenek na 50 lecie\u201d wydany przez Polskie Nagrania, jubileuszowe recitale z w\u0142asnym zespo\u0142em, wyst\u0119p z mini recitalem na Festiwalu Polskiej Piosenki Opole 2013.<\/p>\n<p>Ci\u0105gle m\u0142oda, tw\u00f3rcza, otwarta na nowe trendy muzyczne.<\/p>\n<p>Dyrektor Artystyczny Kanonizacji Jana Paw\u0142a II ( Wyj\u0105tkowy\u00a0 koncert TVP 1 Kolory Mi\u0142osierdzia w Krakowie na B\u0142oniach \u0141agiewnickich).<\/p>\n<p>Wsp\u00f3\u0142praca z \u00a0wieloma m\u0142odymi artystami min. LUC , Grzegorz Urban , Mariusz Patyra \u00a0wielu innych .<\/p>\n<p>Mistrz Mowy Polskiej , Odznaczona Przez Prezydenta Krzy\u017cem Kawalerski Orderu\u00a0 Odrodzenia Polski .<\/p>\n<p>Aktualnie nagra\u0142a z swoim zespo\u0142em \u00a0pod kierownictwem muzycznym Tomasza Filipczaka nowe aran\u017cacje do Najwi\u0119kszych Hit\u00f3w takich jak Papierowy Ksi\u0119\u017cyc , B\u0105d\u017a Gotowy ,\u00a0 Napisz Prosz\u0119 , Dancing Queen , czy Tin Pan Ally .<\/p>\n","protected":false},"featured_media":1159,"template":"","acf":[],"_links":{"self":[{"href":"http:\/\/archiwum.festiwale.zakopane.pl\/festiwal-koled\/wp-json\/wp\/v2\/artysci\/1158"}],"collection":[{"href":"http:\/\/archiwum.festiwale.zakopane.pl\/festiwal-koled\/wp-json\/wp\/v2\/artysci"}],"about":[{"href":"http:\/\/archiwum.festiwale.zakopane.pl\/festiwal-koled\/wp-json\/wp\/v2\/types\/artysci"}],"wp:featuredmedia":[{"embeddable":true,"href":"http:\/\/archiwum.festiwale.zakopane.pl\/festiwal-koled\/wp-json\/wp\/v2\/media\/1159"}],"wp:attachment":[{"href":"http:\/\/archiwum.festiwale.zakopane.pl\/festiwal-koled\/wp-json\/wp\/v2\/media?parent=1158"}],"curies":[{"name":"wp","href":"https:\/\/api.w.org\/{rel}","templated":true}]}}

Halina Frąckowiak

<p><strong>Halina Frąckowiak</strong>  &#8211; wokalistka, kompozytorka, autorka tekstów, dziennikarka, psycholog, należy do najbardziej lubianych i cenionych gwiazd polskiej piosenki. Jej kariera trwa nieprzerwanie 50 lat, ciągle zdobywa nowych fanów starszego i młodego pokolenia słuchaczy.</p>
<p>Twórczość Haliny Frąckowiak wywodzi się z nurtu muzyki rockowej i temu jest wierna od lat, co nie znaczy, ze ogranicza się tylko do tego stylu. Jej wszechstronne zainteresowania muzyczne pozwoliły na twórcze szukanie nowych środków wyrazu w piosence „środka”, muzyce soulowej, poezji śpiewanej (płyta „Ogród Luizy” do poezji K. Wierzyńskiego) i religijnej (wydana w 2009 roku płyta „Kolędy, litanie) oraz specjalny projekt na Beatyfikacje JANA PAWŁA II pt. Pieśni dla Jana Pawła II.</p>
<p>Nagrała ponad 20 płyt ( w tym 4 złote), wiele recitali telewizyjnych i spektakli muzycznych jak „Na szkle malowane”, „Zagrajcie nam dzisiaj wszystkie srebrne dzwony”, „Kolęda nocka”, prowadziła swoje autorskie programy w telewizji a jej koncerty mogła oglądać widownia w całej Europie, Australii i USA m.in. z zespołami Perfekt, Spisek, SBB czy orkiestrą Adama Sztaby.</p>
<p>Współpracowała z najlepszymi autorami piosenek (Młynarski, Kofta, Geartner, Trzciński, Wołek, Kukulski), nagrywając tak wielkie przeboje jak „Napisz proszę”, „Za mną nie oglądaj się”(z Grupą ABC), „Brzegi łagodne”, „Pieśń Geiry”( z zespołem SBB) jak również wylansowała swoje kompozycje „Idę dalej”, „Bawimy się w życie”, „Julio nie bądź zła”.</p>
<p>Cała Polska nuciła z nią „Bądź gotowy dziś do drogi”, Papierowy księżyc”, „Mały Elf” czy „Serca gwiazd” a jej piosenka „Panna pszeniczna” należała do ulubionych utworów papieża Jana Pawła II, który zaprosił ją do występu w Watykanie.</p>
<p>Od ponad  roku Halina Frąckowiak obchodzi 50-lecie pracy artystycznej. Z tej okazji ukazał się  3 płytowy, przekrojowy album „50 piosenek na 50 lecie” wydany przez Polskie Nagrania, jubileuszowe recitale z własnym zespołem, występ z mini recitalem na Festiwalu Polskiej Piosenki Opole 2013.</p>
<p>Ciągle młoda, twórcza, otwarta na nowe trendy muzyczne.</p>
<p>Dyrektor Artystyczny Kanonizacji Jana Pawła II ( Wyjątkowy  koncert TVP 1 Kolory Miłosierdzia w Krakowie na Błoniach Łagiewnickich).</p>
<p>Współpraca z  wieloma młodymi artystami min. LUC , Grzegorz Urban , Mariusz Patyra  wielu innych .</p>
<p>Mistrz Mowy Polskiej , Odznaczona Przez Prezydenta Krzyżem Kawalerski Orderu  Odrodzenia Polski .</p>
<p>Aktualnie nagrała z swoim zespołem  pod kierownictwem muzycznym Tomasza Filipczaka nowe aranżacje do Największych Hitów takich jak Papierowy Księżyc , Bądź Gotowy ,  Napisz Proszę , Dancing Queen , czy Tin Pan Ally .</p>
