{"id":1045,"date":"2021-04-13T10:20:37","date_gmt":"2021-04-13T08:20:37","guid":{"rendered":"https:\/\/festiwale.zakopane.pl\/festiwal-koled-2020\/?page_id=1045"},"modified":"2021-04-14T15:07:10","modified_gmt":"2021-04-14T13:07:10","slug":"viii-festiwal","status":"publish","type":"page","link":"http:\/\/archiwum.festiwale.zakopane.pl\/festiwal-koled-2020\/viii-festiwal\/","title":{"rendered":"VIII. Festiwal"},"content":{"rendered":"<h3>VIII Festiwal Kol\u0119d, Pastora\u0142ek i Pie\u015bni Bo\u017conarodzeniowych &#8222;Dobrze ze\u015b si\u0119 Jezu pod Giewontem zrodziy\u0142\u2026&#8221;<\/h3>\n<p><strong>30.12 pi\u0105tek<\/strong><br \/>\nMsza \u015awi\u0119ta, a po niej koncert kol\u0119d Hanki W\u00f3jciak z kapel\u0105<br \/>\nCentrum Formacyjno \u2013 Szkoleniowe \u201eKsi\u0119\u017c\u00f3wka\u201d, Al. Przewodnik\u00f3w Tatrza\u0144skich<\/p>\n<p><strong>5.01. czwartek<\/strong><br \/>\nMsza \u015awi\u0119ta, a po niej \u201eCzuwanie z M\u0119drcami\u201d koncert Zespo\u0142u Holeviaters<br \/>\nKo\u015bci\u00f3\u0142 Ojc\u00f3w Jezuit\u00f3w pw. Matki Bo\u017cej Nieustaj\u0105cej Pomocy na G\u00f3rce, ul. Kaszelewskiego 9<\/p>\n<p><strong>6.01 pi\u0105tek<\/strong><br \/>\nPok\u0142on Trzech Kr\u00f3li<br \/>\nMsza \u015awi\u0119ta &#8211; Sanktuarium Naj\u015bwi\u0119tszej Rodziny, ul. Krup\u00f3wki 1<br \/>\nPrzemarsz z udzia\u0142em zespo\u0142\u00f3w regionalnych a tak\u017ce M\u0119drc\u00f3w ze Wschodu, w kt\u00f3rych role wcielaj\u0105 si\u0119\u00a0aktorzy Teatru im. Stanis\u0142awa Ignacego Witkiewicza\u00a0i wsp\u00f3lne kol\u0119dowanie przy g\u00f3ralskiej szopce przy Starym Ko\u015bci\u00f3\u0142ku<\/p>\n<p>VII Harendzia\u0144skie kol\u0119dowanie z udzia\u0142em ks. Biskupa Antoniego D\u0142ugosza<br \/>\nKo\u015bci\u00f3\u0142 \u015awi\u0119tego Jana Aposto\u0142a i Ewangelisty, Harenda 12<\/p>\n<p><strong>7.01 sobota<\/strong><br \/>\nMsza \u015awi\u0119ta, a po niej koncert Przy Betlejemskik Holak w wykonaniu Zespo\u0142u 9-Siy\u0142. Promocja p\u0142yty.<br \/>\nSanktuarium Matki Bo\u017cej Fatimskiej, ul. Krzept\u00f3wki 14<\/p>\n<p><strong>8.01 niedziela<\/strong><br \/>\nMsza \u015awi\u0119ta, a po niej koncert w wykonaniu Natalii Kmiecik i Justyny Lasiak<br \/>\nKaplica Naj\u015bwi\u0119tszego Serca Jezusowego w Jaszczur\u00f3wce<\/p>\n<p>Msza \u015awi\u0119ta, a po niej koncert Zespo\u0142u Polaniorze z Ko\u015bcieliska<br \/>\nSanktuarium Matki Bo\u017cej Objawiaj\u0105cej Cudowny Medalik, \u00a0ul. Piszczory 13<\/p>\n<p><strong>15.01 niedziela<\/strong><br \/>\nKoncert w wykonaniu Aktor\u00f3w Teatru im. Stanis\u0142awa Ignacego Witkiewicza<br \/>\nKo\u015bci\u00f3\u0142 Naj\u015bwi\u0119tszej Marii Panny Kr\u00f3lowej \u015awiata, ul. Bulwary S\u0142owackiego 2<\/p>\n<p><strong>21.01 sobota<\/strong><br \/>\nMsza \u015awi\u0119ta, a po niej koncert \u201eChristmas Songs\u201d w wykonaniu Hanki Zbyryt i Wojtka Inglota Kaplica Naj\u015bwi\u0119tszej Marii Panny Matki Zbawiciela, ul. Anta\u0142\u00f3wka 40<\/p>\n<p><strong>22.01 niedziela<\/strong><br \/>\nMsza \u015awi\u0119ta, a po niej kol\u0119dowanie z muzyk\u0105 Rodziny Lassak\u00f3w Helios\u00f3w z Zakopanego<br \/>\nKo\u015bci\u00f3\u0142 Mi\u0142osierdzia Bo\u017cego, ul. Cyhrla 37<\/p>\n<p>Msza \u015awi\u0119ta, a po niej koncert \u201eNoc nad Betlejem\u201d w wykonaniu Niki Lubowicz. Promocja p\u0142yty<br \/>\nSanktuarium Naj\u015bwi\u0119tszej Rodziny, ul Krup\u00f3wki 1<\/p>\n<p><strong>28.01 sobota<\/strong><br \/>\nMsza \u015awi\u0119ta, a po niej koncert \u201eKol\u0119dowe ostatki\u201d z Zespo\u0142em Megitza Trio<br \/>\nKo\u015bci\u00f3\u0142 \u015awi\u0119tego Antoniego Padewskiego, ul. Bulwary S\u0142owackiego 33<\/p>\n<p><strong>29.01 niedziela <\/strong><br \/>\nMsza \u015awi\u0119ta, a po niej koncert Zespo\u0142u Harni<br \/>\nParafia \u015awi\u0119tego Jana Aposto\u0142a i Ewangelisty, Harenda 12<\/p>\n<p>Msza \u015awi\u0119ta, a po niej koncert \u201e\u015awi\u0119ta noc\u201d Zespo\u0142u Pie\u015bni i Ta\u0144ca \u201e\u015al\u0105sk\u201d im. Stanis\u0142awa Hadyny<br \/>\nKo\u015bci\u00f3\u0142 \u015awi\u0119tego Krzy\u017ca, ul. Cha\u0142ubi\u0144skiego 30<\/p>\n<p><strong>2.02. czwartek<\/strong><br \/>\nMsza \u015awi\u0119ta, a po niej koncert w wykonaniu Hanki Rybki<br \/>\nKo\u015bci\u00f3\u0142 Mi\u0142osierdzia Bo\u017cego, ul. Chramc\u00f3wki 19<\/p>\n<p>&nbsp;<\/p>\n<p><a href=\"https:\/\/www.watra.pl\/zakopane\/kultura\/2017\/02\/13\/festiwalu-koled-pastoralek-i-piesni-bozonarodzeniowych\">https:\/\/www.watra.pl\/zakopane\/kultura\/2017\/02\/13\/festiwalu-koled-pastoralek-i-piesni-bozonarodzeniowych<\/a><\/p>\n<p><a href=\"https:\/\/www.watra.pl\/zakopane\/kultura\/2017\/01\/22\/koledowanie-z-muzyka-rodziny-lassakow-heliosow-z-zakopanego\">https:\/\/www.watra.pl\/zakopane\/kultura\/2017\/01\/22\/koledowanie-z-muzyka-rodziny-lassakow-heliosow-z-zakopanego<\/a><\/p>\n<p><a href=\"https:\/\/www.watra.pl\/zakopane\/kultura\/2017\/01\/22\/koledowanie-z-nika-lubowicz\">https:\/\/www.watra.pl\/zakopane\/kultura\/2017\/01\/22\/koledowanie-z-nika-lubowicz<\/a><\/p>\n<p><a href=\"https:\/\/www.watra.pl\/zakopane\/kultura\/2017\/01\/31\/zespol-slask-w-zakopanem\">https:\/\/www.watra.pl\/zakopane\/kultura\/2017\/01\/31\/zespol-slask-w-zakopanem<\/a><\/p>\n<p><a href=\"https:\/\/www.watra.pl\/zakopane-harenda\/wiadomosci\/2017\/01\/07\/viii-festiwal-koled-pastoralek-i-piesni-bozonarodzeniowych-dobrze-zes-sie-jezu-pod-giewontem-zrodziyl-koledowanie-na-harendzie-2017\">https:\/\/www.watra.pl\/zakopane-harenda\/wiadomosci\/2017\/01\/07\/viii-festiwal-koled-pastoralek-i-piesni-bozonarodzeniowych-dobrze-zes-sie-jezu-pod-giewontem-zrodziyl-koledowanie-na-harendzie-2017<\/a><\/p>\n<p><a href=\"https:\/\/krakow.wyborcza.pl\/krakow\/1,44425,21193376,viii-festiwal-koled-pastoralek-i-piesni-bozonarodzeniowych.html\">https:\/\/krakow.wyborcza.pl\/krakow\/1,44425,21193376,viii-festiwal-koled-pastoralek-i-piesni-bozonarodzeniowych.html<\/a><\/p>\n<p><a href=\"https:\/\/opoka.news\/aktualnosci\/1339https:\/\/opoka.news\/aktualnosci\/1339\">https:\/\/opoka.news\/aktualnosci\/1339https:\/\/opoka.news\/aktualnosci\/1339<\/a><\/p>\n<p><a href=\"https:\/\/pismofolkowe.pl\/news\/viii-festiwal-koled-pastoralek-i-piesni-bozonarodzeniowych-zakopane-4851\">https:\/\/pismofolkowe.pl\/news\/viii-festiwal-koled-pastoralek-i-piesni-bozonarodzeniowych-zakopane-4851<\/a><\/p>\n<p><a href=\"https:\/\/www.watra.pl\/zakopane-olcza\/kultura\/2017\/01\/08\/viii-festiwal-koled-pastoralek-i-piesni-bozonarodzeniowych-dobrze-zes-sie-jezu-pod-giewontem-zrodziyl-zespol-polaniorze-z-koscieliska\">https:\/\/www.watra.pl\/zakopane-olcza\/kultura\/2017\/01\/08\/viii-festiwal-koled-pastoralek-i-piesni-bozonarodzeniowych-dobrze-zes-sie-jezu-pod-giewontem-zrodziyl-zespol-polaniorze-z-koscieliska<\/a><\/p>\n","protected":false},"excerpt":{"rendered":"<p>VIII Festiwal Kol\u0119d, Pastora\u0142ek i Pie\u015bni Bo\u017conarodzeniowych &#8222;Dobrze ze\u015b si\u0119 Jezu pod Giewontem zrodziy\u0142\u2026&#8221; 30.12 [&hellip;]<\/p>\n","protected":false},"author":2,"featured_media":1097,"parent":0,"menu_order":0,"comment_status":"closed","ping_status":"closed","template":"","meta":[],"acf":[],"_links":{"self":[{"href":"http:\/\/archiwum.festiwale.zakopane.pl\/festiwal-koled-2020\/wp-json\/wp\/v2\/pages\/1045"}],"collection":[{"href":"http:\/\/archiwum.festiwale.zakopane.pl\/festiwal-koled-2020\/wp-json\/wp\/v2\/pages"}],"about":[{"href":"http:\/\/archiwum.festiwale.zakopane.pl\/festiwal-koled-2020\/wp-json\/wp\/v2\/types\/page"}],"author":[{"embeddable":true,"href":"http:\/\/archiwum.festiwale.zakopane.pl\/festiwal-koled-2020\/wp-json\/wp\/v2\/users\/2"}],"replies":[{"embeddable":true,"href":"http:\/\/archiwum.festiwale.zakopane.pl\/festiwal-koled-2020\/wp-json\/wp\/v2\/comments?post=1045"}],"version-history":[{"count":7,"href":"http:\/\/archiwum.festiwale.zakopane.pl\/festiwal-koled-2020\/wp-json\/wp\/v2\/pages\/1045\/revisions"}],"predecessor-version":[{"id":1112,"href":"http:\/\/archiwum.festiwale.zakopane.pl\/festiwal-koled-2020\/wp-json\/wp\/v2\/pages\/1045\/revisions\/1112"}],"wp:featuredmedia":[{"embeddable":true,"href":"http:\/\/archiwum.festiwale.zakopane.pl\/festiwal-koled-2020\/wp-json\/wp\/v2\/media\/1097"}],"wp:attachment":[{"href":"http:\/\/archiwum.festiwale.zakopane.pl\/festiwal-koled-2020\/wp-json\/wp\/v2\/media?parent=1045"}],"curies":[{"name":"wp","href":"https:\/\/api.w.org\/{rel}","templated":true}]}}

<h3>VIII Festiwal Kolęd, Pastorałek i Pieśni Bożonarodzeniowych &#8222;Dobrze ześ się Jezu pod Giewontem zrodziył…&#8221;</h3>
<p><strong>30.12 piątek</strong><br />
Msza Święta, a po niej koncert kolęd Hanki Wójciak z kapelą<br />
Centrum Formacyjno – Szkoleniowe „Księżówka”, Al. Przewodników Tatrzańskich</p>
<p><strong>5.01. czwartek</strong><br />
Msza Święta, a po niej „Czuwanie z Mędrcami” koncert Zespołu Holeviaters<br />
Kościół Ojców Jezuitów pw. Matki Bożej Nieustającej Pomocy na Górce, ul. Kaszelewskiego 9</p>
<p><strong>6.01 piątek</strong><br />
Pokłon Trzech Króli<br />
Msza Święta &#8211; Sanktuarium Najświętszej Rodziny, ul. Krupówki 1<br />
Przemarsz z udziałem zespołów regionalnych a także Mędrców ze Wschodu, w których role wcielają się aktorzy Teatru im. Stanisława Ignacego Witkiewicza i wspólne kolędowanie przy góralskiej szopce przy Starym Kościółku</p>
<p>VII Harendziańskie kolędowanie z udziałem ks. Biskupa Antoniego Długosza<br />
Kościół Świętego Jana Apostoła i Ewangelisty, Harenda 12</p>
<p><strong>7.01 sobota</strong><br />
Msza Święta, a po niej koncert Przy Betlejemskik Holak w wykonaniu Zespołu 9-Siył. Promocja płyty.<br />
Sanktuarium Matki Bożej Fatimskiej, ul. Krzeptówki 14</p>
<p><strong>8.01 niedziela</strong><br />
Msza Święta, a po niej koncert w wykonaniu Natalii Kmiecik i Justyny Lasiak<br />
Kaplica Najświętszego Serca Jezusowego w Jaszczurówce</p>
<p>Msza Święta, a po niej koncert Zespołu Polaniorze z Kościeliska<br />
Sanktuarium Matki Bożej Objawiającej Cudowny Medalik,  ul. Piszczory 13</p>
<p><strong>15.01 niedziela</strong><br />
Koncert w wykonaniu Aktorów Teatru im. Stanisława Ignacego Witkiewicza<br />
Kościół Najświętszej Marii Panny Królowej Świata, ul. Bulwary Słowackiego 2</p>
<p><strong>21.01 sobota</strong><br />
Msza Święta, a po niej koncert „Christmas Songs” w wykonaniu Hanki Zbyryt i Wojtka Inglota Kaplica Najświętszej Marii Panny Matki Zbawiciela, ul. Antałówka 40</p>
<p><strong>22.01 niedziela</strong><br />
Msza Święta, a po niej kolędowanie z muzyką Rodziny Lassaków Heliosów z Zakopanego<br />
Kościół Miłosierdzia Bożego, ul. Cyhrla 37</p>
<p>Msza Święta, a po niej koncert „Noc nad Betlejem” w wykonaniu Niki Lubowicz. Promocja płyty<br />
Sanktuarium Najświętszej Rodziny, ul Krupówki 1</p>
<p><strong>28.01 sobota</strong><br />
Msza Święta, a po niej koncert „Kolędowe ostatki” z Zespołem Megitza Trio<br />
Kościół Świętego Antoniego Padewskiego, ul. Bulwary Słowackiego 33</p>
<p><strong>29.01 niedziela </strong><br />
Msza Święta, a po niej koncert Zespołu Harni<br />
Parafia Świętego Jana Apostoła i Ewangelisty, Harenda 12</p>
<p>Msza Święta, a po niej koncert „Święta noc” Zespołu Pieśni i Tańca „Śląsk” im. Stanisława Hadyny<br />
Kościół Świętego Krzyża, ul. Chałubińskiego 30</p>
<p><strong>2.02. czwartek</strong><br />
Msza Święta, a po niej koncert w wykonaniu Hanki Rybki<br />
Kościół Miłosierdzia Bożego, ul. Chramcówki 19</p>
<p>&nbsp;</p>
<p><a href="https://www.watra.pl/zakopane/kultura/2017/02/13/festiwalu-koled-pastoralek-i-piesni-bozonarodzeniowych">https://www.watra.pl/zakopane/kultura/2017/02/13/festiwalu-koled-pastoralek-i-piesni-bozonarodzeniowych</a></p>
<p><a href="https://www.watra.pl/zakopane/kultura/2017/01/22/koledowanie-z-muzyka-rodziny-lassakow-heliosow-z-zakopanego">https://www.watra.pl/zakopane/kultura/2017/01/22/koledowanie-z-muzyka-rodziny-lassakow-heliosow-z-zakopanego</a></p>
<p><a href="https://www.watra.pl/zakopane/kultura/2017/01/22/koledowanie-z-nika-lubowicz">https://www.watra.pl/zakopane/kultura/2017/01/22/koledowanie-z-nika-lubowicz</a></p>
<p><a href="https://www.watra.pl/zakopane/kultura/2017/01/31/zespol-slask-w-zakopanem">https://www.watra.pl/zakopane/kultura/2017/01/31/zespol-slask-w-zakopanem</a></p>
<p><a href="https://www.watra.pl/zakopane-harenda/wiadomosci/2017/01/07/viii-festiwal-koled-pastoralek-i-piesni-bozonarodzeniowych-dobrze-zes-sie-jezu-pod-giewontem-zrodziyl-koledowanie-na-harendzie-2017">https://www.watra.pl/zakopane-harenda/wiadomosci/2017/01/07/viii-festiwal-koled-pastoralek-i-piesni-bozonarodzeniowych-dobrze-zes-sie-jezu-pod-giewontem-zrodziyl-koledowanie-na-harendzie-2017</a></p>
<p><a href="https://krakow.wyborcza.pl/krakow/1,44425,21193376,viii-festiwal-koled-pastoralek-i-piesni-bozonarodzeniowych.html">https://krakow.wyborcza.pl/krakow/1,44425,21193376,viii-festiwal-koled-pastoralek-i-piesni-bozonarodzeniowych.html</a></p>
<p><a href="https://opoka.news/aktualnosci/1339https://opoka.news/aktualnosci/1339">https://opoka.news/aktualnosci/1339https://opoka.news/aktualnosci/1339</a></p>
<p><a href="https://pismofolkowe.pl/news/viii-festiwal-koled-pastoralek-i-piesni-bozonarodzeniowych-zakopane-4851">https://pismofolkowe.pl/news/viii-festiwal-koled-pastoralek-i-piesni-bozonarodzeniowych-zakopane-4851</a></p>
<p><a href="https://www.watra.pl/zakopane-olcza/kultura/2017/01/08/viii-festiwal-koled-pastoralek-i-piesni-bozonarodzeniowych-dobrze-zes-sie-jezu-pod-giewontem-zrodziyl-zespol-polaniorze-z-koscieliska">https://www.watra.pl/zakopane-olcza/kultura/2017/01/08/viii-festiwal-koled-pastoralek-i-piesni-bozonarodzeniowych-dobrze-zes-sie-jezu-pod-giewontem-zrodziyl-zespol-polaniorze-z-koscieliska</a></p>

<p>VIII Festiwal Kolęd, Pastorałek i Pieśni Bożonarodzeniowych &#8222;Dobrze ześ się Jezu pod Giewontem zrodziył…&#8221; 30.12 [&hellip;]</p>
