{"id":1043,"date":"2021-04-13T10:20:23","date_gmt":"2021-04-13T08:20:23","guid":{"rendered":"https:\/\/festiwale.zakopane.pl\/festiwal-koled-2020\/?page_id=1043"},"modified":"2021-04-14T15:11:43","modified_gmt":"2021-04-14T13:11:43","slug":"vii-festiwal","status":"publish","type":"page","link":"http:\/\/archiwum.festiwale.zakopane.pl\/festiwal-koled-2020\/vii-festiwal\/","title":{"rendered":"VII. Festiwal"},"content":{"rendered":"<p><strong>VII Festiwal Kol\u0119d, Pastora\u0142ek i Pie\u015bni Bo\u017conarodzeniowych &#8222;Dobrze ze\u015b sie Jezu pod Giewontem zrodziy\u0142&#8230;&#8221; <\/strong><\/p>\n<p>&nbsp;<\/p>\n<p><strong>25 grudnia 2015<\/strong><\/p>\n<p>Msza \u015awi\u0119ta z udzia\u0142em zespo\u0142u i koncert Podhala\u0144skiego Stowarzyszenia \u015apiewaczego \u201eTurliki\u201d<\/p>\n<p>Ko\u015bci\u00f3\u0142 pw. \u015aw. Krzy\u017ca, ul. Cha\u0142ubi\u0144skiego 30<\/p>\n<p><strong>\u00a0<\/strong><\/p>\n<p><strong>27 grudnia 2015<\/strong><\/p>\n<p>Msza \u015awi\u0119ta i koncert \u00a0\u201eGloryja po Cyga\u0144sku\u201d w wykonaniu\u00a0 Teresy Mirgi i zespo\u0142u Ka\u0142e Ba\u0142a<\/p>\n<p>Ko\u015bci\u00f3\u0142 Matki Bo\u017cej Nieustaj\u0105cej Pomocy na \u201eG\u00f3rce\u201d, ul. Ks. Kaszelewskiego 9<\/p>\n<p><strong>\u00a0<\/strong><\/p>\n<p><strong>2 stycznia 2016<\/strong><\/p>\n<p>Msza \u015awi\u0119ta i koncert w wykonaniu kapeli Hanki W\u00f3jciak<\/p>\n<p>Ko\u015bci\u00f3\u0142 Mi\u0142osierdzia Bo\u017cego, Cyrhla 37<\/p>\n<p><strong>\u00a0<\/strong><\/p>\n<p><strong>3 stycznia 2016<\/strong><\/p>\n<p>Msza \u015awi\u0119ta i koncert Zespo\u0142u \u201eHarni\u201d<\/p>\n<p>Centrum Formacyjno \u2013 Szkoleniowe \u201eKsi\u0119\u017c\u00f3wka\u201d, al. Przewodnik\u00f3w Tatrza\u0144skich 2<\/p>\n<p><strong>\u00a0<\/strong><\/p>\n<p><strong>9 stycznia 2016<\/strong><\/p>\n<p>Msza \u015awi\u0119ta i koncert w wykonaniu Agnieszki Przekupie\u0144<\/p>\n<p>Ko\u015bci\u00f3\u0142 \u015aw. Jana Aposto\u0142a i Ewangelisty, Harenda 14a<\/p>\n<p><strong>\u00a0<\/strong><\/p>\n<p><strong>10 stycznia 2016<br \/>\n<\/strong><\/p>\n<p>Msza \u015awi\u0119ta i koncert Pa\u0144stwowego Zespo\u0142u Ludowego Pie\u015bni i Ta\u0144ca \u201eMazowsze\u201d<\/p>\n<p>Go\u015bcinnie wyst\u0105pi Podhala\u0144skie Stowarzyszenie \u015apiewacze \u201eTurliki\u201d<\/p>\n<p>Ko\u015bci\u00f3\u0142 pw. \u015aw. Krzy\u017ca, ul. Cha\u0142ubi\u0144skiego 30<\/p>\n<p><strong>\u00a0<\/strong><\/p>\n<p><strong>16 stycznia 2016<br \/>\n<\/strong><\/p>\n<p>Msza \u015awi\u0119ta i koncert w wykonaniu Uczni\u00f3w Zespo\u0142u\u00a0 Pa\u0144stwowej Szko\u0142y Artystycznej w Zakopanem<\/p>\n<p>Ko\u015bci\u00f3\u0142 pw. \u015aw. Krzy\u017ca, ul. Cha\u0142ubi\u0144skiego 30<\/p>\n<p><strong>\u00a0<\/strong><\/p>\n<p><strong>17 stycznia 2016<br \/>\n<\/strong><\/p>\n<p>Koncert Laureat\u00f3w \u00a0XIII Konkursu Jase\u0142ek \u201eGloria\u201d 2016<\/p>\n<p>Ko\u015bci\u00f3\u0142 \u015bw. Antoniego Padewskiego na Bystrem, ul. Bulwary S\u0142owackiego 33<\/p>\n<p><strong>\u00a0<\/strong><\/p>\n<p>Msza \u015awi\u0119ta i koncert kol\u0119d w wykonaniu Hanki Rybki<\/p>\n<p>Stary Ko\u015bci\u00f3\u0142ek, ul. Ko\u015bcieliska<\/p>\n<p>&nbsp;<\/p>\n<p><strong>23 stycznia\/sobota, godz.19.00<\/strong><\/p>\n<p>Msza \u015awi\u0119ta i koncert \u201eKol\u0119dy dawne i nowe\u201d w wykonaniu Joanny S\u0142owi\u0144skiej<\/p>\n<p>Sanktuarium Matki Bo\u017cej Fatimskiej, ul. Krzept\u00f3wki 14<\/p>\n<p>&nbsp;<\/p>\n<p><strong>24 stycznia 2016<br \/>\n<\/strong><\/p>\n<p>Msza \u015awi\u0119ta i koncert \u201eK\u0119dy\u017c Go szuka\u0107? Pastora\u0142ki z gwiazdami\u201d w wykonaniu Anny Soko\u0142owskiej-Alabrudzi\u0144skiej , Magdaleny Piotrowskiej, Dariusza Kordka,\u00a0 Przemys\u0142awa Brannego,\u00a0 \u0141ukasza Lecha<\/p>\n<p>Sanktuarium Matki Bo\u017cej Objawiaj\u0105cej Cudowny Medalik, Olcza-Piszczory 13<\/p>\n<p>&nbsp;<\/p>\n<p><strong>30 stycznia 2016<br \/>\n<\/strong><\/p>\n<p>Msza \u015awi\u0119ta i koncert \u201eKol\u0119dy na Jazzowo\u201d w wykonaniu Niki Lubowicz \u2013 \u015bpiew, Andrzej Jagodzi\u0144ski \u2013 instrumenty klawiszowe, Dawid Lubowicz \u2013 skrzypce.<\/p>\n<p>Ko\u015bci\u00f3\u0142 Matki Bo\u017cej Kr\u00f3lowej \u015awiata OO. Salwatorian\u00f3w \u2013 Bulwary S\u0142owackiego 2<\/p>\n<p><strong>\u00a0<\/strong><\/p>\n<p><strong>31 stycznia 2016<br \/>\n<\/strong><\/p>\n<p>Msza \u015awi\u0119ta oraz \u201eKol\u0119dy Patriotyczne i Staropolskie\u201d w wykonaniu Tatrza\u0144skiej Orkiestry Klimatycznej<\/p>\n<p>Ko\u015bci\u00f3\u0142 Mi\u0142osierdzia Bo\u017cego, Chramc\u00f3wki 19<\/p>\n<p><strong>\u00a0<\/strong><\/p>\n<p>Msza \u015awi\u0119ta i \u201eWiecz\u00f3r Kol\u0119d\u201d w wykonaniu uczni\u00f3w Pa\u0144stwowej Szko\u0142y Muzycznej I\u00a0 i II stopnia im. Fryderyka Chopina w Nowym Targu<\/p>\n<p>Ko\u015bci\u00f3\u0142 Matki Bo\u017cej Nieustaj\u0105cej Pomocy na \u201eG\u00f3rce\u201d, ul. Ks. Kaszelewskiego 9<\/p>\n<p><strong>\u00a0<\/strong><\/p>\n<p><strong>2 luty 2016<br \/>\n<\/strong><\/p>\n<p>Msza \u015awi\u0119ta i kol\u0119dowanie z muzyk\u0105 rodziny Lassak\u00f3w\u00a0 \u201eHelios\u00f3w\u201d z Zakopanego<\/p>\n<p>Ko\u015bci\u00f3\u0142 Naj\u015bwi\u0119tszej Rodziny, ul. Krup\u00f3wki 1a<\/p>\n<p>&nbsp;<\/p>\n<p>&nbsp;<\/p>\n<p><a href=\"https:\/\/www.watra.pl\/zakopane\/kultura\/2016\/02\/20\/szkola-muzyczna-na-festiwalu-koled-i-pastoralek\">https:\/\/www.watra.pl\/zakopane\/kultura\/2016\/02\/20\/szkola-muzyczna-na-festiwalu-koled-i-pastoralek<\/a><\/p>\n<p><a href=\"https:\/\/www.watra.pl\/zakopane\/wiadomosci\/2016\/02\/01\/wieczor-koled-na-gorce\">https:\/\/www.watra.pl\/zakopane\/wiadomosci\/2016\/02\/01\/wieczor-koled-na-gorce<\/a><\/p>\n<p><a href=\"https:\/\/www.watra.pl\/zakopane\/kultura\/2016\/02\/03\/koledowanie-z-muzyka-rodziny-lassakow-heliosow\">https:\/\/www.watra.pl\/zakopane\/kultura\/2016\/02\/03\/koledowanie-z-muzyka-rodziny-lassakow-heliosow<\/a><\/p>\n<p><a href=\"https:\/\/www.watra.pl\/zakopane\/kultura\/2016\/01\/31\/koledy-na-jazzowo-u-salwatorianow\">https:\/\/www.watra.pl\/zakopane\/kultura\/2016\/01\/31\/koledy-na-jazzowo-u-salwatorianow<\/a><\/p>\n<p><a href=\"https:\/\/www.watra.pl\/zakopane-harenda\/kultura\/2016\/01\/10\/vii-festiwal-koled-pastoralek-i-piesni-bozonarodzeniowych-na-harendzie\">https:\/\/www.watra.pl\/zakopane-harenda\/kultura\/2016\/01\/10\/vii-festiwal-koled-pastoralek-i-piesni-bozonarodzeniowych-na-harendzie<\/a><\/p>\n<p>&nbsp;<\/p>\n","protected":false},"excerpt":{"rendered":"<p>VII Festiwal Kol\u0119d, Pastora\u0142ek i Pie\u015bni Bo\u017conarodzeniowych &#8222;Dobrze ze\u015b sie Jezu pod Giewontem zrodziy\u0142&#8230;&#8221; &nbsp; [&hellip;]<\/p>\n","protected":false},"author":2,"featured_media":1097,"parent":0,"menu_order":0,"comment_status":"closed","ping_status":"closed","template":"","meta":[],"acf":[],"_links":{"self":[{"href":"http:\/\/archiwum.festiwale.zakopane.pl\/festiwal-koled-2020\/wp-json\/wp\/v2\/pages\/1043"}],"collection":[{"href":"http:\/\/archiwum.festiwale.zakopane.pl\/festiwal-koled-2020\/wp-json\/wp\/v2\/pages"}],"about":[{"href":"http:\/\/archiwum.festiwale.zakopane.pl\/festiwal-koled-2020\/wp-json\/wp\/v2\/types\/page"}],"author":[{"embeddable":true,"href":"http:\/\/archiwum.festiwale.zakopane.pl\/festiwal-koled-2020\/wp-json\/wp\/v2\/users\/2"}],"replies":[{"embeddable":true,"href":"http:\/\/archiwum.festiwale.zakopane.pl\/festiwal-koled-2020\/wp-json\/wp\/v2\/comments?post=1043"}],"version-history":[{"count":6,"href":"http:\/\/archiwum.festiwale.zakopane.pl\/festiwal-koled-2020\/wp-json\/wp\/v2\/pages\/1043\/revisions"}],"predecessor-version":[{"id":1113,"href":"http:\/\/archiwum.festiwale.zakopane.pl\/festiwal-koled-2020\/wp-json\/wp\/v2\/pages\/1043\/revisions\/1113"}],"wp:featuredmedia":[{"embeddable":true,"href":"http:\/\/archiwum.festiwale.zakopane.pl\/festiwal-koled-2020\/wp-json\/wp\/v2\/media\/1097"}],"wp:attachment":[{"href":"http:\/\/archiwum.festiwale.zakopane.pl\/festiwal-koled-2020\/wp-json\/wp\/v2\/media?parent=1043"}],"curies":[{"name":"wp","href":"https:\/\/api.w.org\/{rel}","templated":true}]}}

<p><strong>VII Festiwal Kolęd, Pastorałek i Pieśni Bożonarodzeniowych &#8222;Dobrze ześ sie Jezu pod Giewontem zrodziył&#8230;&#8221; </strong></p>
<p>&nbsp;</p>
<p><strong>25 grudnia 2015</strong></p>
<p>Msza Święta z udziałem zespołu i koncert Podhalańskiego Stowarzyszenia Śpiewaczego „Turliki”</p>
<p>Kościół pw. Św. Krzyża, ul. Chałubińskiego 30</p>
<p><strong> </strong></p>
<p><strong>27 grudnia 2015</strong></p>
<p>Msza Święta i koncert  „Gloryja po Cygańsku” w wykonaniu  Teresy Mirgi i zespołu Kałe Bała</p>
<p>Kościół Matki Bożej Nieustającej Pomocy na „Górce”, ul. Ks. Kaszelewskiego 9</p>
<p><strong> </strong></p>
<p><strong>2 stycznia 2016</strong></p>
<p>Msza Święta i koncert w wykonaniu kapeli Hanki Wójciak</p>
<p>Kościół Miłosierdzia Bożego, Cyrhla 37</p>
<p><strong> </strong></p>
<p><strong>3 stycznia 2016</strong></p>
<p>Msza Święta i koncert Zespołu „Harni”</p>
<p>Centrum Formacyjno – Szkoleniowe „Księżówka”, al. Przewodników Tatrzańskich 2</p>
<p><strong> </strong></p>
<p><strong>9 stycznia 2016</strong></p>
<p>Msza Święta i koncert w wykonaniu Agnieszki Przekupień</p>
<p>Kościół Św. Jana Apostoła i Ewangelisty, Harenda 14a</p>
<p><strong> </strong></p>
<p><strong>10 stycznia 2016<br />
</strong></p>
<p>Msza Święta i koncert Państwowego Zespołu Ludowego Pieśni i Tańca „Mazowsze”</p>
<p>Gościnnie wystąpi Podhalańskie Stowarzyszenie Śpiewacze „Turliki”</p>
<p>Kościół pw. Św. Krzyża, ul. Chałubińskiego 30</p>
<p><strong> </strong></p>
<p><strong>16 stycznia 2016<br />
</strong></p>
<p>Msza Święta i koncert w wykonaniu Uczniów Zespołu  Państwowej Szkoły Artystycznej w Zakopanem</p>
<p>Kościół pw. Św. Krzyża, ul. Chałubińskiego 30</p>
<p><strong> </strong></p>
<p><strong>17 stycznia 2016<br />
</strong></p>
<p>Koncert Laureatów  XIII Konkursu Jasełek „Gloria” 2016</p>
<p>Kościół św. Antoniego Padewskiego na Bystrem, ul. Bulwary Słowackiego 33</p>
<p><strong> </strong></p>
<p>Msza Święta i koncert kolęd w wykonaniu Hanki Rybki</p>
<p>Stary Kościółek, ul. Kościeliska</p>
<p>&nbsp;</p>
<p><strong>23 stycznia/sobota, godz.19.00</strong></p>
<p>Msza Święta i koncert „Kolędy dawne i nowe” w wykonaniu Joanny Słowińskiej</p>
<p>Sanktuarium Matki Bożej Fatimskiej, ul. Krzeptówki 14</p>
<p>&nbsp;</p>
<p><strong>24 stycznia 2016<br />
</strong></p>
<p>Msza Święta i koncert „Kędyż Go szukać? Pastorałki z gwiazdami” w wykonaniu Anny Sokołowskiej-Alabrudzińskiej , Magdaleny Piotrowskiej, Dariusza Kordka,  Przemysława Brannego,  Łukasza Lecha</p>
<p>Sanktuarium Matki Bożej Objawiającej Cudowny Medalik, Olcza-Piszczory 13</p>
<p>&nbsp;</p>
<p><strong>30 stycznia 2016<br />
</strong></p>
<p>Msza Święta i koncert „Kolędy na Jazzowo” w wykonaniu Niki Lubowicz – śpiew, Andrzej Jagodziński – instrumenty klawiszowe, Dawid Lubowicz – skrzypce.</p>
<p>Kościół Matki Bożej Królowej Świata OO. Salwatorianów – Bulwary Słowackiego 2</p>
<p><strong> </strong></p>
<p><strong>31 stycznia 2016<br />
</strong></p>
<p>Msza Święta oraz „Kolędy Patriotyczne i Staropolskie” w wykonaniu Tatrzańskiej Orkiestry Klimatycznej</p>
<p>Kościół Miłosierdzia Bożego, Chramcówki 19</p>
<p><strong> </strong></p>
<p>Msza Święta i „Wieczór Kolęd” w wykonaniu uczniów Państwowej Szkoły Muzycznej I  i II stopnia im. Fryderyka Chopina w Nowym Targu</p>
<p>Kościół Matki Bożej Nieustającej Pomocy na „Górce”, ul. Ks. Kaszelewskiego 9</p>
<p><strong> </strong></p>
<p><strong>2 luty 2016<br />
</strong></p>
<p>Msza Święta i kolędowanie z muzyką rodziny Lassaków  „Heliosów” z Zakopanego</p>
<p>Kościół Najświętszej Rodziny, ul. Krupówki 1a</p>
<p>&nbsp;</p>
<p>&nbsp;</p>
<p><a href="https://www.watra.pl/zakopane/kultura/2016/02/20/szkola-muzyczna-na-festiwalu-koled-i-pastoralek">https://www.watra.pl/zakopane/kultura/2016/02/20/szkola-muzyczna-na-festiwalu-koled-i-pastoralek</a></p>
<p><a href="https://www.watra.pl/zakopane/wiadomosci/2016/02/01/wieczor-koled-na-gorce">https://www.watra.pl/zakopane/wiadomosci/2016/02/01/wieczor-koled-na-gorce</a></p>
<p><a href="https://www.watra.pl/zakopane/kultura/2016/02/03/koledowanie-z-muzyka-rodziny-lassakow-heliosow">https://www.watra.pl/zakopane/kultura/2016/02/03/koledowanie-z-muzyka-rodziny-lassakow-heliosow</a></p>
<p><a href="https://www.watra.pl/zakopane/kultura/2016/01/31/koledy-na-jazzowo-u-salwatorianow">https://www.watra.pl/zakopane/kultura/2016/01/31/koledy-na-jazzowo-u-salwatorianow</a></p>
<p><a href="https://www.watra.pl/zakopane-harenda/kultura/2016/01/10/vii-festiwal-koled-pastoralek-i-piesni-bozonarodzeniowych-na-harendzie">https://www.watra.pl/zakopane-harenda/kultura/2016/01/10/vii-festiwal-koled-pastoralek-i-piesni-bozonarodzeniowych-na-harendzie</a></p>
<p>&nbsp;</p>

<p>VII Festiwal Kolęd, Pastorałek i Pieśni Bożonarodzeniowych &#8222;Dobrze ześ sie Jezu pod Giewontem zrodziył&#8230;&#8221; &nbsp; [&hellip;]</p>
