{"id":856,"date":"2021-01-18T11:37:40","date_gmt":"2021-01-18T10:37:40","guid":{"rendered":"https:\/\/festiwale.zakopane.pl\/festiwal-koled-2020\/?post_type=galeria&#038;p=856"},"modified":"2021-01-18T11:37:40","modified_gmt":"2021-01-18T10:37:40","slug":"zespol-goralski-im-klimka-bachledy","status":"publish","type":"galeria","link":"http:\/\/archiwum.festiwale.zakopane.pl\/festiwal-koled-2020\/galeria\/zespol-goralski-im-klimka-bachledy\/","title":{"rendered":"Zesp\u00f3\u0142 G\u00f3ralski im. Klimka Bachledy"},"content":{"rendered":"<div id='gallery-1' class='gallery galleryid-856 gallery-columns-3 gallery-size-thumbnail'><figure class='gallery-item'>\n\t\t\t<div class='gallery-icon landscape'>\n\t\t\t\t<a href='http:\/\/archiwum.festiwale.zakopane.pl\/festiwal-koled-2020\/galeria\/zespol-goralski-im-klimka-bachledy\/img_6018\/'><img width=\"160\" height=\"160\" src=\"http:\/\/archiwum.festiwale.zakopane.pl\/festiwal-koled-2020\/wp-content\/uploads\/sites\/20\/2021\/01\/IMG_6018-160x160.jpg\" class=\"attachment-thumbnail size-thumbnail\" alt=\"\" loading=\"lazy\" aria-describedby=\"gallery-1-857\" \/><\/a>\n\t\t\t<\/div>\n\t\t\t\t<figcaption class='wp-caption-text gallery-caption' id='gallery-1-857'>\n\t\t\t\tZesp\u00f3\u0142 im. Klimka Bachledy\n\t\t\t\t<\/figcaption><\/figure><figure class='gallery-item'>\n\t\t\t<div class='gallery-icon landscape'>\n\t\t\t\t<a href='http:\/\/archiwum.festiwale.zakopane.pl\/festiwal-koled-2020\/galeria\/zespol-goralski-im-klimka-bachledy\/img_6019\/'><img width=\"160\" height=\"160\" src=\"http:\/\/archiwum.festiwale.zakopane.pl\/festiwal-koled-2020\/wp-content\/uploads\/sites\/20\/2021\/01\/IMG_6019-160x160.jpg\" class=\"attachment-thumbnail size-thumbnail\" alt=\"\" loading=\"lazy\" aria-describedby=\"gallery-1-858\" \/><\/a>\n\t\t\t<\/div>\n\t\t\t\t<figcaption class='wp-caption-text gallery-caption' id='gallery-1-858'>\n\t\t\t\tZesp\u00f3\u0142 im. Klimka Bachledy\n\t\t\t\t<\/figcaption><\/figure><figure class='gallery-item'>\n\t\t\t<div class='gallery-icon landscape'>\n\t\t\t\t<a href='http:\/\/archiwum.festiwale.zakopane.pl\/festiwal-koled-2020\/galeria\/zespol-goralski-im-klimka-bachledy\/img_6028\/'><img width=\"160\" height=\"160\" src=\"http:\/\/archiwum.festiwale.zakopane.pl\/festiwal-koled-2020\/wp-content\/uploads\/sites\/20\/2021\/01\/IMG_6028-160x160.jpg\" class=\"attachment-thumbnail size-thumbnail\" alt=\"\" loading=\"lazy\" aria-describedby=\"gallery-1-859\" \/><\/a>\n\t\t\t<\/div>\n\t\t\t\t<figcaption class='wp-caption-text gallery-caption' id='gallery-1-859'>\n\t\t\t\tZesp\u00f3\u0142 im. Klimka Bachledy\n\t\t\t\t<\/figcaption><\/figure><figure class='gallery-item'>\n\t\t\t<div class='gallery-icon portrait'>\n\t\t\t\t<a href='http:\/\/archiwum.festiwale.zakopane.pl\/festiwal-koled-2020\/galeria\/zespol-goralski-im-klimka-bachledy\/img_6036\/'><img width=\"160\" height=\"160\" src=\"http:\/\/archiwum.festiwale.zakopane.pl\/festiwal-koled-2020\/wp-content\/uploads\/sites\/20\/2021\/01\/IMG_6036-160x160.jpg\" class=\"attachment-thumbnail size-thumbnail\" alt=\"\" loading=\"lazy\" aria-describedby=\"gallery-1-860\" \/><\/a>\n\t\t\t<\/div>\n\t\t\t\t<figcaption class='wp-caption-text gallery-caption' id='gallery-1-860'>\n\t\t\t\tZesp\u00f3\u0142 im. Klimka Bachledy\n\t\t\t\t<\/figcaption><\/figure><figure class='gallery-item'>\n\t\t\t<div class='gallery-icon portrait'>\n\t\t\t\t<a href='http:\/\/archiwum.festiwale.zakopane.pl\/festiwal-koled-2020\/galeria\/zespol-goralski-im-klimka-bachledy\/img_6038\/'><img width=\"160\" height=\"160\" src=\"http:\/\/archiwum.festiwale.zakopane.pl\/festiwal-koled-2020\/wp-content\/uploads\/sites\/20\/2021\/01\/IMG_6038-160x160.jpg\" class=\"attachment-thumbnail size-thumbnail\" alt=\"\" loading=\"lazy\" aria-describedby=\"gallery-1-861\" \/><\/a>\n\t\t\t<\/div>\n\t\t\t\t<figcaption class='wp-caption-text gallery-caption' id='gallery-1-861'>\n\t\t\t\tZesp\u00f3\u0142 im. Klimka Bachledy\n\t\t\t\t<\/figcaption><\/figure><figure class='gallery-item'>\n\t\t\t<div class='gallery-icon landscape'>\n\t\t\t\t<a href='http:\/\/archiwum.festiwale.zakopane.pl\/festiwal-koled-2020\/galeria\/zespol-goralski-im-klimka-bachledy\/img_6041\/'><img width=\"160\" height=\"160\" src=\"http:\/\/archiwum.festiwale.zakopane.pl\/festiwal-koled-2020\/wp-content\/uploads\/sites\/20\/2021\/01\/IMG_6041-160x160.jpg\" class=\"attachment-thumbnail size-thumbnail\" alt=\"\" loading=\"lazy\" aria-describedby=\"gallery-1-862\" \/><\/a>\n\t\t\t<\/div>\n\t\t\t\t<figcaption class='wp-caption-text gallery-caption' id='gallery-1-862'>\n\t\t\t\tZesp\u00f3\u0142 im. Klimka Bachledy\n\t\t\t\t<\/figcaption><\/figure><figure class='gallery-item'>\n\t\t\t<div class='gallery-icon portrait'>\n\t\t\t\t<a href='http:\/\/archiwum.festiwale.zakopane.pl\/festiwal-koled-2020\/galeria\/zespol-goralski-im-klimka-bachledy\/img_6043\/'><img width=\"160\" height=\"160\" src=\"http:\/\/archiwum.festiwale.zakopane.pl\/festiwal-koled-2020\/wp-content\/uploads\/sites\/20\/2021\/01\/IMG_6043-160x160.jpg\" class=\"attachment-thumbnail size-thumbnail\" alt=\"\" loading=\"lazy\" aria-describedby=\"gallery-1-863\" \/><\/a>\n\t\t\t<\/div>\n\t\t\t\t<figcaption class='wp-caption-text gallery-caption' id='gallery-1-863'>\n\t\t\t\tZesp\u00f3\u0142 im. Klimka Bachledy\n\t\t\t\t<\/figcaption><\/figure><figure class='gallery-item'>\n\t\t\t<div class='gallery-icon portrait'>\n\t\t\t\t<a href='http:\/\/archiwum.festiwale.zakopane.pl\/festiwal-koled-2020\/galeria\/zespol-goralski-im-klimka-bachledy\/img_6046\/'><img width=\"160\" height=\"160\" src=\"http:\/\/archiwum.festiwale.zakopane.pl\/festiwal-koled-2020\/wp-content\/uploads\/sites\/20\/2021\/01\/IMG_6046-160x160.jpg\" class=\"attachment-thumbnail size-thumbnail\" alt=\"\" loading=\"lazy\" aria-describedby=\"gallery-1-864\" \/><\/a>\n\t\t\t<\/div>\n\t\t\t\t<figcaption class='wp-caption-text gallery-caption' id='gallery-1-864'>\n\t\t\t\tZesp\u00f3\u0142 im. Klimka Bachledy\n\t\t\t\t<\/figcaption><\/figure><figure class='gallery-item'>\n\t\t\t<div class='gallery-icon landscape'>\n\t\t\t\t<a href='http:\/\/archiwum.festiwale.zakopane.pl\/festiwal-koled-2020\/galeria\/zespol-goralski-im-klimka-bachledy\/img_6048\/'><img width=\"160\" height=\"160\" src=\"http:\/\/archiwum.festiwale.zakopane.pl\/festiwal-koled-2020\/wp-content\/uploads\/sites\/20\/2021\/01\/IMG_6048-160x160.jpg\" class=\"attachment-thumbnail size-thumbnail\" alt=\"\" loading=\"lazy\" aria-describedby=\"gallery-1-865\" \/><\/a>\n\t\t\t<\/div>\n\t\t\t\t<figcaption class='wp-caption-text gallery-caption' id='gallery-1-865'>\n\t\t\t\tZesp\u00f3\u0142 im. Klimka Bachledy\n\t\t\t\t<\/figcaption><\/figure><figure class='gallery-item'>\n\t\t\t<div class='gallery-icon landscape'>\n\t\t\t\t<a href='http:\/\/archiwum.festiwale.zakopane.pl\/festiwal-koled-2020\/galeria\/zespol-goralski-im-klimka-bachledy\/img_6054\/'><img width=\"160\" height=\"160\" src=\"http:\/\/archiwum.festiwale.zakopane.pl\/festiwal-koled-2020\/wp-content\/uploads\/sites\/20\/2021\/01\/IMG_6054-160x160.jpg\" class=\"attachment-thumbnail size-thumbnail\" alt=\"\" loading=\"lazy\" aria-describedby=\"gallery-1-866\" \/><\/a>\n\t\t\t<\/div>\n\t\t\t\t<figcaption class='wp-caption-text gallery-caption' id='gallery-1-866'>\n\t\t\t\tZesp\u00f3\u0142 im. Klimka Bachledy\n\t\t\t\t<\/figcaption><\/figure><figure class='gallery-item'>\n\t\t\t<div class='gallery-icon portrait'>\n\t\t\t\t<a href='http:\/\/archiwum.festiwale.zakopane.pl\/festiwal-koled-2020\/galeria\/zespol-goralski-im-klimka-bachledy\/img_6055\/'><img width=\"160\" height=\"160\" src=\"http:\/\/archiwum.festiwale.zakopane.pl\/festiwal-koled-2020\/wp-content\/uploads\/sites\/20\/2021\/01\/IMG_6055-160x160.jpg\" class=\"attachment-thumbnail size-thumbnail\" alt=\"\" loading=\"lazy\" aria-describedby=\"gallery-1-867\" \/><\/a>\n\t\t\t<\/div>\n\t\t\t\t<figcaption class='wp-caption-text gallery-caption' id='gallery-1-867'>\n\t\t\t\tZesp\u00f3\u0142 im. Klimka Bachledy\n\t\t\t\t<\/figcaption><\/figure><figure class='gallery-item'>\n\t\t\t<div class='gallery-icon portrait'>\n\t\t\t\t<a href='http:\/\/archiwum.festiwale.zakopane.pl\/festiwal-koled-2020\/galeria\/zespol-goralski-im-klimka-bachledy\/img_6060\/'><img width=\"160\" height=\"160\" src=\"http:\/\/archiwum.festiwale.zakopane.pl\/festiwal-koled-2020\/wp-content\/uploads\/sites\/20\/2021\/01\/IMG_6060-160x160.jpg\" class=\"attachment-thumbnail size-thumbnail\" alt=\"\" loading=\"lazy\" aria-describedby=\"gallery-1-868\" \/><\/a>\n\t\t\t<\/div>\n\t\t\t\t<figcaption class='wp-caption-text gallery-caption' id='gallery-1-868'>\n\t\t\t\tZesp\u00f3\u0142 im. Klimka Bachledy\n\t\t\t\t<\/figcaption><\/figure><figure class='gallery-item'>\n\t\t\t<div class='gallery-icon portrait'>\n\t\t\t\t<a href='http:\/\/archiwum.festiwale.zakopane.pl\/festiwal-koled-2020\/galeria\/zespol-goralski-im-klimka-bachledy\/img_6063\/'><img width=\"160\" height=\"160\" src=\"http:\/\/archiwum.festiwale.zakopane.pl\/festiwal-koled-2020\/wp-content\/uploads\/sites\/20\/2021\/01\/IMG_6063-160x160.jpg\" class=\"attachment-thumbnail size-thumbnail\" alt=\"\" loading=\"lazy\" aria-describedby=\"gallery-1-869\" \/><\/a>\n\t\t\t<\/div>\n\t\t\t\t<figcaption class='wp-caption-text gallery-caption' id='gallery-1-869'>\n\t\t\t\tZesp\u00f3\u0142 im. Klimka Bachledy\n\t\t\t\t<\/figcaption><\/figure><figure class='gallery-item'>\n\t\t\t<div class='gallery-icon landscape'>\n\t\t\t\t<a href='http:\/\/archiwum.festiwale.zakopane.pl\/festiwal-koled-2020\/galeria\/zespol-goralski-im-klimka-bachledy\/img_20210116_174654\/'><img width=\"160\" height=\"160\" src=\"http:\/\/archiwum.festiwale.zakopane.pl\/festiwal-koled-2020\/wp-content\/uploads\/sites\/20\/2021\/01\/IMG_20210116_174654-160x160.jpg\" class=\"attachment-thumbnail size-thumbnail\" alt=\"\" loading=\"lazy\" aria-describedby=\"gallery-1-870\" \/><\/a>\n\t\t\t<\/div>\n\t\t\t\t<figcaption class='wp-caption-text gallery-caption' id='gallery-1-870'>\n\t\t\t\tZesp\u00f3\u0142 im. Klimka Bachledy\n\t\t\t\t<\/figcaption><\/figure><figure class='gallery-item'>\n\t\t\t<div class='gallery-icon portrait'>\n\t\t\t\t<a href='http:\/\/archiwum.festiwale.zakopane.pl\/festiwal-koled-2020\/galeria\/zespol-goralski-im-klimka-bachledy\/img_20210116_174719\/'><img width=\"160\" height=\"160\" src=\"http:\/\/archiwum.festiwale.zakopane.pl\/festiwal-koled-2020\/wp-content\/uploads\/sites\/20\/2021\/01\/IMG_20210116_174719-160x160.jpg\" class=\"attachment-thumbnail size-thumbnail\" alt=\"\" loading=\"lazy\" aria-describedby=\"gallery-1-871\" \/><\/a>\n\t\t\t<\/div>\n\t\t\t\t<figcaption class='wp-caption-text gallery-caption' id='gallery-1-871'>\n\t\t\t\tZesp\u00f3\u0142 im. Klimka Bachledy\n\t\t\t\t<\/figcaption><\/figure><figure class='gallery-item'>\n\t\t\t<div class='gallery-icon landscape'>\n\t\t\t\t<a href='http:\/\/archiwum.festiwale.zakopane.pl\/festiwal-koled-2020\/galeria\/zespol-goralski-im-klimka-bachledy\/img_20210116_175844\/'><img width=\"160\" height=\"160\" src=\"http:\/\/archiwum.festiwale.zakopane.pl\/festiwal-koled-2020\/wp-content\/uploads\/sites\/20\/2021\/01\/IMG_20210116_175844-160x160.jpg\" class=\"attachment-thumbnail size-thumbnail\" alt=\"\" loading=\"lazy\" aria-describedby=\"gallery-1-872\" \/><\/a>\n\t\t\t<\/div>\n\t\t\t\t<figcaption class='wp-caption-text gallery-caption' id='gallery-1-872'>\n\t\t\t\tZesp\u00f3\u0142 im. Klimka Bachledy\n\t\t\t\t<\/figcaption><\/figure><figure class='gallery-item'>\n\t\t\t<div class='gallery-icon portrait'>\n\t\t\t\t<a href='http:\/\/archiwum.festiwale.zakopane.pl\/festiwal-koled-2020\/galeria\/zespol-goralski-im-klimka-bachledy\/img_20210116_175955\/'><img width=\"160\" height=\"160\" src=\"http:\/\/archiwum.festiwale.zakopane.pl\/festiwal-koled-2020\/wp-content\/uploads\/sites\/20\/2021\/01\/IMG_20210116_175955-160x160.jpg\" class=\"attachment-thumbnail size-thumbnail\" alt=\"\" loading=\"lazy\" aria-describedby=\"gallery-1-873\" \/><\/a>\n\t\t\t<\/div>\n\t\t\t\t<figcaption class='wp-caption-text gallery-caption' id='gallery-1-873'>\n\t\t\t\tZesp\u00f3\u0142 im. Klimka Bachledy\n\t\t\t\t<\/figcaption><\/figure>\n\t\t<\/div>\n\n","protected":false},"featured_media":736,"template":"","acf":[],"_links":{"self":[{"href":"http:\/\/archiwum.festiwale.zakopane.pl\/festiwal-koled-2020\/wp-json\/wp\/v2\/galeria\/856"}],"collection":[{"href":"http:\/\/archiwum.festiwale.zakopane.pl\/festiwal-koled-2020\/wp-json\/wp\/v2\/galeria"}],"about":[{"href":"http:\/\/archiwum.festiwale.zakopane.pl\/festiwal-koled-2020\/wp-json\/wp\/v2\/types\/galeria"}],"wp:featuredmedia":[{"embeddable":true,"href":"http:\/\/archiwum.festiwale.zakopane.pl\/festiwal-koled-2020\/wp-json\/wp\/v2\/media\/736"}],"wp:attachment":[{"href":"http:\/\/archiwum.festiwale.zakopane.pl\/festiwal-koled-2020\/wp-json\/wp\/v2\/media?parent=856"}],"curies":[{"name":"wp","href":"https:\/\/api.w.org\/{rel}","templated":true}]}}

Zespół Góralski im. Klimka Bachledy

<div id='gallery-1' class='gallery galleryid-856 gallery-columns-3 gallery-size-thumbnail'><figure class='gallery-item'>
			<div class='gallery-icon landscape'>
				<a href='http://archiwum.festiwale.zakopane.pl/festiwal-koled-2020/galeria/zespol-goralski-im-klimka-bachledy/img_6018/'><img width="160" height="160" src="http://archiwum.festiwale.zakopane.pl/festiwal-koled-2020/wp-content/uploads/sites/20/2021/01/IMG_6018-160x160.jpg" class="attachment-thumbnail size-thumbnail" alt="" loading="lazy" aria-describedby="gallery-1-857" /></a>
			</div>
				<figcaption class='wp-caption-text gallery-caption' id='gallery-1-857'>
				Zespół im. Klimka Bachledy
				</figcaption></figure><figure class='gallery-item'>
			<div class='gallery-icon landscape'>
				<a href='http://archiwum.festiwale.zakopane.pl/festiwal-koled-2020/galeria/zespol-goralski-im-klimka-bachledy/img_6019/'><img width="160" height="160" src="http://archiwum.festiwale.zakopane.pl/festiwal-koled-2020/wp-content/uploads/sites/20/2021/01/IMG_6019-160x160.jpg" class="attachment-thumbnail size-thumbnail" alt="" loading="lazy" aria-describedby="gallery-1-858" /></a>
			</div>
				<figcaption class='wp-caption-text gallery-caption' id='gallery-1-858'>
				Zespół im. Klimka Bachledy
				</figcaption></figure><figure class='gallery-item'>
			<div class='gallery-icon landscape'>
				<a href='http://archiwum.festiwale.zakopane.pl/festiwal-koled-2020/galeria/zespol-goralski-im-klimka-bachledy/img_6028/'><img width="160" height="160" src="http://archiwum.festiwale.zakopane.pl/festiwal-koled-2020/wp-content/uploads/sites/20/2021/01/IMG_6028-160x160.jpg" class="attachment-thumbnail size-thumbnail" alt="" loading="lazy" aria-describedby="gallery-1-859" /></a>
			</div>
				<figcaption class='wp-caption-text gallery-caption' id='gallery-1-859'>
				Zespół im. Klimka Bachledy
				</figcaption></figure><figure class='gallery-item'>
			<div class='gallery-icon portrait'>
				<a href='http://archiwum.festiwale.zakopane.pl/festiwal-koled-2020/galeria/zespol-goralski-im-klimka-bachledy/img_6036/'><img width="160" height="160" src="http://archiwum.festiwale.zakopane.pl/festiwal-koled-2020/wp-content/uploads/sites/20/2021/01/IMG_6036-160x160.jpg" class="attachment-thumbnail size-thumbnail" alt="" loading="lazy" aria-describedby="gallery-1-860" /></a>
			</div>
				<figcaption class='wp-caption-text gallery-caption' id='gallery-1-860'>
				Zespół im. Klimka Bachledy
				</figcaption></figure><figure class='gallery-item'>
			<div class='gallery-icon portrait'>
				<a href='http://archiwum.festiwale.zakopane.pl/festiwal-koled-2020/galeria/zespol-goralski-im-klimka-bachledy/img_6038/'><img width="160" height="160" src="http://archiwum.festiwale.zakopane.pl/festiwal-koled-2020/wp-content/uploads/sites/20/2021/01/IMG_6038-160x160.jpg" class="attachment-thumbnail size-thumbnail" alt="" loading="lazy" aria-describedby="gallery-1-861" /></a>
			</div>
				<figcaption class='wp-caption-text gallery-caption' id='gallery-1-861'>
				Zespół im. Klimka Bachledy
				</figcaption></figure><figure class='gallery-item'>
			<div class='gallery-icon landscape'>
				<a href='http://archiwum.festiwale.zakopane.pl/festiwal-koled-2020/galeria/zespol-goralski-im-klimka-bachledy/img_6041/'><img width="160" height="160" src="http://archiwum.festiwale.zakopane.pl/festiwal-koled-2020/wp-content/uploads/sites/20/2021/01/IMG_6041-160x160.jpg" class="attachment-thumbnail size-thumbnail" alt="" loading="lazy" aria-describedby="gallery-1-862" /></a>
			</div>
				<figcaption class='wp-caption-text gallery-caption' id='gallery-1-862'>
				Zespół im. Klimka Bachledy
				</figcaption></figure><figure class='gallery-item'>
			<div class='gallery-icon portrait'>
				<a href='http://archiwum.festiwale.zakopane.pl/festiwal-koled-2020/galeria/zespol-goralski-im-klimka-bachledy/img_6043/'><img width="160" height="160" src="http://archiwum.festiwale.zakopane.pl/festiwal-koled-2020/wp-content/uploads/sites/20/2021/01/IMG_6043-160x160.jpg" class="attachment-thumbnail size-thumbnail" alt="" loading="lazy" aria-describedby="gallery-1-863" /></a>
			</div>
				<figcaption class='wp-caption-text gallery-caption' id='gallery-1-863'>
				Zespół im. Klimka Bachledy
				</figcaption></figure><figure class='gallery-item'>
			<div class='gallery-icon portrait'>
				<a href='http://archiwum.festiwale.zakopane.pl/festiwal-koled-2020/galeria/zespol-goralski-im-klimka-bachledy/img_6046/'><img width="160" height="160" src="http://archiwum.festiwale.zakopane.pl/festiwal-koled-2020/wp-content/uploads/sites/20/2021/01/IMG_6046-160x160.jpg" class="attachment-thumbnail size-thumbnail" alt="" loading="lazy" aria-describedby="gallery-1-864" /></a>
			</div>
				<figcaption class='wp-caption-text gallery-caption' id='gallery-1-864'>
				Zespół im. Klimka Bachledy
				</figcaption></figure><figure class='gallery-item'>
			<div class='gallery-icon landscape'>
				<a href='http://archiwum.festiwale.zakopane.pl/festiwal-koled-2020/galeria/zespol-goralski-im-klimka-bachledy/img_6048/'><img width="160" height="160" src="http://archiwum.festiwale.zakopane.pl/festiwal-koled-2020/wp-content/uploads/sites/20/2021/01/IMG_6048-160x160.jpg" class="attachment-thumbnail size-thumbnail" alt="" loading="lazy" aria-describedby="gallery-1-865" /></a>
			</div>
				<figcaption class='wp-caption-text gallery-caption' id='gallery-1-865'>
				Zespół im. Klimka Bachledy
				</figcaption></figure><figure class='gallery-item'>
			<div class='gallery-icon landscape'>
				<a href='http://archiwum.festiwale.zakopane.pl/festiwal-koled-2020/galeria/zespol-goralski-im-klimka-bachledy/img_6054/'><img width="160" height="160" src="http://archiwum.festiwale.zakopane.pl/festiwal-koled-2020/wp-content/uploads/sites/20/2021/01/IMG_6054-160x160.jpg" class="attachment-thumbnail size-thumbnail" alt="" loading="lazy" aria-describedby="gallery-1-866" /></a>
			</div>
				<figcaption class='wp-caption-text gallery-caption' id='gallery-1-866'>
				Zespół im. Klimka Bachledy
				</figcaption></figure><figure class='gallery-item'>
			<div class='gallery-icon portrait'>
				<a href='http://archiwum.festiwale.zakopane.pl/festiwal-koled-2020/galeria/zespol-goralski-im-klimka-bachledy/img_6055/'><img width="160" height="160" src="http://archiwum.festiwale.zakopane.pl/festiwal-koled-2020/wp-content/uploads/sites/20/2021/01/IMG_6055-160x160.jpg" class="attachment-thumbnail size-thumbnail" alt="" loading="lazy" aria-describedby="gallery-1-867" /></a>
			</div>
				<figcaption class='wp-caption-text gallery-caption' id='gallery-1-867'>
				Zespół im. Klimka Bachledy
				</figcaption></figure><figure class='gallery-item'>
			<div class='gallery-icon portrait'>
				<a href='http://archiwum.festiwale.zakopane.pl/festiwal-koled-2020/galeria/zespol-goralski-im-klimka-bachledy/img_6060/'><img width="160" height="160" src="http://archiwum.festiwale.zakopane.pl/festiwal-koled-2020/wp-content/uploads/sites/20/2021/01/IMG_6060-160x160.jpg" class="attachment-thumbnail size-thumbnail" alt="" loading="lazy" aria-describedby="gallery-1-868" /></a>
			</div>
				<figcaption class='wp-caption-text gallery-caption' id='gallery-1-868'>
				Zespół im. Klimka Bachledy
				</figcaption></figure><figure class='gallery-item'>
			<div class='gallery-icon portrait'>
				<a href='http://archiwum.festiwale.zakopane.pl/festiwal-koled-2020/galeria/zespol-goralski-im-klimka-bachledy/img_6063/'><img width="160" height="160" src="http://archiwum.festiwale.zakopane.pl/festiwal-koled-2020/wp-content/uploads/sites/20/2021/01/IMG_6063-160x160.jpg" class="attachment-thumbnail size-thumbnail" alt="" loading="lazy" aria-describedby="gallery-1-869" /></a>
			</div>
				<figcaption class='wp-caption-text gallery-caption' id='gallery-1-869'>
				Zespół im. Klimka Bachledy
				</figcaption></figure><figure class='gallery-item'>
			<div class='gallery-icon landscape'>
				<a href='http://archiwum.festiwale.zakopane.pl/festiwal-koled-2020/galeria/zespol-goralski-im-klimka-bachledy/img_20210116_174654/'><img width="160" height="160" src="http://archiwum.festiwale.zakopane.pl/festiwal-koled-2020/wp-content/uploads/sites/20/2021/01/IMG_20210116_174654-160x160.jpg" class="attachment-thumbnail size-thumbnail" alt="" loading="lazy" aria-describedby="gallery-1-870" /></a>
			</div>
				<figcaption class='wp-caption-text gallery-caption' id='gallery-1-870'>
				Zespół im. Klimka Bachledy
				</figcaption></figure><figure class='gallery-item'>
			<div class='gallery-icon portrait'>
				<a href='http://archiwum.festiwale.zakopane.pl/festiwal-koled-2020/galeria/zespol-goralski-im-klimka-bachledy/img_20210116_174719/'><img width="160" height="160" src="http://archiwum.festiwale.zakopane.pl/festiwal-koled-2020/wp-content/uploads/sites/20/2021/01/IMG_20210116_174719-160x160.jpg" class="attachment-thumbnail size-thumbnail" alt="" loading="lazy" aria-describedby="gallery-1-871" /></a>
			</div>
				<figcaption class='wp-caption-text gallery-caption' id='gallery-1-871'>
				Zespół im. Klimka Bachledy
				</figcaption></figure><figure class='gallery-item'>
			<div class='gallery-icon landscape'>
				<a href='http://archiwum.festiwale.zakopane.pl/festiwal-koled-2020/galeria/zespol-goralski-im-klimka-bachledy/img_20210116_175844/'><img width="160" height="160" src="http://archiwum.festiwale.zakopane.pl/festiwal-koled-2020/wp-content/uploads/sites/20/2021/01/IMG_20210116_175844-160x160.jpg" class="attachment-thumbnail size-thumbnail" alt="" loading="lazy" aria-describedby="gallery-1-872" /></a>
			</div>
				<figcaption class='wp-caption-text gallery-caption' id='gallery-1-872'>
				Zespół im. Klimka Bachledy
				</figcaption></figure><figure class='gallery-item'>
			<div class='gallery-icon portrait'>
				<a href='http://archiwum.festiwale.zakopane.pl/festiwal-koled-2020/galeria/zespol-goralski-im-klimka-bachledy/img_20210116_175955/'><img width="160" height="160" src="http://archiwum.festiwale.zakopane.pl/festiwal-koled-2020/wp-content/uploads/sites/20/2021/01/IMG_20210116_175955-160x160.jpg" class="attachment-thumbnail size-thumbnail" alt="" loading="lazy" aria-describedby="gallery-1-873" /></a>
			</div>
				<figcaption class='wp-caption-text gallery-caption' id='gallery-1-873'>
				Zespół im. Klimka Bachledy
				</figcaption></figure>
		</div>
