{"id":676,"date":"2020-12-30T07:48:09","date_gmt":"2020-12-30T06:48:09","guid":{"rendered":"https:\/\/festiwale.zakopane.pl\/festiwal-koled-2020\/?post_type=artysci&#038;p=676"},"modified":"2020-12-30T07:48:09","modified_gmt":"2020-12-30T06:48:09","slug":"anna-gasienica-byrcyn","status":"publish","type":"artysci","link":"http:\/\/archiwum.festiwale.zakopane.pl\/festiwal-koled-2020\/artysci\/anna-gasienica-byrcyn\/","title":{"rendered":"Anna G\u0105sienica &#8211; Byrcyn"},"content":{"rendered":"<p>Ania G\u0105sienica-Byrcyn, ma 21 lat i w tym roku wzi\u0119\u0142a udzia\u0142 w najwi\u0119kszym muzycznym show w Polsce w The Voice Of Poland, dotar\u0142a tam a\u017c do fina\u0142u, w programie zadebiutowa\u0142 \u00a0r\u00f3wnie\u017c jej nowy singiel ,,Noc\u0105&#8221;.<\/p>\n<p>Urodzi\u0142a si\u0119 w Toronto w Kanadzie, ale pochodzi z tradycyjnej rodziny g\u00f3ralskiej z Zakopanego. W wieku czterech lat, wraz z ca\u0142\u0105 rodzin\u0105 wr\u00f3ci\u0142a do Polski do Zakopanego. W wieku 6 lat rodzice zdecydowali o zapisaniu jej do Pa\u0144stwowej Og\u00f3lnokszta\u0142c\u0105cej Szko\u0142y Artystycznej im. Mieczys\u0142awa Kar\u0142owicza w Zakopanem na instrument skrzypce i tam uko\u0144czy\u0142a pierwszy stopie\u0144 szko\u0142y muzycznej. Dalsze kszta\u0142cenie muzyczne \u00a0kontynuowa\u0142a w Pa\u0144stwowej Og\u00f3lnokszta\u0142c\u0105cej Szkole Muzycznej im. Fryderyka Chopina w Krakowie.<\/p>\n<p>W liceum otworzy\u0142a si\u0119 na \u015bpiew, i finalnie ukierunkowa\u0142a si\u0119 na jazz i estrad\u0119, i w tych gatunkach si\u0119 odnalaz\u0142a. Wtedy te\u017c stwierdzi\u0142a, \u017ce chce przygotowa\u0107 si\u0119 do egzaminu wst\u0119pnego w Katowicach na kierunek Jazz i Muzyka Estradowa w specjalno\u015bci wokalistyka jazzowa. Uda\u0142o si\u0119 jej dosta\u0107 na wymarzon\u0105 Akademi\u0119 Muzyczn\u0105 i tam kszta\u0142ci sw\u00f3j wokal do dzi\u015b. Obecnie jest na trzecim roku licencjatu w klasie Mietka Szcze\u015bniaka i swoj\u0105 przysz\u0142o\u015b\u0107 wi\u0105\u017ce ze \u015bpiewem.<\/p>\n","protected":false},"featured_media":677,"template":"","acf":[],"_links":{"self":[{"href":"http:\/\/archiwum.festiwale.zakopane.pl\/festiwal-koled-2020\/wp-json\/wp\/v2\/artysci\/676"}],"collection":[{"href":"http:\/\/archiwum.festiwale.zakopane.pl\/festiwal-koled-2020\/wp-json\/wp\/v2\/artysci"}],"about":[{"href":"http:\/\/archiwum.festiwale.zakopane.pl\/festiwal-koled-2020\/wp-json\/wp\/v2\/types\/artysci"}],"wp:featuredmedia":[{"embeddable":true,"href":"http:\/\/archiwum.festiwale.zakopane.pl\/festiwal-koled-2020\/wp-json\/wp\/v2\/media\/677"}],"wp:attachment":[{"href":"http:\/\/archiwum.festiwale.zakopane.pl\/festiwal-koled-2020\/wp-json\/wp\/v2\/media?parent=676"}],"curies":[{"name":"wp","href":"https:\/\/api.w.org\/{rel}","templated":true}]}}

Anna Gąsienica &#8211; Byrcyn

<p>Ania Gąsienica-Byrcyn, ma 21 lat i w tym roku wzięła udział w największym muzycznym show w Polsce w The Voice Of Poland, dotarła tam aż do finału, w programie zadebiutował  również jej nowy singiel ,,Nocą&#8221;.</p>
<p>Urodziła się w Toronto w Kanadzie, ale pochodzi z tradycyjnej rodziny góralskiej z Zakopanego. W wieku czterech lat, wraz z całą rodziną wróciła do Polski do Zakopanego. W wieku 6 lat rodzice zdecydowali o zapisaniu jej do Państwowej Ogólnokształcącej Szkoły Artystycznej im. Mieczysława Karłowicza w Zakopanem na instrument skrzypce i tam ukończyła pierwszy stopień szkoły muzycznej. Dalsze kształcenie muzyczne  kontynuowała w Państwowej Ogólnokształcącej Szkole Muzycznej im. Fryderyka Chopina w Krakowie.</p>
<p>W liceum otworzyła się na śpiew, i finalnie ukierunkowała się na jazz i estradę, i w tych gatunkach się odnalazła. Wtedy też stwierdziła, że chce przygotować się do egzaminu wstępnego w Katowicach na kierunek Jazz i Muzyka Estradowa w specjalności wokalistyka jazzowa. Udało się jej dostać na wymarzoną Akademię Muzyczną i tam kształci swój wokal do dziś. Obecnie jest na trzecim roku licencjatu w klasie Mietka Szcześniaka i swoją przyszłość wiąże ze śpiewem.</p>
