{"id":645,"date":"2020-12-08T07:56:34","date_gmt":"2020-12-08T06:56:34","guid":{"rendered":"https:\/\/festiwale.zakopane.pl\/festiwal-koled-2020\/?post_type=artysci&#038;p=645"},"modified":"2020-12-08T07:56:34","modified_gmt":"2020-12-08T06:56:34","slug":"vechi-acum","status":"publish","type":"artysci","link":"http:\/\/archiwum.festiwale.zakopane.pl\/festiwal-koled-2020\/artysci\/vechi-acum\/","title":{"rendered":"Vechi Acum"},"content":{"rendered":"<p>Vechi Acum (czyt. weczi akum) to krakowska grupa muzyczna powsta\u0142a ko\u0144cem 2018 roku.<\/p>\n<p>Pod enigmatyczn\u0105 nazw\u0105 zespo\u0142u, kt\u00f3ra w j\u0119zyku rumu\u0144skim oznacza \u201estaro-nowe\u201d kryje si\u0119 ch\u0119\u0107 przekazania tradycyjnej muzyki etnicznej w \u00a0\u015bwie\u017cym, niekonwencjonalnym wydaniu.<\/p>\n<p>Grup\u0119 tworz\u0105 osoby z r\u00f3\u017cnych, muzycznych region\u00f3w Polski &#8211; od Ziemi \u017bywieckiej, przez Ziemi\u0119 Podhala\u0144sk\u0105, Polski Spisz po Podkarpacie. Po\u0142\u0105czy\u0142a ich muzyka, a w szczeg\u00f3lno\u015bci umi\u0142owanie d\u017awi\u0119k\u00f3w etnicznych, nie tylko polskich, ale i ba\u0142ka\u0144skich czy \u017cydowskich &#8211; i w\u0142a\u015bnie taki repertuar prezentuj\u0105 na co dzie\u0144.<\/p>\n<p>&nbsp;<\/p>\n<p>Sk\u0142ad zespo\u0142u:<\/p>\n<ul>\n<li>Barbara Motyka \u2013 wokal, skrzypce<\/li>\n<li>Wojciech Bochenek- wokal<\/li>\n<li>Jakub Hubicki- akordeon<\/li>\n<li>Dominik Pietraszek -skrzypce<\/li>\n<li>Wojciech Chlanda &#8211; kontrabas<\/li>\n<li>Karol Wilkoszewski \u2013 perkusjonalia<\/li>\n<\/ul>\n","protected":false},"featured_media":646,"template":"","acf":[],"_links":{"self":[{"href":"http:\/\/archiwum.festiwale.zakopane.pl\/festiwal-koled-2020\/wp-json\/wp\/v2\/artysci\/645"}],"collection":[{"href":"http:\/\/archiwum.festiwale.zakopane.pl\/festiwal-koled-2020\/wp-json\/wp\/v2\/artysci"}],"about":[{"href":"http:\/\/archiwum.festiwale.zakopane.pl\/festiwal-koled-2020\/wp-json\/wp\/v2\/types\/artysci"}],"wp:featuredmedia":[{"embeddable":true,"href":"http:\/\/archiwum.festiwale.zakopane.pl\/festiwal-koled-2020\/wp-json\/wp\/v2\/media\/646"}],"wp:attachment":[{"href":"http:\/\/archiwum.festiwale.zakopane.pl\/festiwal-koled-2020\/wp-json\/wp\/v2\/media?parent=645"}],"curies":[{"name":"wp","href":"https:\/\/api.w.org\/{rel}","templated":true}]}}

<p>Vechi Acum (czyt. weczi akum) to krakowska grupa muzyczna powstała końcem 2018 roku.</p>
<p>Pod enigmatyczną nazwą zespołu, która w języku rumuńskim oznacza „staro-nowe” kryje się chęć przekazania tradycyjnej muzyki etnicznej w  świeżym, niekonwencjonalnym wydaniu.</p>
<p>Grupę tworzą osoby z różnych, muzycznych regionów Polski &#8211; od Ziemi Żywieckiej, przez Ziemię Podhalańską, Polski Spisz po Podkarpacie. Połączyła ich muzyka, a w szczególności umiłowanie dźwięków etnicznych, nie tylko polskich, ale i bałkańskich czy żydowskich &#8211; i właśnie taki repertuar prezentują na co dzień.</p>
<p>&nbsp;</p>
<p>Skład zespołu:</p>
<ul>
<li>Barbara Motyka – wokal, skrzypce</li>
<li>Wojciech Bochenek- wokal</li>
<li>Jakub Hubicki- akordeon</li>
<li>Dominik Pietraszek -skrzypce</li>
<li>Wojciech Chlanda &#8211; kontrabas</li>
<li>Karol Wilkoszewski – perkusjonalia</li>
</ul>
