{"id":643,"date":"2020-12-08T07:55:16","date_gmt":"2020-12-08T06:55:16","guid":{"rendered":"https:\/\/festiwale.zakopane.pl\/festiwal-koled-2020\/?post_type=artysci&#038;p=643"},"modified":"2020-12-08T07:55:16","modified_gmt":"2020-12-08T06:55:16","slug":"martyna-kasprzycka","status":"publish","type":"artysci","link":"http:\/\/archiwum.festiwale.zakopane.pl\/festiwal-koled-2020\/artysci\/martyna-kasprzycka\/","title":{"rendered":"Martyna Kasprzycka"},"content":{"rendered":"<p>&nbsp;<\/p>\n<p>Martyna Kasprzycka \u2013 wokalistka, g\u00f3ralka z Zakopanego, abiturientka Krakowskiej Szko\u0142y Jazzu i Muzyki Rozrywkowej a obecnie studentka bydgoskiej Akademii Muzycznej im. Feliksa Nowowiejskiego w Bydgoszczy na kierunku Jazz i Muzyka Estradowa.\u00a0 Muzyka od zawsze kszta\u0142tuje jej osobowo\u015b\u0107, jest dla niej \u017ar\u00f3d\u0142em rado\u015bci i odskoczni\u0105 od rzeczywisto\u015bci, w wolnych chwilach komponuje w\u0142asne utwory, uwa\u017ca, \u017ce najwa\u017cniejsze jest brzmienie i przekaz muzyczny, tak\u017ce ten ukryty tekstach. Swoje inspiracje czerpie z muzyki ludowej, rocka, jazzu i muzyki improwizowanej. Szerszej publiczno\u015bci da\u0142a si\u0119 pozna\u0107 jako uczestniczka 9 edycji The Voice of Poland oraz podczas koncert\u00f3w w Studiu Piosenki Polskiego Radia. W 2018r zdoby\u0142a tytu\u0142 Talent Ma\u0142opolski, jest laureatk\u0105 g\u0142\u00f3wnych nagr\u00f3d og\u00f3lnopolskich festiwali muzycznych m.in. Festiwalu im. Kaliny J\u0119drusik, Festiwalu Piosenki Andrzeja Zieli\u0144skiego oraz tego roku Festiwalu Pami\u0119tajmy o Osieckiej.<\/p>\n<p>&nbsp;<\/p>\n<p>Sk\u0142ad zespo\u0142u<\/p>\n<p>Martyna Kasprzycka &#8211; wokal, skrzypce<\/p>\n<p>Kacper Kasprzak &#8211; fortepian<\/p>\n<p>Maciej Domagalski &#8211; perkusja<\/p>\n<p>Bart\u0142omiej Werachowski \u2013 gitara basowa<\/p>\n","protected":false},"featured_media":644,"template":"","acf":[],"_links":{"self":[{"href":"http:\/\/archiwum.festiwale.zakopane.pl\/festiwal-koled-2020\/wp-json\/wp\/v2\/artysci\/643"}],"collection":[{"href":"http:\/\/archiwum.festiwale.zakopane.pl\/festiwal-koled-2020\/wp-json\/wp\/v2\/artysci"}],"about":[{"href":"http:\/\/archiwum.festiwale.zakopane.pl\/festiwal-koled-2020\/wp-json\/wp\/v2\/types\/artysci"}],"wp:featuredmedia":[{"embeddable":true,"href":"http:\/\/archiwum.festiwale.zakopane.pl\/festiwal-koled-2020\/wp-json\/wp\/v2\/media\/644"}],"wp:attachment":[{"href":"http:\/\/archiwum.festiwale.zakopane.pl\/festiwal-koled-2020\/wp-json\/wp\/v2\/media?parent=643"}],"curies":[{"name":"wp","href":"https:\/\/api.w.org\/{rel}","templated":true}]}}

<p>&nbsp;</p>
<p>Martyna Kasprzycka – wokalistka, góralka z Zakopanego, abiturientka Krakowskiej Szkoły Jazzu i Muzyki Rozrywkowej a obecnie studentka bydgoskiej Akademii Muzycznej im. Feliksa Nowowiejskiego w Bydgoszczy na kierunku Jazz i Muzyka Estradowa.  Muzyka od zawsze kształtuje jej osobowość, jest dla niej źródłem radości i odskocznią od rzeczywistości, w wolnych chwilach komponuje własne utwory, uważa, że najważniejsze jest brzmienie i przekaz muzyczny, także ten ukryty tekstach. Swoje inspiracje czerpie z muzyki ludowej, rocka, jazzu i muzyki improwizowanej. Szerszej publiczności dała się poznać jako uczestniczka 9 edycji The Voice of Poland oraz podczas koncertów w Studiu Piosenki Polskiego Radia. W 2018r zdobyła tytuł Talent Małopolski, jest laureatką głównych nagród ogólnopolskich festiwali muzycznych m.in. Festiwalu im. Kaliny Jędrusik, Festiwalu Piosenki Andrzeja Zielińskiego oraz tego roku Festiwalu Pamiętajmy o Osieckiej.</p>
<p>&nbsp;</p>
<p>Skład zespołu</p>
<p>Martyna Kasprzycka &#8211; wokal, skrzypce</p>
<p>Kacper Kasprzak &#8211; fortepian</p>
<p>Maciej Domagalski &#8211; perkusja</p>
<p>Bartłomiej Werachowski – gitara basowa</p>
