{"id":641,"date":"2020-12-08T07:53:29","date_gmt":"2020-12-08T06:53:29","guid":{"rendered":"https:\/\/festiwale.zakopane.pl\/festiwal-koled-2020\/?post_type=artysci&#038;p=641"},"modified":"2020-12-08T07:53:29","modified_gmt":"2020-12-08T06:53:29","slug":"rodzina-lassakow-heliosow","status":"publish","type":"artysci","link":"http:\/\/archiwum.festiwale.zakopane.pl\/festiwal-koled-2020\/artysci\/rodzina-lassakow-heliosow\/","title":{"rendered":"Rodzina Lassak\u00f3w &#8222;Helios\u00f3w&#8221;"},"content":{"rendered":"<p>Rodziny Lassak\u00f3w i Maciat\u00f3w kontynuuj\u0105 wielopokoleniowe tradycje muzykowania.<\/p>\n<p>Pradziadek Szymon Lassak z Z\u0119bu budowa\u0142 w 1904 roku Kapliczk\u0119 w Jaszczur\u00f3wce wg projektu Stanis\u0142awa Witkiewicza. W tym te\u017c roku urodzi\u0142 si\u0119 jeden z jego syn\u00f3w, Franciszek (dziadek Tomasza i Janusza) \u2013 cie\u015bla, wybitny prymista i krawiec \u201eportek\u201d g\u00f3ralskich. Przekaza\u0142 swoje umiej\u0119tno\u015bci synom i wnukom. <strong>Janusz<\/strong> jest prymist\u0105, nauczycielem muzyki g\u00f3ralskiej, absolwentem Technikum Budowlanego. Na Festiwalu <em>\u201e<\/em>Na G\u00f3ralsk\u0105 Nut\u0119<em>\u201d<\/em> w Chicago trzykrotnie z rz\u0119du zdoby\u0142 I miejsce i zosta\u0142 uhonorowany Nagrod\u0105 Specjaln\u0105 &#8211; <em>Z\u0142\u00f3bcokami<\/em>. Na 47. MFFZG w Zakopanem otrzyma\u0142 <em>Nagrod\u0119 Saba\u0142owych G\u0119\u015bli.<\/em> <strong>Tomasz<\/strong> jest muzykantem, \u015bpiewakiem, technikiem budowlanym, wiernie kontynuuj\u0105cym g\u00f3ralskie tradycje architektoniczne. Wygrywa\u0142 konkursy \u015bpiewu pytackiego, konkursy doro\u017ckarskie przy <em>Jesieni Tatrza\u0144skiej<\/em> w Zakopanem. By\u0142 solist\u0105 opery g\u00f3ralskiej <em>\u201e<\/em>Ojciec \u015awi\u0119ty Jan Pawe\u0142 II na Podhalu<em>\u201d<\/em>.<\/p>\n<p>W rodzinie Maciat\u00f3w J\u00f3zef Maciata \u2013 muzykant, stolarz \u2013 gra\u0142 w zespo\u0142ach regionalnych, uczy\u0142 dzieci z Bia\u0142ego Dunajca gry na skrzypcach. Swoim dzieciom przekaza\u0142 mi\u0142o\u015b\u0107 do muzyki i kultury g\u00f3ralskiej. <strong>Janina<\/strong> jest etnografem i absolwentk\u0105 Akademii Ekonomicznej. <strong>Halina<\/strong> uko\u0144czy\u0142a Politechnik\u0119 Krakowsk\u0105, jest etnomuzykologiem, pedagogiem, jurorem konkurs\u00f3w ludowych, m.in. Mi\u0119dzynarodowego Festiwalu Folkloru Ziem G\u00f3rskich w Zakopanem. <strong>Stanis\u0142aw<\/strong> Maciata jest in\u017cynierem, by\u0142 d\u0142ugoletnim pracownikiem Starostwa Nowotarskiego w Wydziale Architektury. Rodze\u0144stwo by\u0142o cz\u0142onkami licznych zespo\u0142\u00f3w regionalnych (m.in.: \u201eMa\u0142e Podhale\u201d, \u201eZesp\u00f3\u0142 im. A. Skupnia Florka\u201d z Bia\u0142ego Dunajca, \u201eHyrni\u201d z Chicago) oraz instruktorami studenckiego zespo\u0142u \u201eSkalni\u201d.<\/p>\n<p>M\u0142ode pokolenie, kuzynki: Katarzyna, Anna, Michalina i Helena nale\u017c\u0105 do Zespo\u0142u im. Klimka Bachledy. Siostry <strong>Katarzyna<\/strong> i <strong>Anna<\/strong> s\u0105 absolwentkami Pa\u0144stwowej Og\u00f3lnokszta\u0142c\u0105cej Szko\u0142y Artystycznej w Zakopanem, w klasie skrzypiec i fortepianu. S\u0105 laureatkami konkurs\u00f3w muzycznych, plastycznych i literackich. <strong>Katarzyna<\/strong> uko\u0144czy\u0142a studia na Uniwersytecie Muzycznym Fryderyka Chopina w klasie skrzypiec prof. UMFC, dra hab. Janusza Wawrowskiego oraz filologi\u0119 angielsk\u0105 na Uniwersytecie Warszawskim. Wyst\u0119puje jako solistka i kameralistka z zespo\u0142em Warsaw String Players oraz z Tatrza\u0144sk\u0105 Orkiestr\u0105 Klimatyczn\u0105. Zdoby\u0142a pierwsze miejsce w XVII Og\u00f3lnopolskim Konkursie Wokalnym \u201ePami\u0119tajmy o Osieckiej\u201d. Jako prymistka jest laureatk\u0105 Mi\u0119dzynarodowego Konkursu Kapel, \u015apiewak\u00f3w i Instrumentalist\u00f3w Ludowych, \u201eSaba\u0142owych Baja\u0144\u201d, \u201eBerdowego Muzykowania\u201d. <strong>Anna<\/strong> studiuje \u015bpiew solowy w klasie prof. dr hab. Jadwigi Rapp\u00e9 na UMFC oraz prawo na UKSW. Siostry <strong>Michalina<\/strong> i <strong>Helena <\/strong>nale\u017c\u0105 do g\u00f3ralskiego zespo\u0142u studenckiego \u201eSkalni\u201d. <strong>Michalina <\/strong>uko\u0144czy\u0142a studia na Wydziale Chemii Uniwersytetu Jagiello\u0144skiego w Krakowie, ze specjalizacj\u0105 magistersk\u0105 w nowoczesnej syntezie i\u00a0fizykochemii organicznej. <strong>Helena <\/strong>studiuje filologi\u0119 angielsk\u0105 na Uniwersytecie Jagiello\u0144skim.<\/p>\n<p>Obie rodziny s\u0105 laureatami Konkursu Kapel Ludowych w Kazimierzu Dolnym. Wsp\u00f3lnie wygrali Konkurs Kapel w Chicago. Rodzina zdoby\u0142a I Nagrod\u0119 na <em>\u201e<\/em>Przedn\u00f3wku w\u00a0Polanach<em>\u201d <\/em>w Ko\u015bcielisku, I miejsce na \u201eXI Dziado\u0144cynym Graniu\u201d w Bukowinie. Bior\u0105 czynny udzia\u0142 w uroczysto\u015bciach ko\u015bcielnych, dzia\u0142alno\u015bci Zwi\u0105zku Podhalan oraz w\u00a0licznych wydarzeniach kulturalnych na Podhalu, a tak\u017ce w kraju i za granic\u0105. Wyst\u0119powali w operze g\u00f3ralskiej<em> \u201e<\/em>Ojciec \u015awi\u0119ty Jan Pawe\u0142 II na Podhalu<em>\u201d<\/em>, kt\u00f3rej wystawienia odby\u0142y si\u0119 w Teatrze Narodowym, Operze Krakowskiej i Teatrze Capranica w Rzymie.<\/p>\n<p>&nbsp;<\/p>\n","protected":false},"featured_media":642,"template":"","acf":[],"_links":{"self":[{"href":"http:\/\/archiwum.festiwale.zakopane.pl\/festiwal-koled-2020\/wp-json\/wp\/v2\/artysci\/641"}],"collection":[{"href":"http:\/\/archiwum.festiwale.zakopane.pl\/festiwal-koled-2020\/wp-json\/wp\/v2\/artysci"}],"about":[{"href":"http:\/\/archiwum.festiwale.zakopane.pl\/festiwal-koled-2020\/wp-json\/wp\/v2\/types\/artysci"}],"wp:featuredmedia":[{"embeddable":true,"href":"http:\/\/archiwum.festiwale.zakopane.pl\/festiwal-koled-2020\/wp-json\/wp\/v2\/media\/642"}],"wp:attachment":[{"href":"http:\/\/archiwum.festiwale.zakopane.pl\/festiwal-koled-2020\/wp-json\/wp\/v2\/media?parent=641"}],"curies":[{"name":"wp","href":"https:\/\/api.w.org\/{rel}","templated":true}]}}

Rodzina Lassaków &#8222;Heliosów&#8221;

<p>Rodziny Lassaków i Maciatów kontynuują wielopokoleniowe tradycje muzykowania.</p>
<p>Pradziadek Szymon Lassak z Zębu budował w 1904 roku Kapliczkę w Jaszczurówce wg projektu Stanisława Witkiewicza. W tym też roku urodził się jeden z jego synów, Franciszek (dziadek Tomasza i Janusza) – cieśla, wybitny prymista i krawiec „portek” góralskich. Przekazał swoje umiejętności synom i wnukom. <strong>Janusz</strong> jest prymistą, nauczycielem muzyki góralskiej, absolwentem Technikum Budowlanego. Na Festiwalu <em>„</em>Na Góralską Nutę<em>”</em> w Chicago trzykrotnie z rzędu zdobył I miejsce i został uhonorowany Nagrodą Specjalną &#8211; <em>Złóbcokami</em>. Na 47. MFFZG w Zakopanem otrzymał <em>Nagrodę Sabałowych Gęśli.</em> <strong>Tomasz</strong> jest muzykantem, śpiewakiem, technikiem budowlanym, wiernie kontynuującym góralskie tradycje architektoniczne. Wygrywał konkursy śpiewu pytackiego, konkursy dorożkarskie przy <em>Jesieni Tatrzańskiej</em> w Zakopanem. Był solistą opery góralskiej <em>„</em>Ojciec Święty Jan Paweł II na Podhalu<em>”</em>.</p>
<p>W rodzinie Maciatów Józef Maciata – muzykant, stolarz – grał w zespołach regionalnych, uczył dzieci z Białego Dunajca gry na skrzypcach. Swoim dzieciom przekazał miłość do muzyki i kultury góralskiej. <strong>Janina</strong> jest etnografem i absolwentką Akademii Ekonomicznej. <strong>Halina</strong> ukończyła Politechnikę Krakowską, jest etnomuzykologiem, pedagogiem, jurorem konkursów ludowych, m.in. Międzynarodowego Festiwalu Folkloru Ziem Górskich w Zakopanem. <strong>Stanisław</strong> Maciata jest inżynierem, był długoletnim pracownikiem Starostwa Nowotarskiego w Wydziale Architektury. Rodzeństwo było członkami licznych zespołów regionalnych (m.in.: „Małe Podhale”, „Zespół im. A. Skupnia Florka” z Białego Dunajca, „Hyrni” z Chicago) oraz instruktorami studenckiego zespołu „Skalni”.</p>
<p>Młode pokolenie, kuzynki: Katarzyna, Anna, Michalina i Helena należą do Zespołu im. Klimka Bachledy. Siostry <strong>Katarzyna</strong> i <strong>Anna</strong> są absolwentkami Państwowej Ogólnokształcącej Szkoły Artystycznej w Zakopanem, w klasie skrzypiec i fortepianu. Są laureatkami konkursów muzycznych, plastycznych i literackich. <strong>Katarzyna</strong> ukończyła studia na Uniwersytecie Muzycznym Fryderyka Chopina w klasie skrzypiec prof. UMFC, dra hab. Janusza Wawrowskiego oraz filologię angielską na Uniwersytecie Warszawskim. Występuje jako solistka i kameralistka z zespołem Warsaw String Players oraz z Tatrzańską Orkiestrą Klimatyczną. Zdobyła pierwsze miejsce w XVII Ogólnopolskim Konkursie Wokalnym „Pamiętajmy o Osieckiej”. Jako prymistka jest laureatką Międzynarodowego Konkursu Kapel, Śpiewaków i Instrumentalistów Ludowych, „Sabałowych Bajań”, „Berdowego Muzykowania”. <strong>Anna</strong> studiuje śpiew solowy w klasie prof. dr hab. Jadwigi Rappé na UMFC oraz prawo na UKSW. Siostry <strong>Michalina</strong> i <strong>Helena </strong>należą do góralskiego zespołu studenckiego „Skalni”. <strong>Michalina </strong>ukończyła studia na Wydziale Chemii Uniwersytetu Jagiellońskiego w Krakowie, ze specjalizacją magisterską w nowoczesnej syntezie i fizykochemii organicznej. <strong>Helena </strong>studiuje filologię angielską na Uniwersytecie Jagiellońskim.</p>
<p>Obie rodziny są laureatami Konkursu Kapel Ludowych w Kazimierzu Dolnym. Wspólnie wygrali Konkurs Kapel w Chicago. Rodzina zdobyła I Nagrodę na <em>„</em>Przednówku w Polanach<em>” </em>w Kościelisku, I miejsce na „XI Dziadońcynym Graniu” w Bukowinie. Biorą czynny udział w uroczystościach kościelnych, działalności Związku Podhalan oraz w licznych wydarzeniach kulturalnych na Podhalu, a także w kraju i za granicą. Występowali w operze góralskiej<em> „</em>Ojciec Święty Jan Paweł II na Podhalu<em>”</em>, której wystawienia odbyły się w Teatrze Narodowym, Operze Krakowskiej i Teatrze Capranica w Rzymie.</p>
<p>&nbsp;</p>
