{"id":638,"date":"2020-12-08T07:51:15","date_gmt":"2020-12-08T06:51:15","guid":{"rendered":"https:\/\/festiwale.zakopane.pl\/festiwal-koled-2020\/?post_type=artysci&#038;p=638"},"modified":"2020-12-08T07:51:15","modified_gmt":"2020-12-08T06:51:15","slug":"zespol-goralski-im-klimka-bachledy-z-zakopanego","status":"publish","type":"artysci","link":"http:\/\/archiwum.festiwale.zakopane.pl\/festiwal-koled-2020\/artysci\/zespol-goralski-im-klimka-bachledy-z-zakopanego\/","title":{"rendered":"Zesp\u00f3\u0142 G\u00f3ralski im. Klimka Bachledy z Zakopanego"},"content":{"rendered":"<p>Zesp\u00f3\u0142 powsta\u0142 w 1952 roku przy zakopia\u0144skiej \u201eCepelii\u201d. W 1957 roku, po reaktywacji Zwi\u0105zku Podhalan, przeszed\u0142 pod jego opiek\u0119 i dzia\u0142a przy Zwi\u0105zku do dzi\u015b. Zesp\u00f3\u0142 zrzesza m\u0142odzie\u017c i doros\u0142ych, kt\u00f3rym kultura g\u00f3ralska, autentyczny \u015bpiew, taniec, muzyka, gwara, le\u017c\u0105 bardzo na sercu. Od ponad p\u00f3\u0142 wieku piel\u0119gnuje tradycje, kt\u00f3re w regionie Podhala s\u0105 ci\u0105gle \u017cywe. Dorobek artystyczny zespo\u0142u to programy i przestawienia oparte na tradycjach podhala\u0144skich, m.in. programy: <em>Na hali, Zaloty, Wesele g\u00f3ralskie, Jase\u0142ka<\/em>. Cz\u0142onkowie zespo\u0142u udzielali si\u0119 jako aktorzy w sztukach napisanych przez Juliana Reimschussela, a w latach 60-tych i 90-tych XX wieku opracowali jedyn\u0105 w tamtym czasie oper\u0119 g\u00f3ralsk\u0105 pt<em>. Jadwisia spod regli<\/em>, kt\u00f3ra wesz\u0142a w kanon g\u00f3ralskiej sztuki. Zesp\u00f3\u0142 aktywnie uczestniczy w \u017cyciu Miasta Zakopane, przygotowuj\u0105c opraw\u0119 artystyczn\u0105 wydarze\u0144 organizowanych przez Miasto. Od kilku lat u\u015bwietnia r\u00f3wnie\u017c opraw\u0119 Mszy \u015aw. w Starym Ko\u015bci\u00f3\u0142ku na P\u0119ksowym Brzyzku oraz Europejskie Targi Produkt\u00f3w Regionalnych. Szeroka dzia\u0142alno\u015b\u0107 edukacyjna Zespo\u0142u obejmuje tak\u017ce lekcje o regionie Podhala. \u201eKlimki\u201d uczestnicz\u0105 w wielu przegl\u0105dach i konkursach, zdobywaj\u0105c niejednokrotnie g\u0142\u00f3wne nagrody, cz\u0119sto koncertuj\u0105 na cele charytatywne. Cz\u0142onkowie zespo\u0142u mieli tak\u017ce okazj\u0119 odwiedzi\u0107 pi\u0119kne zak\u0105tki Polski i Europy, a w latach 70-tych koncertowali w Ameryce P\u00f3\u0142nocnej. Kierownikiem zespo\u0142u jest Zofia Kubiniec-Stanuch.<\/p>\n","protected":false},"featured_media":639,"template":"","acf":[],"_links":{"self":[{"href":"http:\/\/archiwum.festiwale.zakopane.pl\/festiwal-koled-2020\/wp-json\/wp\/v2\/artysci\/638"}],"collection":[{"href":"http:\/\/archiwum.festiwale.zakopane.pl\/festiwal-koled-2020\/wp-json\/wp\/v2\/artysci"}],"about":[{"href":"http:\/\/archiwum.festiwale.zakopane.pl\/festiwal-koled-2020\/wp-json\/wp\/v2\/types\/artysci"}],"wp:featuredmedia":[{"embeddable":true,"href":"http:\/\/archiwum.festiwale.zakopane.pl\/festiwal-koled-2020\/wp-json\/wp\/v2\/media\/639"}],"wp:attachment":[{"href":"http:\/\/archiwum.festiwale.zakopane.pl\/festiwal-koled-2020\/wp-json\/wp\/v2\/media?parent=638"}],"curies":[{"name":"wp","href":"https:\/\/api.w.org\/{rel}","templated":true}]}}

Zespół Góralski im. Klimka Bachledy z Zakopanego

<p>Zespół powstał w 1952 roku przy zakopiańskiej „Cepelii”. W 1957 roku, po reaktywacji Związku Podhalan, przeszedł pod jego opiekę i działa przy Związku do dziś. Zespół zrzesza młodzież i dorosłych, którym kultura góralska, autentyczny śpiew, taniec, muzyka, gwara, leżą bardzo na sercu. Od ponad pół wieku pielęgnuje tradycje, które w regionie Podhala są ciągle żywe. Dorobek artystyczny zespołu to programy i przestawienia oparte na tradycjach podhalańskich, m.in. programy: <em>Na hali, Zaloty, Wesele góralskie, Jasełka</em>. Członkowie zespołu udzielali się jako aktorzy w sztukach napisanych przez Juliana Reimschussela, a w latach 60-tych i 90-tych XX wieku opracowali jedyną w tamtym czasie operę góralską pt<em>. Jadwisia spod regli</em>, która weszła w kanon góralskiej sztuki. Zespół aktywnie uczestniczy w życiu Miasta Zakopane, przygotowując oprawę artystyczną wydarzeń organizowanych przez Miasto. Od kilku lat uświetnia również oprawę Mszy Św. w Starym Kościółku na Pęksowym Brzyzku oraz Europejskie Targi Produktów Regionalnych. Szeroka działalność edukacyjna Zespołu obejmuje także lekcje o regionie Podhala. „Klimki” uczestniczą w wielu przeglądach i konkursach, zdobywając niejednokrotnie główne nagrody, często koncertują na cele charytatywne. Członkowie zespołu mieli także okazję odwiedzić piękne zakątki Polski i Europy, a w latach 70-tych koncertowali w Ameryce Północnej. Kierownikiem zespołu jest Zofia Kubiniec-Stanuch.</p>
