{"id":630,"date":"2020-12-08T07:44:03","date_gmt":"2020-12-08T06:44:03","guid":{"rendered":"https:\/\/festiwale.zakopane.pl\/festiwal-koled-2020\/?post_type=artysci&#038;p=630"},"modified":"2020-12-08T09:51:34","modified_gmt":"2020-12-08T08:51:34","slug":"9siyl","status":"publish","type":"artysci","link":"http:\/\/archiwum.festiwale.zakopane.pl\/festiwal-koled-2020\/artysci\/9siyl\/","title":{"rendered":"9SIY\u0141"},"content":{"rendered":"<p>Zesp\u00f3\u0142 9SIY\u0141 powsta\u0142 w roku 2016 z inicjatywy Pani El\u017cbiety Porebskiej-M\u0119do\u0144.\u00a0 Od samego pocz\u0105tku swojej dzia\u0142alno\u015bci zesp\u00f3\u0142 zajmuje si\u0119 prezentacj\u0105 tradycyjnego folkloru podhala\u0144skiego w oryginalnej formie, czerpi\u0105c ze starych \u017ar\u00f3de\u0142.\u00a0 Cz\u0142onkowie zespo\u0142u k\u0142ad\u0105\u00a0 nacisk na zachowanie tradycyjnych cech \u015bpiewu, muzyki, obrz\u0119d\u00f3w.\u00a0 Zesp\u00f3\u0142 tworzy m\u0142odzie\u017c w wieku od 16 do 21 lat pochodz\u0105ca z podhala\u0144skich miejscowo\u015bci- Bia\u0142ego Dunajca, Ko\u015bcieliska, Zakopanego i Cichego.\u00a0 Zar\u00f3wno kapela jak i grupa \u015bpiewacza s\u0105 laureatami licznych konkurs\u00f3w. Zesp\u00f3\u0142 wyst\u0119powa\u0142 na licznych scenach zar\u00f3wno w kraju jak i za granic\u0105- w Chinach, w Indiach, we Francji, na S\u0142owacji i Czechach.\u00a0 Owocem pracy 9SIY\u0141 s\u0105 dwa dwup\u0142ytowe albumy pt. \u201ePrzy Betlejemskik Horak\u201d i \u201eNowyj wiesny przyse\u0142 cas\u201d,\u00a0 nad kt\u00f3rymi opiek\u0119 artystyczn\u0105 obj\u0105\u0142 Stanis\u0142aw Micha\u0142czak.<\/p>\n<p>&nbsp;<\/p>\n<p>Sk\u0142ad zespo\u0142u<\/p>\n<p>Anna G\u0105sienica-Byrcyn &#8211; \u015bpiew<\/p>\n<p>Aleksandra Dziedzina &#8211; \u015bpiew<\/p>\n<p>Weronika Waliczek &#8211; \u015bpiew<\/p>\n<p>\u0141ukasz Kostecki &#8211; \u015bpiew, skrzypce<\/p>\n<p>Pawe\u0142 Majerczyk &#8211; skrzypce, dudy podhala\u0144skie, instrumenty pasterskie<\/p>\n<p>Andrzej Gut-Mostowy &#8211; skrzypce, instrumenty pasterskie<\/p>\n<p>Jan Micha\u0142czak &#8211; skrzypce, z\u0142\u00f3bcoki Pawe\u0142 Dziedzina &#8211; skrzypce<\/p>\n<p>Jan Jakubiec Kubosek &#8211; basy podhala\u0144skie<\/p>\n","protected":false},"featured_media":631,"template":"","acf":[],"_links":{"self":[{"href":"http:\/\/archiwum.festiwale.zakopane.pl\/festiwal-koled-2020\/wp-json\/wp\/v2\/artysci\/630"}],"collection":[{"href":"http:\/\/archiwum.festiwale.zakopane.pl\/festiwal-koled-2020\/wp-json\/wp\/v2\/artysci"}],"about":[{"href":"http:\/\/archiwum.festiwale.zakopane.pl\/festiwal-koled-2020\/wp-json\/wp\/v2\/types\/artysci"}],"wp:featuredmedia":[{"embeddable":true,"href":"http:\/\/archiwum.festiwale.zakopane.pl\/festiwal-koled-2020\/wp-json\/wp\/v2\/media\/631"}],"wp:attachment":[{"href":"http:\/\/archiwum.festiwale.zakopane.pl\/festiwal-koled-2020\/wp-json\/wp\/v2\/media?parent=630"}],"curies":[{"name":"wp","href":"https:\/\/api.w.org\/{rel}","templated":true}]}}

9SIYŁ

<p>Zespół 9SIYŁ powstał w roku 2016 z inicjatywy Pani Elżbiety Porebskiej-Mędoń.  Od samego początku swojej działalności zespół zajmuje się prezentacją tradycyjnego folkloru podhalańskiego w oryginalnej formie, czerpiąc ze starych źródeł.  Członkowie zespołu kładą  nacisk na zachowanie tradycyjnych cech śpiewu, muzyki, obrzędów.  Zespół tworzy młodzież w wieku od 16 do 21 lat pochodząca z podhalańskich miejscowości- Białego Dunajca, Kościeliska, Zakopanego i Cichego.  Zarówno kapela jak i grupa śpiewacza są laureatami licznych konkursów. Zespół występował na licznych scenach zarówno w kraju jak i za granicą- w Chinach, w Indiach, we Francji, na Słowacji i Czechach.  Owocem pracy 9SIYŁ są dwa dwupłytowe albumy pt. „Przy Betlejemskik Horak” i „Nowyj wiesny przyseł cas”,  nad którymi opiekę artystyczną objął Stanisław Michałczak.</p>
<p>&nbsp;</p>
<p>Skład zespołu</p>
<p>Anna Gąsienica-Byrcyn &#8211; śpiew</p>
<p>Aleksandra Dziedzina &#8211; śpiew</p>
<p>Weronika Waliczek &#8211; śpiew</p>
<p>Łukasz Kostecki &#8211; śpiew, skrzypce</p>
<p>Paweł Majerczyk &#8211; skrzypce, dudy podhalańskie, instrumenty pasterskie</p>
<p>Andrzej Gut-Mostowy &#8211; skrzypce, instrumenty pasterskie</p>
<p>Jan Michałczak &#8211; skrzypce, złóbcoki Paweł Dziedzina &#8211; skrzypce</p>
<p>Jan Jakubiec Kubosek &#8211; basy podhalańskie</p>
