{"id":615,"date":"2020-12-03T10:58:27","date_gmt":"2020-12-03T09:58:27","guid":{"rendered":"https:\/\/festiwale.zakopane.pl\/festiwal-koled-2020\/?post_type=artysci&#038;p=615"},"modified":"2020-12-04T14:38:39","modified_gmt":"2020-12-04T13:38:39","slug":"hanka-rybka","status":"publish","type":"artysci","link":"http:\/\/archiwum.festiwale.zakopane.pl\/festiwal-koled-2020\/artysci\/hanka-rybka\/","title":{"rendered":"Hanka Rybka"},"content":{"rendered":"<p><strong>HANKA RYBKA<\/strong> \u2013<\/p>\n<p>Wszechstronna wokalistka, urodzi\u0142a si\u0119 i wychowa\u0142a w rodzinie piel\u0119gnuj\u0105cej tradycj\u0119 i obyczaje ludowe, dla kt\u00f3rej muzyka by\u0142a i jest naturalnym dope\u0142nieniem codziennego \u017cycia.<\/p>\n<p>Absolwentka Akademii Muzycznej w Katowicach, w klasie \u015bpiewu solowego.<\/p>\n<p>Dwukrotnie bra\u0142a udzia\u0142 w warsztatach wokalnych w Letniej Akademii Mozartowskiej w Salzburgu.<\/p>\n<p>Wyst\u0105pi\u0142a na wielu festiwalach folkowych w kraju i poza jego granicami. Jest laureatk\u0105\u00a0 wielu konkurs\u00f3w muzyki\u00a0 etno\/folk: w tym V Konkursu\u00a0 Folkowego Polskiego Radia \u201dNowa Tradycja\u201d pod przewodnictwem Czes\u0142awa Niemena \u2013 trzecia nagroda przez TV Polonia.<\/p>\n<p>W czerwcu 2002 roku Hanka Rybka reprezentowa\u0142a Polsk\u0119 na 25. Festiwalu Folkowym Europejskiej Unii Radiowej w Puli w Chorwacji.<\/p>\n<p>Nagra\u0142a p\u0142yt\u0119 zatytu\u0142owan\u0105 &#8221; I to, i to&#8221;. Album ten zosta\u0142 doceniony przez s\u0142uchaczy oraz \u015brodowisko muzyczne, czego dowodem by\u0142a nominacja do nagrody polskiego przemys\u0142u fonograficznego &#8222;Fryderyk 2004&#8221; w kategorii etno\/folk.<\/p>\n<p>Koncertowa\u0142a z kameraln\u0105 orkiestr\u0105 \u201cTatrza\u0144ska Orkiestra Klimatyczna\u201d pod dyrekcj\u0105 Agnieszki Kreiner.<\/p>\n<p>W maju 2006 roku Hanka Rybka wzi\u0119\u0142a udzia\u0142 w du\u017cym projekcie realizowanym dla Polonii Ameryka\u0144skiej w Chicago z udzia\u0142em The Paderewski\u00a0 Symphony\u00a0 Orchestra.<\/p>\n<p>W 2007 roku zosta\u0142a zaproszona do projektu przygotowanego przez legendarnego ameryka\u0144skiego jazzmena Bennie Maupin&#8217;a. Efektem ich wsp\u00f3lnej pracy jest p\u0142yta &#8222;Early Reflections&#8221; wydana w kwietniu 2008 roku na rynku ameryka\u0144skim. P\u0142yta zawiera m.in. wariacje jazzowe inspirowane muzyk\u0105 Szymanowskiego i Podhalan. P\u0142yta i wokalizy Hanki zebra\u0142y \u015bwietne recenzje.<\/p>\n<p>Koncerty promuj\u0105ce p\u0142yt\u0119 odby\u0142y na w znanych, presti\u017cowych scenach \u015bwiata, takich jak: Catalina Jazz Club- Hollywood, Jazz Standard Nowy York, Blue Note Mediolan, Jazz Club Ferrara we W\u0142oszech,\u00a0 niecji (Pary\u017c), Szwajcarii (Genewa) oraz Polsce (Zakopane, Kalisz, Krak\u00f3w).<\/p>\n<p>W 2012 zosta\u0142a zaproszona przez Petera Weissa do nowego niemiecko-polsko-portugalskiego projektu muzycznego: Jazzpool CRW &#8211; CANTUS. Trasa koncertowa odby\u0142a si\u0119 po Niemczech i Portugalii. Rok 2013 przyni\u00f3s\u0142 kolejne koncerty z udzia\u0142em tych muzyk\u00f3w.<\/p>\n<p>W 2017 roku przyznano przez Ministerstwo Kultury i Dziedzictwa Narodowego Okoliczno\u015bciowej Nagrody za wieloletni\u0105 dzia\u0142alno\u015b\u0107 na niwie kultury i promowania Podhala W 2019 Hanka Rybka wraz z zespo\u0142em otrzyma\u0142a z Ministerstwa Kultury i Dziedzictwa Narodowego Rzeczpospolitej Polskiej Br\u0105zowy Medal \u201cZas\u0142u\u017cony Kulturze GLORIA\u00a0 ARTIS\u201d.<\/p>\n<p>W 2019 Hanka Rybka jako Anna Chowaniec-Stasi\u0144ska zosta\u0142a odznaczona Z\u0142otym Krzy\u017cem Zas\u0142ugi.<\/p>\n","protected":false},"featured_media":626,"template":"","acf":[],"_links":{"self":[{"href":"http:\/\/archiwum.festiwale.zakopane.pl\/festiwal-koled-2020\/wp-json\/wp\/v2\/artysci\/615"}],"collection":[{"href":"http:\/\/archiwum.festiwale.zakopane.pl\/festiwal-koled-2020\/wp-json\/wp\/v2\/artysci"}],"about":[{"href":"http:\/\/archiwum.festiwale.zakopane.pl\/festiwal-koled-2020\/wp-json\/wp\/v2\/types\/artysci"}],"wp:featuredmedia":[{"embeddable":true,"href":"http:\/\/archiwum.festiwale.zakopane.pl\/festiwal-koled-2020\/wp-json\/wp\/v2\/media\/626"}],"wp:attachment":[{"href":"http:\/\/archiwum.festiwale.zakopane.pl\/festiwal-koled-2020\/wp-json\/wp\/v2\/media?parent=615"}],"curies":[{"name":"wp","href":"https:\/\/api.w.org\/{rel}","templated":true}]}}

<p><strong>HANKA RYBKA</strong> –</p>
<p>Wszechstronna wokalistka, urodziła się i wychowała w rodzinie pielęgnującej tradycję i obyczaje ludowe, dla której muzyka była i jest naturalnym dopełnieniem codziennego życia.</p>
<p>Absolwentka Akademii Muzycznej w Katowicach, w klasie śpiewu solowego.</p>
<p>Dwukrotnie brała udział w warsztatach wokalnych w Letniej Akademii Mozartowskiej w Salzburgu.</p>
<p>Wystąpiła na wielu festiwalach folkowych w kraju i poza jego granicami. Jest laureatką  wielu konkursów muzyki  etno/folk: w tym V Konkursu  Folkowego Polskiego Radia ”Nowa Tradycja” pod przewodnictwem Czesława Niemena – trzecia nagroda przez TV Polonia.</p>
<p>W czerwcu 2002 roku Hanka Rybka reprezentowała Polskę na 25. Festiwalu Folkowym Europejskiej Unii Radiowej w Puli w Chorwacji.</p>
<p>Nagrała płytę zatytułowaną &#8221; I to, i to&#8221;. Album ten został doceniony przez słuchaczy oraz środowisko muzyczne, czego dowodem była nominacja do nagrody polskiego przemysłu fonograficznego &#8222;Fryderyk 2004&#8221; w kategorii etno/folk.</p>
<p>Koncertowała z kameralną orkiestrą “Tatrzańska Orkiestra Klimatyczna” pod dyrekcją Agnieszki Kreiner.</p>
<p>W maju 2006 roku Hanka Rybka wzięła udział w dużym projekcie realizowanym dla Polonii Amerykańskiej w Chicago z udziałem The Paderewski  Symphony  Orchestra.</p>
<p>W 2007 roku została zaproszona do projektu przygotowanego przez legendarnego amerykańskiego jazzmena Bennie Maupin&#8217;a. Efektem ich wspólnej pracy jest płyta &#8222;Early Reflections&#8221; wydana w kwietniu 2008 roku na rynku amerykańskim. Płyta zawiera m.in. wariacje jazzowe inspirowane muzyką Szymanowskiego i Podhalan. Płyta i wokalizy Hanki zebrały świetne recenzje.</p>
<p>Koncerty promujące płytę odbyły na w znanych, prestiżowych scenach świata, takich jak: Catalina Jazz Club- Hollywood, Jazz Standard Nowy York, Blue Note Mediolan, Jazz Club Ferrara we Włoszech,  niecji (Paryż), Szwajcarii (Genewa) oraz Polsce (Zakopane, Kalisz, Kraków).</p>
<p>W 2012 została zaproszona przez Petera Weissa do nowego niemiecko-polsko-portugalskiego projektu muzycznego: Jazzpool CRW &#8211; CANTUS. Trasa koncertowa odbyła się po Niemczech i Portugalii. Rok 2013 przyniósł kolejne koncerty z udziałem tych muzyków.</p>
<p>W 2017 roku przyznano przez Ministerstwo Kultury i Dziedzictwa Narodowego Okolicznościowej Nagrody za wieloletnią działalność na niwie kultury i promowania Podhala W 2019 Hanka Rybka wraz z zespołem otrzymała z Ministerstwa Kultury i Dziedzictwa Narodowego Rzeczpospolitej Polskiej Brązowy Medal “Zasłużony Kulturze GLORIA  ARTIS”.</p>
<p>W 2019 Hanka Rybka jako Anna Chowaniec-Stasińska została odznaczona Złotym Krzyżem Zasługi.</p>
