{"id":613,"date":"2020-12-03T10:55:56","date_gmt":"2020-12-03T09:55:56","guid":{"rendered":"https:\/\/festiwale.zakopane.pl\/festiwal-koled-2020\/?post_type=artysci&#038;p=613"},"modified":"2020-12-03T10:55:56","modified_gmt":"2020-12-03T09:55:56","slug":"giewont","status":"publish","type":"artysci","link":"http:\/\/archiwum.festiwale.zakopane.pl\/festiwal-koled-2020\/artysci\/giewont\/","title":{"rendered":"Giewont"},"content":{"rendered":"<p>Parafialny Regionalny Zesp\u00f3\u0142 \u201e<strong><em>Giewont<\/em><\/strong>\u201d za\u0142o\u017cony zosta\u0142 w 1981 roku przez \u00f3wczesnego proboszcza olcza\u0144skiej parafii p.w. Matki Bo\u017cej Objawiaj\u0105cej Cudowny Medalik \u2013 ksi\u0119dza Jana Kowalika. By\u0142 pierwszym na Podhalu w czasach komunizmu regionalnym zespo\u0142em \u201eparafialnym\u201d. Swoim \u015bpiewem i muzyk\u0105 ubogaca\u0142 liturgie Mszy \u015aw. oraz wspiera\u0142 budow\u0119 ko\u015bcio\u0142a na Olczy. W swoim repertuarze mia\u0142 opracowane kilka program\u00f3w artystycznych, z kt\u00f3rymi wyst\u0119powa\u0142 na licznych wyjazdach krajowych oraz zagranicznych. Wa\u017cnym wydarzeniem w historii zespo\u0142u by\u0142 wyst\u0119p w Watykanie dla papie\u017ca Jana Paw\u0142a II.<\/p>\n<p>Od 2011 roku zespo\u0142em kieruj\u0105 Tomasz Galica, Maria Fr\u0105czysta i Katarzyna Stacho\u0144 -Groblowy.<\/p>\n<p>Zesp\u00f3\u0142 ma na swoim koncie wyst\u0119py krajowe i zagraniczne, a tak\u017ce kilka wydanych p\u0142yt o tematyce regionalnej oraz bo\u017conarodzeniowej, jest laureatem licznych konkurs\u00f3w i przegl\u0105d\u00f3w, zdobywc\u0105 srebrnej ciupagi 49. Mi\u0119dzynarodowego Festiwalu Folkloru Ziem G\u00f3rskich w Zakopanem. Obok \u201eGiewontu\u201d, kt\u00f3ry liczy 30 cz\u0142onk\u00f3w, funkcjonuje \u201eMa\u0142y Giewont\u201d, w kt\u00f3rym ta\u0144czy i \u015bpiewa oko\u0142o 70 dzieci. G\u0142\u00f3wnym zadaniem zespo\u0142u\u00a0 jest krzewienie tradycji i kultury Skalnego Podhala.<\/p>\n","protected":false},"featured_media":614,"template":"","acf":[],"_links":{"self":[{"href":"http:\/\/archiwum.festiwale.zakopane.pl\/festiwal-koled-2020\/wp-json\/wp\/v2\/artysci\/613"}],"collection":[{"href":"http:\/\/archiwum.festiwale.zakopane.pl\/festiwal-koled-2020\/wp-json\/wp\/v2\/artysci"}],"about":[{"href":"http:\/\/archiwum.festiwale.zakopane.pl\/festiwal-koled-2020\/wp-json\/wp\/v2\/types\/artysci"}],"wp:featuredmedia":[{"embeddable":true,"href":"http:\/\/archiwum.festiwale.zakopane.pl\/festiwal-koled-2020\/wp-json\/wp\/v2\/media\/614"}],"wp:attachment":[{"href":"http:\/\/archiwum.festiwale.zakopane.pl\/festiwal-koled-2020\/wp-json\/wp\/v2\/media?parent=613"}],"curies":[{"name":"wp","href":"https:\/\/api.w.org\/{rel}","templated":true}]}}

<p>Parafialny Regionalny Zespół „<strong><em>Giewont</em></strong>” założony został w 1981 roku przez ówczesnego proboszcza olczańskiej parafii p.w. Matki Bożej Objawiającej Cudowny Medalik – księdza Jana Kowalika. Był pierwszym na Podhalu w czasach komunizmu regionalnym zespołem „parafialnym”. Swoim śpiewem i muzyką ubogacał liturgie Mszy Św. oraz wspierał budowę kościoła na Olczy. W swoim repertuarze miał opracowane kilka programów artystycznych, z którymi występował na licznych wyjazdach krajowych oraz zagranicznych. Ważnym wydarzeniem w historii zespołu był występ w Watykanie dla papieża Jana Pawła II.</p>
<p>Od 2011 roku zespołem kierują Tomasz Galica, Maria Frączysta i Katarzyna Stachoń -Groblowy.</p>
<p>Zespół ma na swoim koncie występy krajowe i zagraniczne, a także kilka wydanych płyt o tematyce regionalnej oraz bożonarodzeniowej, jest laureatem licznych konkursów i przeglądów, zdobywcą srebrnej ciupagi 49. Międzynarodowego Festiwalu Folkloru Ziem Górskich w Zakopanem. Obok „Giewontu”, który liczy 30 członków, funkcjonuje „Mały Giewont”, w którym tańczy i śpiewa około 70 dzieci. Głównym zadaniem zespołu  jest krzewienie tradycji i kultury Skalnego Podhala.</p>
