{"id":43,"date":"2019-12-10T23:21:36","date_gmt":"2019-12-10T22:21:36","guid":{"rendered":"https:\/\/festiwale.zakopane.pl\/festiwal-koled-2020\/?post_type=artysci&#038;p=43"},"modified":"2020-12-08T07:42:31","modified_gmt":"2020-12-08T06:42:31","slug":"hanna-zbyryt","status":"publish","type":"artysci","link":"http:\/\/archiwum.festiwale.zakopane.pl\/festiwal-koled-2020\/artysci\/hanna-zbyryt\/","title":{"rendered":"Hanna Zbyryt"},"content":{"rendered":"<p><strong>Hanna Zbyryt<\/strong> &#8211; aktorka, re\u017cyserka, \u00a0od najm\u0142odszych lat wyst\u0119puje na deskach profesjonalnego Teatru u takich re\u017cyser\u00f3w jak Jarek Kilian , Adam Hanuszkiewicz . Ta\u0144czy\u0142a w Teatrze Ta\u0144ca w Cz\u0119stochowie i szkoli\u0142a si\u0119 wokalnie pod kierunkiem Maureen Scott w Londynie. Efektem by\u0142o uzyskanie dyplomu uko\u0144czenia \u00a0PWST , a tak\u017ce Studium Choreograficznego w Krakowie &#8211; Kierunek Taniec Wsp\u00f3\u0142czesny .<\/p>\n<p>Jest wsp\u00f3\u0142za\u0142o\u017cycielk\u0105 profesjonalnego <strong>Teatru Rozrywki RZT Szymaszkowa<\/strong> w Zakopanem , gdzie gram i re\u017cyseruj\u0119 ( wszystkie spektakle gramy z muzyk\u0105 na \u017cywo ). Od dw\u00f3ch lat na sta\u0142e wsp\u00f3\u0142pracuj\u0119 z Teatrem im. A.Mickiewicza w Cz\u0119stochowie pod okiem Dyrektor Magdaleny Piekorz .\u00a0 Zagra\u0142a g\u0142\u00f3wne role minn : <strong>Gerd\u0119 w ba\u015bni ,,Kr\u00f3lowa \u015aniegu &#8222;<\/strong> w Jej re\u017cyserii , z muzyk\u0105 A.Konarskiego oraz g\u0142\u00f3wn\u0105 rol\u0119 w spektaklu \u00a0<strong>\u201c Czy\u017c nie dobija si\u0119 Koni \u201c &#8211; Glori\u0119<\/strong><\/p>\n<p>Wsp\u00f3\u0142pracowa\u0142am minn z Instytutem J.Grotowskiego , Teatrem Pantomimy we Wroc\u0142awiu , Teatrem Witkacego w Zakopanem , Teatrem Capitol we Wroc\u0142awiu i Teatrem Wsp\u00f3\u0142czesnym w Warszawie .<\/p>\n<p>&nbsp;<\/p>\n<p><strong>Wojtek Wachu\u0142ka<\/strong> &#8211; kompozytor , \u00a0pianista , aran\u017cer ( muzyk krakowski ) na swoim koncie ma wiele realizacji radiowo-telewizyjnych i teatralnych w polsce i zagranic\u0105.<\/p>\n<p>&nbsp;<\/p>\n<p>&nbsp;<\/p>\n<p class=\"p5\"><span class=\"s1\">\u00a0<\/span><\/p>\n","protected":false},"featured_media":628,"template":"","acf":[],"_links":{"self":[{"href":"http:\/\/archiwum.festiwale.zakopane.pl\/festiwal-koled-2020\/wp-json\/wp\/v2\/artysci\/43"}],"collection":[{"href":"http:\/\/archiwum.festiwale.zakopane.pl\/festiwal-koled-2020\/wp-json\/wp\/v2\/artysci"}],"about":[{"href":"http:\/\/archiwum.festiwale.zakopane.pl\/festiwal-koled-2020\/wp-json\/wp\/v2\/types\/artysci"}],"wp:featuredmedia":[{"embeddable":true,"href":"http:\/\/archiwum.festiwale.zakopane.pl\/festiwal-koled-2020\/wp-json\/wp\/v2\/media\/628"}],"wp:attachment":[{"href":"http:\/\/archiwum.festiwale.zakopane.pl\/festiwal-koled-2020\/wp-json\/wp\/v2\/media?parent=43"}],"curies":[{"name":"wp","href":"https:\/\/api.w.org\/{rel}","templated":true}]}}

<p><strong>Hanna Zbyryt</strong> &#8211; aktorka, reżyserka,  od najmłodszych lat występuje na deskach profesjonalnego Teatru u takich reżyserów jak Jarek Kilian , Adam Hanuszkiewicz . Tańczyła w Teatrze Tańca w Częstochowie i szkoliła się wokalnie pod kierunkiem Maureen Scott w Londynie. Efektem było uzyskanie dyplomu ukończenia  PWST , a także Studium Choreograficznego w Krakowie &#8211; Kierunek Taniec Współczesny .</p>
<p>Jest współzałożycielką profesjonalnego <strong>Teatru Rozrywki RZT Szymaszkowa</strong> w Zakopanem , gdzie gram i reżyseruję ( wszystkie spektakle gramy z muzyką na żywo ). Od dwóch lat na stałe współpracuję z Teatrem im. A.Mickiewicza w Częstochowie pod okiem Dyrektor Magdaleny Piekorz .  Zagrała główne role minn : <strong>Gerdę w baśni ,,Królowa Śniegu &#8222;</strong> w Jej reżyserii , z muzyką A.Konarskiego oraz główną rolę w spektaklu  <strong>“ Czyż nie dobija się Koni “ &#8211; Glorię</strong></p>
<p>Współpracowałam minn z Instytutem J.Grotowskiego , Teatrem Pantomimy we Wrocławiu , Teatrem Witkacego w Zakopanem , Teatrem Capitol we Wrocławiu i Teatrem Współczesnym w Warszawie .</p>
<p>&nbsp;</p>
<p><strong>Wojtek Wachułka</strong> &#8211; kompozytor ,  pianista , aranżer ( muzyk krakowski ) na swoim koncie ma wiele realizacji radiowo-telewizyjnych i teatralnych w polsce i zagranicą.</p>
<p>&nbsp;</p>
<p>&nbsp;</p>
<p class="p5"><span class="s1"> </span></p>
