{"id":190,"date":"2019-12-19T11:27:30","date_gmt":"2019-12-19T10:27:30","guid":{"rendered":"https:\/\/festiwale.zakopane.pl\/festiwal-koled-2020\/?post_type=artysci&#038;p=190"},"modified":"2020-12-08T07:47:35","modified_gmt":"2020-12-08T06:47:35","slug":"megitza","status":"publish","type":"artysci","link":"http:\/\/archiwum.festiwale.zakopane.pl\/festiwal-koled-2020\/artysci\/megitza\/","title":{"rendered":"Megitza"},"content":{"rendered":"<p>Megitza to rodowita g\u00f3ralka graj\u0105ca na kontrabasie, wokalistka i kompozytorka Ma\u0142gorzata Babiarz, kt\u00f3ra w swojej tw\u00f3rczo\u015bci \u0142\u0105czy muzyk\u0119 \u015bwiata ze swoimi korzeniami. Nagra\u0142a do tej pory osiem p\u0142yt studyjnych z tradycyjnymi,\u00a0 lecz g\u0142\u00f3wnie w\u0142asnymi kompozycjami. Swoj\u0105 karier\u0119 muzyczn\u0105 rozpocz\u0119\u0142a w Stanach Zjednoczonych w 2008 roku.<\/p>\n<p>&#8222;Dobra nowina &#8211; Good Message&#8221; &#8211; taki jest przekaz koncertu kol\u0119d i pastora\u0142ek w wykonaniu Megitzy z zespo\u0142em. Arty\u015bci zaprezentuj\u0105 kol\u0119dy polskie i ze \u015bwiata.<\/p>\n<p>&#8222;Chcia\u0142abym, \u017ceby ten koncert, podobnie jak p\u0142yta, przyni\u00f3s\u0142 wzruszenie, mi\u0142o\u015b\u0107, niech uko\u0142ysze ludzkie troski i smutki, szczeg\u00f3lnie w obecnych czasach. Ka\u017cdy zas\u0142uguje na prezent, na mi\u0142o\u015b\u0107 i na szczypt\u0119 szcz\u0119\u015bcia &#8211; ka\u017cdego dnia, niech si\u0119 rodzi dobro w ka\u017cdym z nas, pomimo wszelkich przeciwno\u015bci losu&#8221;.<\/p>\n<p>&nbsp;<\/p>\n<p>Sk\u0142ad zespo\u0142u<\/p>\n<p>Ma\u0142gorzata Babiarz &#8211; wokal, kontrabas<\/p>\n<p>Konrad Lisas &#8211; akordeon<\/p>\n<p>Marcin Cyzowski &#8211; gitara, wokal<\/p>\n<p>Damian Niewi\u0144ski &#8211; perkusja, wokal<\/p>\n","protected":false},"featured_media":635,"template":"","acf":[],"_links":{"self":[{"href":"http:\/\/archiwum.festiwale.zakopane.pl\/festiwal-koled-2020\/wp-json\/wp\/v2\/artysci\/190"}],"collection":[{"href":"http:\/\/archiwum.festiwale.zakopane.pl\/festiwal-koled-2020\/wp-json\/wp\/v2\/artysci"}],"about":[{"href":"http:\/\/archiwum.festiwale.zakopane.pl\/festiwal-koled-2020\/wp-json\/wp\/v2\/types\/artysci"}],"wp:featuredmedia":[{"embeddable":true,"href":"http:\/\/archiwum.festiwale.zakopane.pl\/festiwal-koled-2020\/wp-json\/wp\/v2\/media\/635"}],"wp:attachment":[{"href":"http:\/\/archiwum.festiwale.zakopane.pl\/festiwal-koled-2020\/wp-json\/wp\/v2\/media?parent=190"}],"curies":[{"name":"wp","href":"https:\/\/api.w.org\/{rel}","templated":true}]}}

<p>Megitza to rodowita góralka grająca na kontrabasie, wokalistka i kompozytorka Małgorzata Babiarz, która w swojej twórczości łączy muzykę świata ze swoimi korzeniami. Nagrała do tej pory osiem płyt studyjnych z tradycyjnymi,  lecz głównie własnymi kompozycjami. Swoją karierę muzyczną rozpoczęła w Stanach Zjednoczonych w 2008 roku.</p>
<p>&#8222;Dobra nowina &#8211; Good Message&#8221; &#8211; taki jest przekaz koncertu kolęd i pastorałek w wykonaniu Megitzy z zespołem. Artyści zaprezentują kolędy polskie i ze świata.</p>
<p>&#8222;Chciałabym, żeby ten koncert, podobnie jak płyta, przyniósł wzruszenie, miłość, niech ukołysze ludzkie troski i smutki, szczególnie w obecnych czasach. Każdy zasługuje na prezent, na miłość i na szczyptę szczęścia &#8211; każdego dnia, niech się rodzi dobro w każdym z nas, pomimo wszelkich przeciwności losu&#8221;.</p>
<p>&nbsp;</p>
<p>Skład zespołu</p>
<p>Małgorzata Babiarz &#8211; wokal, kontrabas</p>
<p>Konrad Lisas &#8211; akordeon</p>
<p>Marcin Cyzowski &#8211; gitara, wokal</p>
<p>Damian Niewiński &#8211; perkusja, wokal</p>
