{"id":934,"date":"2021-07-14T09:57:02","date_gmt":"2021-07-14T07:57:02","guid":{"rendered":"https:\/\/festiwale.zakopane.pl\/festiwal-folkloru\/?page_id=934"},"modified":"2021-08-02T08:40:51","modified_gmt":"2021-08-02T06:40:51","slug":"plastyka-zdobnicza-plecionkarstwo-zabawkarstwo","status":"publish","type":"page","link":"http:\/\/archiwum.festiwale.zakopane.pl\/festiwal-folkloru\/plastyka-zdobnicza-plecionkarstwo-zabawkarstwo\/","title":{"rendered":"Plastyka zdobnicza, plecionkarstwo, zabawkarstwo"},"content":{"rendered":"<div class=\"o9v6fnle cxmmr5t8 oygrvhab hcukyx3x c1et5uql ii04i59q\">\n<div dir=\"auto\"><strong>Krystyna Szkilnik<\/strong> \u2013 maluje opolsk\u0105 porcelan\u0119 i tworzy pisanki, g\u0142ownie kroszonki. W motywach na pisankach i porcelanie dominuj\u0105 kwiaty, kt\u00f3re artystka wykonuje technik\u0105 malarsk\u0105 i dzi\u0119ki temu wyr\u00f3\u017cniaj\u0105 si\u0119 spo\u015br\u00f3d innych.<\/div>\n<\/div>\n<div class=\"o9v6fnle cxmmr5t8 oygrvhab hcukyx3x c1et5uql ii04i59q\">\n<div dir=\"auto\"><\/div>\n<\/div>\n<div class=\"o9v6fnle cxmmr5t8 oygrvhab hcukyx3x c1et5uql ii04i59q\">\n<div dir=\"auto\"><strong>Krystyny i Wojciecha Kojs<\/strong> \u2013 tworz\u0105 g\u00f3ralsk\u0105 bi\u017cuteri\u0119 artystyczn\u0105 g\u0142\u00f3wnie z materia\u0142\u00f3w ekologicznych. Swoje dzie\u0142a wykonuj\u0105 z korala i innych kamieni, a tak\u017ce z lnu i filcu. Mo\u017cna tak\u017ce znale\u017a\u0107 bi\u017cuteri\u0119 r\u0119cznie malowan\u0105.<\/div>\n<\/div>\n<div class=\"o9v6fnle cxmmr5t8 oygrvhab hcukyx3x c1et5uql ii04i59q\">\n<div dir=\"auto\"><\/div>\n<\/div>\n<div class=\"o9v6fnle cxmmr5t8 oygrvhab hcukyx3x c1et5uql ii04i59q\">\n<div dir=\"auto\"><strong>Piotr Mentel<\/strong> &#8211; artysta pochodzi ze Stryszawy, kt\u00f3ra jest znanym o\u015brodkiem zabawkarskim. Podobnie jak przodkowie tworzy kolorowe ptaszki, koniki i bryczki, karuzelki, klepoki czy szopki bo\u017conarodzeniowe.<\/div>\n<\/div>\n<div class=\"o9v6fnle cxmmr5t8 oygrvhab hcukyx3x c1et5uql ii04i59q\">\n<div dir=\"auto\"><\/div>\n<\/div>\n<div class=\"o9v6fnle cxmmr5t8 oygrvhab hcukyx3x c1et5uql ii04i59q\">\n<div dir=\"auto\"><strong>Kazimiera Balcerzak<\/strong> &#8211; obecnie specjalizuje si\u0119 w wycinance, ale wykonuje tak\u017ce haft sieradzki, kwiaty z bibu\u0142y , ozdoby \u015bwi\u0105teczne oraz tradycyjne paj\u0105ki. Wycinanka sieradzka jest jedna z najstarszych w Polsce. Artystka tworzy cacka, lalki, kozoki, wielobarwne r\u00f3zgi itd.<\/div>\n<\/div>\n<div class=\"o9v6fnle cxmmr5t8 oygrvhab hcukyx3x c1et5uql ii04i59q\">\n<div dir=\"auto\"><\/div>\n<\/div>\n<div class=\"o9v6fnle cxmmr5t8 oygrvhab hcukyx3x c1et5uql ii04i59q\">\n<div dir=\"auto\"><strong>Maria Ciecha\u0144ska<\/strong> \u2013 od lat tworzy kodry rodzajowe, kwiatowe, tasiemki, a tak\u017ce pisanki \u0142owickie. Wycinanki \u0142owickie wyplata z r\u0119cznie wycinanych fragment\u00f3w kolorowego papieru. W swoich pracach wykorzystuje stare wzory \u0142owieckie, a przewijaj\u0105cym si\u0119 motywem jej prac s\u0105 koguty i kwiaty oraz r\u00f3\u017cne scenki rodzajowe.<\/div>\n<\/div>\n<div class=\"o9v6fnle cxmmr5t8 oygrvhab hcukyx3x c1et5uql ii04i59q\">\n<div dir=\"auto\"><\/div>\n<\/div>\n<div class=\"o9v6fnle cxmmr5t8 oygrvhab hcukyx3x c1et5uql ii04i59q\">\n<div dir=\"auto\"><strong>Barbara Fr\u0105tczak<\/strong> \u2013 pochodzi z \u0141owicza. Artystka wykonuje pisanki, bombki malowane oraz kwiaty z bibu\u0142y.<\/div>\n<\/div>\n<div class=\"o9v6fnle cxmmr5t8 oygrvhab hcukyx3x c1et5uql ii04i59q\">\n<div dir=\"auto\"><\/div>\n<\/div>\n<div class=\"o9v6fnle cxmmr5t8 oygrvhab hcukyx3x c1et5uql ii04i59q\">\n<div dir=\"auto\"><strong>W\u0142adys\u0142awa Korona<\/strong> \u2013 artystka wykonuje figurki i \u015bwiece z wosku pszczelego.<\/div>\n<\/div>\n<div class=\"o9v6fnle cxmmr5t8 oygrvhab hcukyx3x c1et5uql ii04i59q\">\n<div dir=\"auto\"><\/div>\n<\/div>\n<div class=\"o9v6fnle cxmmr5t8 oygrvhab hcukyx3x c1et5uql ii04i59q\">\n<div dir=\"auto\"><strong>Alicja Matczak<\/strong> \u2013 z bibu\u0142y robi stylizowane kwiaty, a z papieru wycinanki. Wzory \u0142owickie wykorzystuje do ozdabianie pisanek. Tworzy zabawki choinkowe oraz wianki. Przede wszystkim po mistrzowsku wykonuje paj\u0105ki &#8211; ozdoby ze s\u0142omy, we\u0142ny, pi\u00f3rek, kolorowej bibu\u0142y i papieru.<\/div>\n<\/div>\n<div class=\"o9v6fnle cxmmr5t8 oygrvhab hcukyx3x c1et5uql ii04i59q\">\n<div dir=\"auto\"><\/div>\n<\/div>\n<div class=\"o9v6fnle cxmmr5t8 oygrvhab hcukyx3x c1et5uql ii04i59q\">\n<div dir=\"auto\"><strong>Barbara Dudzik<\/strong> \u2013 jest jedn\u0105 z tw\u00f3rczy\u0144, kt\u00f3ra podtrzymuje bogat\u0105 tradycj\u0119 wykonywania bukiet\u00f3w imieninowych i weselnych z wie\u0144c\u00f3w z bibu\u0142y i krepiny. Artystka nale\u017cy do \u017bywieckiej Szko\u0142y Tradycji. Bibu\u0142karstwem zajmuje si\u0119 od lat, a kwiaty tworzy inspiruj\u0105c si\u0119 por\u0105 roku za oknem.<\/div>\n<\/div>\n<div class=\"o9v6fnle cxmmr5t8 oygrvhab hcukyx3x c1et5uql ii04i59q\">\n<div dir=\"auto\"><\/div>\n<\/div>\n<div class=\"o9v6fnle cxmmr5t8 oygrvhab hcukyx3x c1et5uql ii04i59q\">\n<div dir=\"auto\"><strong>Joanna Saduniowska<\/strong> \u2013 zajmuje si\u0119 tworzeniem bi\u017cuterii. Ulubionym surowcem artystki jest koral hodowlany, ale naszyjniki i bransoletki wykonuje tak\u017ce z naturalnych kamieni p\u00f3\u0142szlachetnych.<\/div>\n<\/div>\n<div class=\"o9v6fnle cxmmr5t8 oygrvhab hcukyx3x c1et5uql ii04i59q\">\n<div dir=\"auto\"><\/div>\n<\/div>\n<div class=\"o9v6fnle cxmmr5t8 oygrvhab hcukyx3x c1et5uql ii04i59q\">\n<div dir=\"auto\"><strong>Regina Bia\u0142k<\/strong> \u2013 zajmuje si\u0119 plecionkarstwem , kt\u00f3re na Kaszubach by\u0142o bardzo popularne. Artystka wyplata koszyczki g\u0142\u00f3wnie z korzeni sosny, robi ozdoby z sitowia i kwiaty z bibu\u0142y. Interesuje si\u0119 makatk\u0105.<\/div>\n<\/div>\n<div class=\"o9v6fnle cxmmr5t8 oygrvhab hcukyx3x c1et5uql ii04i59q\">\n<div dir=\"auto\"><\/div>\n<\/div>\n","protected":false},"excerpt":{"rendered":"<p>Krystyna Szkilnik \u2013 maluje opolsk\u0105 porcelan\u0119 i tworzy pisanki, g\u0142ownie kroszonki. W motywach na pisankach [&hellip;]<\/p>\n","protected":false},"author":2,"featured_media":880,"parent":0,"menu_order":0,"comment_status":"closed","ping_status":"closed","template":"","meta":[],"acf":[],"_links":{"self":[{"href":"http:\/\/archiwum.festiwale.zakopane.pl\/festiwal-folkloru\/wp-json\/wp\/v2\/pages\/934"}],"collection":[{"href":"http:\/\/archiwum.festiwale.zakopane.pl\/festiwal-folkloru\/wp-json\/wp\/v2\/pages"}],"about":[{"href":"http:\/\/archiwum.festiwale.zakopane.pl\/festiwal-folkloru\/wp-json\/wp\/v2\/types\/page"}],"author":[{"embeddable":true,"href":"http:\/\/archiwum.festiwale.zakopane.pl\/festiwal-folkloru\/wp-json\/wp\/v2\/users\/2"}],"replies":[{"embeddable":true,"href":"http:\/\/archiwum.festiwale.zakopane.pl\/festiwal-folkloru\/wp-json\/wp\/v2\/comments?post=934"}],"version-history":[{"count":3,"href":"http:\/\/archiwum.festiwale.zakopane.pl\/festiwal-folkloru\/wp-json\/wp\/v2\/pages\/934\/revisions"}],"predecessor-version":[{"id":1025,"href":"http:\/\/archiwum.festiwale.zakopane.pl\/festiwal-folkloru\/wp-json\/wp\/v2\/pages\/934\/revisions\/1025"}],"wp:featuredmedia":[{"embeddable":true,"href":"http:\/\/archiwum.festiwale.zakopane.pl\/festiwal-folkloru\/wp-json\/wp\/v2\/media\/880"}],"wp:attachment":[{"href":"http:\/\/archiwum.festiwale.zakopane.pl\/festiwal-folkloru\/wp-json\/wp\/v2\/media?parent=934"}],"curies":[{"name":"wp","href":"https:\/\/api.w.org\/{rel}","templated":true}]}}