{"id":924,"date":"2021-07-14T09:56:05","date_gmt":"2021-07-14T07:56:05","guid":{"rendered":"https:\/\/festiwale.zakopane.pl\/festiwal-folkloru\/?page_id=924"},"modified":"2021-07-22T13:50:32","modified_gmt":"2021-07-22T11:50:32","slug":"malarstwo-na-szkle","status":"publish","type":"page","link":"http:\/\/archiwum.festiwale.zakopane.pl\/festiwal-folkloru\/malarstwo-na-szkle\/","title":{"rendered":"Malarstwo na szkle"},"content":{"rendered":"<div class=\"o9v6fnle cxmmr5t8 oygrvhab hcukyx3x c1et5uql ii04i59q\">\n<div dir=\"auto\"><strong>Sylwetki Tw\u00f3rc\u00f3w Ludowych. Malowanie na szkle:<\/strong><\/div>\n<div dir=\"auto\"><\/div>\n<div dir=\"auto\"><strong>Maria G\u0105sienica- G\u0142adczan<\/strong> &#8211; wypracowa\u0142a w\u0142asny styl malowania na szkle, a inspiracji szuka zar\u00f3wno w tradycji g\u00f3ralskiej, jak i nowoczesnym wzornictwie. Ch\u0119tnie maluje anio\u0142y, Matki Boskie, \u015bwi\u0105tki oraz sceny z \u017cycia G\u00f3rali Skalnego Podhala<\/div>\n<div dir=\"auto\"><\/div>\n<\/div>\n<div class=\"o9v6fnle cxmmr5t8 oygrvhab hcukyx3x c1et5uql ii04i59q\">\n<div dir=\"auto\"><strong>Zofia Mejerczyk Owczarek<\/strong> &#8211; tematy tw\u00f3rczo\u015bci artystki s\u0105 r\u00f3\u017cnorodne. Maluje Madonny, \u015bwi\u0119tych, sceny rodzajowe, a tak\u017ce obrazy na zam\u00f3wienie.<\/div>\n<div dir=\"auto\"><\/div>\n<\/div>\n<div class=\"o9v6fnle cxmmr5t8 oygrvhab hcukyx3x c1et5uql ii04i59q\">\n<div dir=\"auto\"><strong>Barbara Ga\u0142<\/strong> &#8211; przez 30 lat by\u0142a nauczycielk\u0105 w szkole, gdzie prowadzi\u0142a zaj\u0119cia plastyczne. Sama zarazi\u0142a si\u0119 pasj\u0105 malarstwa na szkle. Uwiecznia podhala\u0144skie zwyczaje, obrz\u0119dy i sceny rodzajowe.<\/div>\n<div dir=\"auto\"><\/div>\n<\/div>\n<div class=\"o9v6fnle cxmmr5t8 oygrvhab hcukyx3x c1et5uql ii04i59q\">\n<div dir=\"auto\"><strong>Maria Dudek<\/strong> &#8211; na jej obrazach znale\u017a\u0107 mo\u017cna \u015bwi\u0119tych, anio\u0142y, Matki Boskie, ale tak\u017ce zb\u00f3jnik\u00f3w i w ta\u0144cz\u0105cych g\u00f3rali. Swoje obrazy prezentowa\u0142a na wielu wystawach.<\/div>\n<div dir=\"auto\"><\/div>\n<\/div>\n<div class=\"o9v6fnle cxmmr5t8 oygrvhab hcukyx3x c1et5uql ii04i59q\">\n<div dir=\"auto\"><strong>Agnieszka G\u00f3rkiewicz<\/strong> &#8211; Jej Madonny i Anio\u0142y ubrane w g\u00f3ralskie &#8222;sukienki&#8221; od lat ciesz\u0105 wielbicieli malarstwa na szkle. Swoje prace prezentowa\u0142a na licznych wystawach.<\/div>\n<\/div>\n<div dir=\"auto\"><\/div>\n<div dir=\"auto\"><\/div>\n<div dir=\"auto\"><\/div>\n","protected":false},"excerpt":{"rendered":"<p>Sylwetki Tw\u00f3rc\u00f3w Ludowych. Malowanie na szkle: Maria G\u0105sienica- G\u0142adczan &#8211; wypracowa\u0142a w\u0142asny styl malowania na [&hellip;]<\/p>\n","protected":false},"author":2,"featured_media":988,"parent":0,"menu_order":0,"comment_status":"closed","ping_status":"closed","template":"","meta":[],"acf":[],"_links":{"self":[{"href":"http:\/\/archiwum.festiwale.zakopane.pl\/festiwal-folkloru\/wp-json\/wp\/v2\/pages\/924"}],"collection":[{"href":"http:\/\/archiwum.festiwale.zakopane.pl\/festiwal-folkloru\/wp-json\/wp\/v2\/pages"}],"about":[{"href":"http:\/\/archiwum.festiwale.zakopane.pl\/festiwal-folkloru\/wp-json\/wp\/v2\/types\/page"}],"author":[{"embeddable":true,"href":"http:\/\/archiwum.festiwale.zakopane.pl\/festiwal-folkloru\/wp-json\/wp\/v2\/users\/2"}],"replies":[{"embeddable":true,"href":"http:\/\/archiwum.festiwale.zakopane.pl\/festiwal-folkloru\/wp-json\/wp\/v2\/comments?post=924"}],"version-history":[{"count":5,"href":"http:\/\/archiwum.festiwale.zakopane.pl\/festiwal-folkloru\/wp-json\/wp\/v2\/pages\/924\/revisions"}],"predecessor-version":[{"id":993,"href":"http:\/\/archiwum.festiwale.zakopane.pl\/festiwal-folkloru\/wp-json\/wp\/v2\/pages\/924\/revisions\/993"}],"wp:featuredmedia":[{"embeddable":true,"href":"http:\/\/archiwum.festiwale.zakopane.pl\/festiwal-folkloru\/wp-json\/wp\/v2\/media\/988"}],"wp:attachment":[{"href":"http:\/\/archiwum.festiwale.zakopane.pl\/festiwal-folkloru\/wp-json\/wp\/v2\/media?parent=924"}],"curies":[{"name":"wp","href":"https:\/\/api.w.org\/{rel}","templated":true}]}}

<div class="o9v6fnle cxmmr5t8 oygrvhab hcukyx3x c1et5uql ii04i59q">
<div dir="auto"><strong>Sylwetki Twórców Ludowych. Malowanie na szkle:</strong></div>
<div dir="auto"></div>
<div dir="auto"><strong>Maria Gąsienica- Gładczan</strong> &#8211; wypracowała własny styl malowania na szkle, a inspiracji szuka zarówno w tradycji góralskiej, jak i nowoczesnym wzornictwie. Chętnie maluje anioły, Matki Boskie, świątki oraz sceny z życia Górali Skalnego Podhala</div>
<div dir="auto"></div>
</div>
<div class="o9v6fnle cxmmr5t8 oygrvhab hcukyx3x c1et5uql ii04i59q">
<div dir="auto"><strong>Zofia Mejerczyk Owczarek</strong> &#8211; tematy twórczości artystki są różnorodne. Maluje Madonny, świętych, sceny rodzajowe, a także obrazy na zamówienie.</div>
<div dir="auto"></div>
</div>
<div class="o9v6fnle cxmmr5t8 oygrvhab hcukyx3x c1et5uql ii04i59q">
<div dir="auto"><strong>Barbara Gał</strong> &#8211; przez 30 lat była nauczycielką w szkole, gdzie prowadziła zajęcia plastyczne. Sama zaraziła się pasją malarstwa na szkle. Uwiecznia podhalańskie zwyczaje, obrzędy i sceny rodzajowe.</div>
<div dir="auto"></div>
</div>
<div class="o9v6fnle cxmmr5t8 oygrvhab hcukyx3x c1et5uql ii04i59q">
<div dir="auto"><strong>Maria Dudek</strong> &#8211; na jej obrazach znaleźć można świętych, anioły, Matki Boskie, ale także zbójników i w tańczących górali. Swoje obrazy prezentowała na wielu wystawach.</div>
<div dir="auto"></div>
</div>
<div class="o9v6fnle cxmmr5t8 oygrvhab hcukyx3x c1et5uql ii04i59q">
<div dir="auto"><strong>Agnieszka Górkiewicz</strong> &#8211; Jej Madonny i Anioły ubrane w góralskie &#8222;sukienki&#8221; od lat cieszą wielbicieli malarstwa na szkle. Swoje prace prezentowała na licznych wystawach.</div>
</div>
<div dir="auto"></div>
<div dir="auto"></div>
<div dir="auto"></div>

<p>Sylwetki Twórców Ludowych. Malowanie na szkle: Maria Gąsienica- Gładczan &#8211; wypracowała własny styl malowania na [&hellip;]</p>
