{"id":922,"date":"2021-07-14T09:55:41","date_gmt":"2021-07-14T07:55:41","guid":{"rendered":"https:\/\/festiwale.zakopane.pl\/festiwal-folkloru\/?page_id=922"},"modified":"2021-07-22T13:47:49","modified_gmt":"2021-07-22T11:47:49","slug":"ksiazki-poezja","status":"publish","type":"page","link":"http:\/\/archiwum.festiwale.zakopane.pl\/festiwal-folkloru\/ksiazki-poezja\/","title":{"rendered":"Ksi\u0105\u017cki, poezja"},"content":{"rendered":"<div class=\"kvgmc6g5 cxmmr5t8 oygrvhab hcukyx3x c1et5uql ii04i59q\">\n<div dir=\"auto\"><strong>Sylwetki Tw\u00f3rc\u00f3w Ludowych. Ksi\u0105\u017cki:<\/strong><\/div>\n<div dir=\"auto\"><\/div>\n<\/div>\n<div class=\"o9v6fnle cxmmr5t8 oygrvhab hcukyx3x c1et5uql ii04i59q\">\n<div dir=\"auto\"><strong>Zofia Roj Mrozicka<\/strong> &#8211; urodzona w g\u00f3ralskiej rodzinie, laureatka wielu konkurs\u00f3w poetyckich. Wyda\u0142a pi\u0119tna\u015bcie ksi\u0105\u017cek ze swoj\u0105 tw\u00f3rczo\u015bci\u0105, g\u0142\u00f3wnie poezj\u0105, ale i opowiadaniami<\/div>\n<div dir=\"auto\"><\/div>\n<\/div>\n<div class=\"o9v6fnle cxmmr5t8 oygrvhab hcukyx3x c1et5uql ii04i59q\">\n<div dir=\"auto\"><strong>J\u00f3zef Pito\u0144<\/strong> &#8211; urodzony w Ko\u015bcielisku. Pierwszy tom z tekstami J\u00f3zefa Pitonia pt. &#8222;Moje bajdy&#8221; wyszed\u0142 drukiem w 1992 r., a w kolejnych latach pojawi\u0142y si\u0119 nast\u0119pne: &#8222;Naski \u015awiat&#8221;, &#8222;Roki lecom&#8221;, Zbojeckie sprawy&#8221; itd.<\/div>\n<div dir=\"auto\"><\/div>\n<\/div>\n<div class=\"o9v6fnle cxmmr5t8 oygrvhab hcukyx3x c1et5uql ii04i59q\">\n<div dir=\"auto\"><strong>J\u00f3zef Stopka Faktor<\/strong> &#8211; poeta, pisarz, tworz\u0105cy gwar\u0105<\/div>\n<div dir=\"auto\"><\/div>\n<\/div>\n<div class=\"o9v6fnle cxmmr5t8 oygrvhab hcukyx3x c1et5uql ii04i59q\">\n<div dir=\"auto\"><strong>Teresa Bachleda Kominek<\/strong> &#8211; poetka, pisarka. Swoje poezje opublikowa\u0142a w trzech tomikach: &#8222;Bukowy Listecek&#8221;, &#8221; Reglowe \u015bwitanie&#8221;, &#8222;Mi\u0142o\u015bci Ty moja&#8221;. Pracuje nad kolejnymi.<\/div>\n<\/div>\n<div dir=\"auto\"><\/div>\n<div dir=\"auto\"><\/div>\n","protected":false},"excerpt":{"rendered":"<p>Sylwetki Tw\u00f3rc\u00f3w Ludowych. Ksi\u0105\u017cki: Zofia Roj Mrozicka &#8211; urodzona w g\u00f3ralskiej rodzinie, laureatka wielu konkurs\u00f3w [&hellip;]<\/p>\n","protected":false},"author":2,"featured_media":989,"parent":0,"menu_order":0,"comment_status":"closed","ping_status":"closed","template":"","meta":[],"acf":[],"_links":{"self":[{"href":"http:\/\/archiwum.festiwale.zakopane.pl\/festiwal-folkloru\/wp-json\/wp\/v2\/pages\/922"}],"collection":[{"href":"http:\/\/archiwum.festiwale.zakopane.pl\/festiwal-folkloru\/wp-json\/wp\/v2\/pages"}],"about":[{"href":"http:\/\/archiwum.festiwale.zakopane.pl\/festiwal-folkloru\/wp-json\/wp\/v2\/types\/page"}],"author":[{"embeddable":true,"href":"http:\/\/archiwum.festiwale.zakopane.pl\/festiwal-folkloru\/wp-json\/wp\/v2\/users\/2"}],"replies":[{"embeddable":true,"href":"http:\/\/archiwum.festiwale.zakopane.pl\/festiwal-folkloru\/wp-json\/wp\/v2\/comments?post=922"}],"version-history":[{"count":4,"href":"http:\/\/archiwum.festiwale.zakopane.pl\/festiwal-folkloru\/wp-json\/wp\/v2\/pages\/922\/revisions"}],"predecessor-version":[{"id":991,"href":"http:\/\/archiwum.festiwale.zakopane.pl\/festiwal-folkloru\/wp-json\/wp\/v2\/pages\/922\/revisions\/991"}],"wp:featuredmedia":[{"embeddable":true,"href":"http:\/\/archiwum.festiwale.zakopane.pl\/festiwal-folkloru\/wp-json\/wp\/v2\/media\/989"}],"wp:attachment":[{"href":"http:\/\/archiwum.festiwale.zakopane.pl\/festiwal-folkloru\/wp-json\/wp\/v2\/media?parent=922"}],"curies":[{"name":"wp","href":"https:\/\/api.w.org\/{rel}","templated":true}]}}

Książki, poezja

<div class="kvgmc6g5 cxmmr5t8 oygrvhab hcukyx3x c1et5uql ii04i59q">
<div dir="auto"><strong>Sylwetki Twórców Ludowych. Książki:</strong></div>
<div dir="auto"></div>
</div>
<div class="o9v6fnle cxmmr5t8 oygrvhab hcukyx3x c1et5uql ii04i59q">
<div dir="auto"><strong>Zofia Roj Mrozicka</strong> &#8211; urodzona w góralskiej rodzinie, laureatka wielu konkursów poetyckich. Wydała piętnaście książek ze swoją twórczością, głównie poezją, ale i opowiadaniami</div>
<div dir="auto"></div>
</div>
<div class="o9v6fnle cxmmr5t8 oygrvhab hcukyx3x c1et5uql ii04i59q">
<div dir="auto"><strong>Józef Pitoń</strong> &#8211; urodzony w Kościelisku. Pierwszy tom z tekstami Józefa Pitonia pt. &#8222;Moje bajdy&#8221; wyszedł drukiem w 1992 r., a w kolejnych latach pojawiły się następne: &#8222;Naski Świat&#8221;, &#8222;Roki lecom&#8221;, Zbojeckie sprawy&#8221; itd.</div>
<div dir="auto"></div>
</div>
<div class="o9v6fnle cxmmr5t8 oygrvhab hcukyx3x c1et5uql ii04i59q">
<div dir="auto"><strong>Józef Stopka Faktor</strong> &#8211; poeta, pisarz, tworzący gwarą</div>
<div dir="auto"></div>
</div>
<div class="o9v6fnle cxmmr5t8 oygrvhab hcukyx3x c1et5uql ii04i59q">
<div dir="auto"><strong>Teresa Bachleda Kominek</strong> &#8211; poetka, pisarka. Swoje poezje opublikowała w trzech tomikach: &#8222;Bukowy Listecek&#8221;, &#8221; Reglowe świtanie&#8221;, &#8222;Miłości Ty moja&#8221;. Pracuje nad kolejnymi.</div>
</div>
<div dir="auto"></div>
<div dir="auto"></div>

<p>Sylwetki Twórców Ludowych. Książki: Zofia Roj Mrozicka &#8211; urodzona w góralskiej rodzinie, laureatka wielu konkursów [&hellip;]</p>
