{"id":872,"date":"2021-06-24T08:33:04","date_gmt":"2021-06-24T06:33:04","guid":{"rendered":"https:\/\/festiwale.zakopane.pl\/festiwal-folkloru\/wp-content\/uploads\/sites\/13\/2021\/06\/Goralskie-wesele_fot.-Sylwia-Zoladek-3-z-5.jpg"},"modified":"2021-06-24T08:33:04","modified_gmt":"2021-06-24T06:33:04","slug":"goralskie-wesele_fot-sylwia-zoladek-3-z-5-2","status":"inherit","type":"attachment","link":"http:\/\/archiwum.festiwale.zakopane.pl\/festiwal-folkloru\/2021\/06\/24\/wystawa-zywiol-folkloru\/goralskie-wesele_fot-sylwia-zoladek-3-z-5-2\/","title":{"rendered":"G\u00f3ralskie wesele_fot. Sylwia \u017bo\u0142\u0105dek (3 z 5)"},"author":7,"comment_status":"closed","ping_status":"closed","template":"","meta":[],"acf":[],"smush":{"stats":{"percent":6.698171769558862,"bytes":10035,"size_before":149817,"size_after":139782,"time":0.11,"api_version":"1.0","lossy":false,"keep_exif":0},"sizes":{"medium":{"percent":8.34,"bytes":2013,"size_before":24127,"size_after":22114,"time":0.02},"thumbnail":{"percent":8,"bytes":777,"size_before":9714,"size_after":8937,"time":0.01},"medium_large":{"percent":6.25,"bytes":7245,"size_before":115976,"size_after":108731,"time":0.08}}},"description":{"rendered":"<p class=\"attachment\"><a href='http:\/\/archiwum.festiwale.zakopane.pl\/festiwal-folkloru\/wp-content\/uploads\/sites\/13\/2021\/06\/Goralskie-wesele_fot.-Sylwia-Zoladek-3-z-5.jpg'><img width=\"300\" height=\"200\" src=\"http:\/\/archiwum.festiwale.zakopane.pl\/festiwal-folkloru\/wp-content\/uploads\/sites\/13\/2021\/06\/Goralskie-wesele_fot.-Sylwia-Zoladek-3-z-5-300x200.jpg\" class=\"attachment-medium size-medium\" alt=\"\" loading=\"lazy\" srcset=\"http:\/\/archiwum.festiwale.zakopane.pl\/festiwal-folkloru\/wp-content\/uploads\/sites\/13\/2021\/06\/Goralskie-wesele_fot.-Sylwia-Zoladek-3-z-5-300x200.jpg 300w, http:\/\/archiwum.festiwale.zakopane.pl\/festiwal-folkloru\/wp-content\/uploads\/sites\/13\/2021\/06\/Goralskie-wesele_fot.-Sylwia-Zoladek-3-z-5-768x512.jpg 768w, http:\/\/archiwum.festiwale.zakopane.pl\/festiwal-folkloru\/wp-content\/uploads\/sites\/13\/2021\/06\/Goralskie-wesele_fot.-Sylwia-Zoladek-3-z-5.jpg 1000w\" sizes=\"(max-width: 300px) 100vw, 300px\" \/><\/a><\/p>\n"},"caption":{"rendered":""},"alt_text":"","media_type":"image","mime_type":"image\/jpeg","media_details":{"width":1000,"height":667,"file":"2021\/06\/Goralskie-wesele_fot.-Sylwia-Zoladek-3-z-5.jpg","sizes":{"medium":{"file":"Goralskie-wesele_fot.-Sylwia-Zoladek-3-z-5-300x200.jpg","width":300,"height":200,"mime_type":"image\/jpeg","source_url":"http:\/\/archiwum.festiwale.zakopane.pl\/festiwal-folkloru\/wp-content\/uploads\/sites\/13\/2021\/06\/Goralskie-wesele_fot.-Sylwia-Zoladek-3-z-5-300x200.jpg"},"thumbnail":{"file":"Goralskie-wesele_fot.-Sylwia-Zoladek-3-z-5-150x150.jpg","width":150,"height":150,"mime_type":"image\/jpeg","source_url":"http:\/\/archiwum.festiwale.zakopane.pl\/festiwal-folkloru\/wp-content\/uploads\/sites\/13\/2021\/06\/Goralskie-wesele_fot.-Sylwia-Zoladek-3-z-5-150x150.jpg"},"medium_large":{"file":"Goralskie-wesele_fot.-Sylwia-Zoladek-3-z-5-768x512.jpg","width":768,"height":512,"mime_type":"image\/jpeg","source_url":"http:\/\/archiwum.festiwale.zakopane.pl\/festiwal-folkloru\/wp-content\/uploads\/sites\/13\/2021\/06\/Goralskie-wesele_fot.-Sylwia-Zoladek-3-z-5-768x512.jpg"},"full":{"file":"Goralskie-wesele_fot.-Sylwia-Zoladek-3-z-5.jpg","width":1000,"height":667,"mime_type":"image\/jpeg","source_url":"http:\/\/archiwum.festiwale.zakopane.pl\/festiwal-folkloru\/wp-content\/uploads\/sites\/13\/2021\/06\/Goralskie-wesele_fot.-Sylwia-Zoladek-3-z-5.jpg"}},"image_meta":{"aperture":"5.6","credit":"","camera":"Canon EOS 70D","caption":"","created_timestamp":"1566064578","copyright":"Sylwia \u017bo\u0142\u0105dek","focal_length":"70","iso":"250","shutter_speed":"0.002","title":"","orientation":"0"}},"post":867,"source_url":"http:\/\/archiwum.festiwale.zakopane.pl\/festiwal-folkloru\/wp-content\/uploads\/sites\/13\/2021\/06\/Goralskie-wesele_fot.-Sylwia-Zoladek-3-z-5.jpg","_links":{"self":[{"href":"http:\/\/archiwum.festiwale.zakopane.pl\/festiwal-folkloru\/wp-json\/wp\/v2\/media\/872"}],"collection":[{"href":"http:\/\/archiwum.festiwale.zakopane.pl\/festiwal-folkloru\/wp-json\/wp\/v2\/media"}],"about":[{"href":"http:\/\/archiwum.festiwale.zakopane.pl\/festiwal-folkloru\/wp-json\/wp\/v2\/types\/attachment"}],"author":[{"embeddable":true,"href":"http:\/\/archiwum.festiwale.zakopane.pl\/festiwal-folkloru\/wp-json\/wp\/v2\/users\/7"}],"replies":[{"embeddable":true,"href":"http:\/\/archiwum.festiwale.zakopane.pl\/festiwal-folkloru\/wp-json\/wp\/v2\/comments?post=872"}]}}

Góralskie wesele_fot. Sylwia Żołądek (3 z 5)

Sylwia Żołądek
