{"id":206,"date":"2019-12-13T09:40:13","date_gmt":"2019-12-13T08:40:13","guid":{"rendered":"https:\/\/festiwale.zakopane.pl\/festiwal-folkloru\/?page_id=206"},"modified":"2020-07-22T14:42:19","modified_gmt":"2020-07-22T12:42:19","slug":"dla-mediow","status":"publish","type":"page","link":"http:\/\/archiwum.festiwale.zakopane.pl\/festiwal-folkloru-2020\/dla-mediow\/","title":{"rendered":"Dla medi\u00f3w"},"content":{"rendered":"<p><strong>Kontakt dla medi\u00f3w:<\/strong><\/p>\n<p><strong>tel. 18 20 20 452<\/strong><\/p>\n<p><strong>Biuro Prasowe serdecznie zaprasza dziennikarzy i fotoreporter\u00f3w na tegoroczny Mi\u0119dzynarodowy Festiwal Folkloru Ziem G\u00f3rskich w Zakopanem.<\/strong><\/p>\n<p><strong>O terminie sk\u0142adania wniosk\u00f3w o akredytacje poinformujemy wkr\u00f3tce. <\/strong><\/p>\n<p>&nbsp;<\/p>\n","protected":false},"excerpt":{"rendered":"<p>Kontakt dla medi\u00f3w: tel. 18 20 20 452 Biuro Prasowe serdecznie zaprasza dziennikarzy i fotoreporter\u00f3w [&hellip;]<\/p>\n","protected":false},"author":1,"featured_media":0,"parent":0,"menu_order":0,"comment_status":"closed","ping_status":"closed","template":"","meta":[],"acf":[],"_links":{"self":[{"href":"http:\/\/archiwum.festiwale.zakopane.pl\/festiwal-folkloru-2020\/wp-json\/wp\/v2\/pages\/206"}],"collection":[{"href":"http:\/\/archiwum.festiwale.zakopane.pl\/festiwal-folkloru-2020\/wp-json\/wp\/v2\/pages"}],"about":[{"href":"http:\/\/archiwum.festiwale.zakopane.pl\/festiwal-folkloru-2020\/wp-json\/wp\/v2\/types\/page"}],"author":[{"embeddable":true,"href":"http:\/\/archiwum.festiwale.zakopane.pl\/festiwal-folkloru-2020\/wp-json\/wp\/v2\/users\/1"}],"replies":[{"embeddable":true,"href":"http:\/\/archiwum.festiwale.zakopane.pl\/festiwal-folkloru-2020\/wp-json\/wp\/v2\/comments?post=206"}],"version-history":[{"count":2,"href":"http:\/\/archiwum.festiwale.zakopane.pl\/festiwal-folkloru-2020\/wp-json\/wp\/v2\/pages\/206\/revisions"}],"predecessor-version":[{"id":309,"href":"http:\/\/archiwum.festiwale.zakopane.pl\/festiwal-folkloru-2020\/wp-json\/wp\/v2\/pages\/206\/revisions\/309"}],"wp:attachment":[{"href":"http:\/\/archiwum.festiwale.zakopane.pl\/festiwal-folkloru-2020\/wp-json\/wp\/v2\/media?parent=206"}],"curies":[{"name":"wp","href":"https:\/\/api.w.org\/{rel}","templated":true}]}}

Dla mediów

<p><strong>Kontakt dla mediów:</strong></p>
<p><strong>tel. 18 20 20 452</strong></p>
<p><strong>Biuro Prasowe serdecznie zaprasza dziennikarzy i fotoreporterów na tegoroczny Międzynarodowy Festiwal Folkloru Ziem Górskich w Zakopanem.</strong></p>
<p><strong>O terminie składania wniosków o akredytacje poinformujemy wkrótce. </strong></p>
<p>&nbsp;</p>

<p>Kontakt dla mediów: tel. 18 20 20 452 Biuro Prasowe serdecznie zaprasza dziennikarzy i fotoreporterów [&hellip;]</p>
