{"id":204,"date":"2019-12-13T09:39:58","date_gmt":"2019-12-13T08:39:58","guid":{"rendered":"https:\/\/festiwale.zakopane.pl\/festiwal-folkloru\/?page_id=204"},"modified":"2020-08-18T11:01:34","modified_gmt":"2020-08-18T09:01:34","slug":"tv","status":"publish","type":"page","link":"http:\/\/archiwum.festiwale.zakopane.pl\/festiwal-folkloru-2020\/tv\/","title":{"rendered":"TV"},"content":{"rendered":"<div class=\"post-title\">\n<h4 id=\"3ef4ea91-cf9b-4939-8cde-03a4c0796334_title\"><\/h4>\n<\/div>\n<div class=\"post-content clearfix\">\n<div id=\"velacms-children-container-61abe893-78eb-43d4-9073-e23b63efebbf\" class=\"clearfix velacms-children-container\">\n<div id=\"widget_039aad4c-ceb0-4dcf-8a75-cc17cc7462cc\" class=\"widget velacms-widget-rich-content\" data-widget-id=\"fa3c6af2-12fb-4d5e-b634-0cda2f98c0b2\" data-widget-type=\"velacms-widget-rich-content\" data-widget-locked=\"\">\n<div class=\"widget-content\">\n<div class=\"innerHtml\">\n<p><strong>Zapraszamy do ogl\u0105dania Mi\u0119dzynarodowego Festiwalu Folkloru Ziem G\u00f3rskich w Zakopanem on-line. <\/strong><\/p>\n<p>Wszystkie transmisje dost\u0119pne s\u0105 na kanale MFFZG na Youtube.<\/p>\n<p><a href=\"https:\/\/www.youtube.com\/user\/MFFZG\">https:\/\/www.youtube.com\/user\/MFFZG<\/a><\/p>\n<\/div>\n<\/div>\n<\/div>\n<\/div>\n<\/div>\n","protected":false},"excerpt":{"rendered":"<p>Zapraszamy do ogl\u0105dania Mi\u0119dzynarodowego Festiwalu Folkloru Ziem G\u00f3rskich w Zakopanem on-line. Wszystkie transmisje dost\u0119pne s\u0105 [&hellip;]<\/p>\n","protected":false},"author":1,"featured_media":482,"parent":0,"menu_order":0,"comment_status":"closed","ping_status":"closed","template":"","meta":[],"acf":[],"_links":{"self":[{"href":"http:\/\/archiwum.festiwale.zakopane.pl\/festiwal-folkloru-2020\/wp-json\/wp\/v2\/pages\/204"}],"collection":[{"href":"http:\/\/archiwum.festiwale.zakopane.pl\/festiwal-folkloru-2020\/wp-json\/wp\/v2\/pages"}],"about":[{"href":"http:\/\/archiwum.festiwale.zakopane.pl\/festiwal-folkloru-2020\/wp-json\/wp\/v2\/types\/page"}],"author":[{"embeddable":true,"href":"http:\/\/archiwum.festiwale.zakopane.pl\/festiwal-folkloru-2020\/wp-json\/wp\/v2\/users\/1"}],"replies":[{"embeddable":true,"href":"http:\/\/archiwum.festiwale.zakopane.pl\/festiwal-folkloru-2020\/wp-json\/wp\/v2\/comments?post=204"}],"version-history":[{"count":5,"href":"http:\/\/archiwum.festiwale.zakopane.pl\/festiwal-folkloru-2020\/wp-json\/wp\/v2\/pages\/204\/revisions"}],"predecessor-version":[{"id":483,"href":"http:\/\/archiwum.festiwale.zakopane.pl\/festiwal-folkloru-2020\/wp-json\/wp\/v2\/pages\/204\/revisions\/483"}],"wp:featuredmedia":[{"embeddable":true,"href":"http:\/\/archiwum.festiwale.zakopane.pl\/festiwal-folkloru-2020\/wp-json\/wp\/v2\/media\/482"}],"wp:attachment":[{"href":"http:\/\/archiwum.festiwale.zakopane.pl\/festiwal-folkloru-2020\/wp-json\/wp\/v2\/media?parent=204"}],"curies":[{"name":"wp","href":"https:\/\/api.w.org\/{rel}","templated":true}]}}

<div class="post-title">
<h4 id="3ef4ea91-cf9b-4939-8cde-03a4c0796334_title"></h4>
</div>
<div class="post-content clearfix">
<div id="velacms-children-container-61abe893-78eb-43d4-9073-e23b63efebbf" class="clearfix velacms-children-container">
<div id="widget_039aad4c-ceb0-4dcf-8a75-cc17cc7462cc" class="widget velacms-widget-rich-content" data-widget-id="fa3c6af2-12fb-4d5e-b634-0cda2f98c0b2" data-widget-type="velacms-widget-rich-content" data-widget-locked="">
<div class="widget-content">
<div class="innerHtml">
<p><strong>Zapraszamy do oglądania Międzynarodowego Festiwalu Folkloru Ziem Górskich w Zakopanem on-line. </strong></p>
<p>Wszystkie transmisje dostępne są na kanale MFFZG na Youtube.</p>
<p><a href="https://www.youtube.com/user/MFFZG">https://www.youtube.com/user/MFFZG</a></p>
</div>
</div>
</div>
</div>
</div>

<p>Zapraszamy do oglądania Międzynarodowego Festiwalu Folkloru Ziem Górskich w Zakopanem on-line. Wszystkie transmisje dostępne są [&hellip;]</p>
