{"id":777,"date":"2021-09-28T14:32:19","date_gmt":"2021-09-28T12:32:19","guid":{"rendered":"https:\/\/festiwale.zakopane.pl\/festiwal-folkloru-2020\/?post_type=artysci&#038;p=777"},"modified":"2021-09-28T14:32:19","modified_gmt":"2021-09-28T12:32:19","slug":"777","status":"publish","type":"artysci","link":"http:\/\/archiwum.festiwale.zakopane.pl\/festiwal-folkloru-2020\/artysci\/777\/","title":{"rendered":""},"content":{"rendered":"<p><strong>Beata Bugaj-Tomaszewska, Ma\u0142gorzata Drozd-Witek \u2013 malarstwo<\/strong><\/p>\n<p><strong>Laureatki 2. Og\u00f3lnopolskiego Konkursu Malarskiego \u201eMoje Zakopane\u201d<\/strong><\/p>\n<p>2-30 pa\u017adziernika 2021<\/p>\n<p>Zakopia\u0144skie Centrum Kultury<\/p>\n<p>Miejska Galeria Sztuki im. W\u0142. hr. Zamoyskiego w Zakopanem<\/p>\n<p>Kuratorka wystawy: Lidia Rosi\u0144ska-Podle\u015bny<\/p>\n<p>Wernisa\u017c: 1 pa\u017adziernika (pi\u0105tek) 2021 o godz. 17:00<br \/>\nZe wzgl\u0119du na aktualne obostrzenia zwi\u0105zane z wirusem COVID-19, ilo\u015b\u0107 miejsc ograniczona.<\/p>\n<p>Serdecznie zapraszamy do Miejskiej Galerii Sztuki na wystaw\u0119 laureatek 2. Og\u00f3lnopolskiego Konkursu Malarskiego \u201eMoje Zakopane\u201d. Prezentowana ekspozycja pozwala na ukazanie szerokiego spektrum mo\u017cliwo\u015bci tw\u00f3rczych i \u017ar\u00f3de\u0142 inspiracji estetycznej dw\u00f3ch artystek: Beaty Bugaj-Tomaszewskiej i Ma\u0142gorzaty Drozd-Witek.<\/p>\n<p>W 2019 roku obie artystki zdoby\u0142y ex aequo Grand Prix Burmistrza Miasta Zakopane Leszka Doruli w 2. Og\u00f3lnopolskim Konkursie Malarskim \u201eMoje Zakopane\u201d.<\/p>\n<p><strong>Beata Bugaj-Tomaszewska <\/strong>\u2013 ur. w 1977 roku w Staszowie. Studiowa\u0142a na Wydziale Edukacji Wizualnej Akademii Sztuk Pi\u0119knych w \u0141odzi, w Pracowni Grafiki Warsztatowej prof. Tomasza Chojnackiego i Pracowni Malarstwa i Rysunku prof. Romana Ha\u0142ata. W 2002 roku obroni\u0142a dyplom magisterski wyr\u00f3\u017cnieniem. Dyplom doktora sztuki \u2013 promotor dr hab. Aleksandra Gieraga prof. ASP. Zajmuje si\u0119 malarstwem i arteterapi\u0105. Tworzy obiekty. Artystka bra\u0142a udzia\u0142 w licznych wystawach indywidualnych oraz zbiorowych w kraju i za granic\u0105.<\/p>\n<p><strong>Ma\u0142gorzata Drozd-Witek <\/strong>\u2013 ur. w 1978 roku w \u0141a\u0144cucie. Jest absolwentk\u0105 Instytutu Sztuk Pi\u0119knych Uniwersytetu Rzeszowskiego. Dyplom z wyr\u00f3\u017cnieniem uzyska\u0142a w 2002 r. w pracowni malarstwa prowadzonej pod kierunkiem prof. Ireny Popio\u0142ek-Rodzi\u0144skiej oraz r\u00f3wnolegle w pracowni grafiki warsztatowej pod kierunkiem prof. Andrzeja Pietscha. Pracuje w Zak\u0142adzie Malarstwa macierzystej uczelni (obecnie ISP Kolegium Nauk Humanistycznych), prowadz\u0105c zaj\u0119cia z malarstwa i rysunku na kierunku: sztuki wizualne, grafika oraz dla s\u0142uchaczy UTW UR \u2013 obecnie profesor UR. Doktorat obroni\u0142a w 2013 roku na Wydziale Malarstwa ASP w Krakowie, habilitacj\u0119 uzyska\u0142a w 2020 r. Uchwa\u0142\u0105 Rady Dyscypliny Sztuki Plastyczne i Konserwacja Dzie\u0142 Sztuki UMK w Toruniu. Czynnie zajmuje si\u0119 malarstwem, rysunkiem, grafik\u0105 warsztatow\u0105. Ilustruje tomiki poezji. Zorganizowa\u0142a 17 wystaw indywidualnych, bra\u0142a udzia\u0142 w przesz\u0142o 170 ekspozycjach zbiorowych og\u00f3lnopolskich i mi\u0119dzynarodowych, w kraju i za granic\u0105. W dorobku posiada 19 nagr\u00f3d i wyr\u00f3\u017cnie\u0144 za tw\u00f3rczo\u015b\u0107 artystyczn\u0105.<\/p>\n<p>W trakcie Festiwalu w dniu 14 pa\u017adziernika zapraszamy na oprowadzanie kuratorskie: Lidia Rosi\u0144ska-Podle\u015bny.<\/p>\n<p>&nbsp;<\/p>\n<div id='gallery-1' class='gallery galleryid-777 gallery-columns-3 gallery-size-thumbnail'><figure class='gallery-item'>\n\t\t\t<div class='gallery-icon portrait'>\n\t\t\t\t<a href='http:\/\/archiwum.festiwale.zakopane.pl\/festiwal-folkloru-2020\/artysci\/777\/bbtzdjecie-portretowe\/'><img width=\"150\" height=\"150\" src=\"http:\/\/archiwum.festiwale.zakopane.pl\/festiwal-folkloru-2020\/wp-content\/uploads\/sites\/7\/2021\/09\/BBTzdjecie-portretowe-150x150.jpg\" class=\"attachment-thumbnail size-thumbnail\" alt=\"\" loading=\"lazy\" \/><\/a>\n\t\t\t<\/div><\/figure><figure class='gallery-item'>\n\t\t\t<div class='gallery-icon portrait'>\n\t\t\t\t<a href='http:\/\/archiwum.festiwale.zakopane.pl\/festiwal-folkloru-2020\/artysci\/777\/mdrozd-witek\/'><img width=\"150\" height=\"150\" src=\"http:\/\/archiwum.festiwale.zakopane.pl\/festiwal-folkloru-2020\/wp-content\/uploads\/sites\/7\/2021\/09\/MDrozd-Witek-150x150.jpg\" class=\"attachment-thumbnail size-thumbnail\" alt=\"\" loading=\"lazy\" \/><\/a>\n\t\t\t<\/div><\/figure><figure class='gallery-item'>\n\t\t\t<div class='gallery-icon landscape'>\n\t\t\t\t<a href='http:\/\/archiwum.festiwale.zakopane.pl\/festiwal-folkloru-2020\/artysci\/777\/malgorzata-drozd-witek-antaba-4-2018-mixed-techniqueon-canvas-50-x-50-cm-1\/'><img width=\"150\" height=\"150\" src=\"http:\/\/archiwum.festiwale.zakopane.pl\/festiwal-folkloru-2020\/wp-content\/uploads\/sites\/7\/2021\/09\/Malgorzata-Drozd-Witek-Antaba-4-2018-mixed-techniqueon-canvas-50-x-50-cm-1-150x150.jpg\" class=\"attachment-thumbnail size-thumbnail\" alt=\"\" loading=\"lazy\" srcset=\"http:\/\/archiwum.festiwale.zakopane.pl\/festiwal-folkloru-2020\/wp-content\/uploads\/sites\/7\/2021\/09\/Malgorzata-Drozd-Witek-Antaba-4-2018-mixed-techniqueon-canvas-50-x-50-cm-1-150x150.jpg 150w, http:\/\/archiwum.festiwale.zakopane.pl\/festiwal-folkloru-2020\/wp-content\/uploads\/sites\/7\/2021\/09\/Malgorzata-Drozd-Witek-Antaba-4-2018-mixed-techniqueon-canvas-50-x-50-cm-1-300x300.jpg 300w, http:\/\/archiwum.festiwale.zakopane.pl\/festiwal-folkloru-2020\/wp-content\/uploads\/sites\/7\/2021\/09\/Malgorzata-Drozd-Witek-Antaba-4-2018-mixed-techniqueon-canvas-50-x-50-cm-1-1024x1022.jpg 1024w, http:\/\/archiwum.festiwale.zakopane.pl\/festiwal-folkloru-2020\/wp-content\/uploads\/sites\/7\/2021\/09\/Malgorzata-Drozd-Witek-Antaba-4-2018-mixed-techniqueon-canvas-50-x-50-cm-1-768x767.jpg 768w, http:\/\/archiwum.festiwale.zakopane.pl\/festiwal-folkloru-2020\/wp-content\/uploads\/sites\/7\/2021\/09\/Malgorzata-Drozd-Witek-Antaba-4-2018-mixed-techniqueon-canvas-50-x-50-cm-1-1536x1533.jpg 1536w, http:\/\/archiwum.festiwale.zakopane.pl\/festiwal-folkloru-2020\/wp-content\/uploads\/sites\/7\/2021\/09\/Malgorzata-Drozd-Witek-Antaba-4-2018-mixed-techniqueon-canvas-50-x-50-cm-1-2048x2044.jpg 2048w\" sizes=\"(max-width: 150px) 100vw, 150px\" \/><\/a>\n\t\t\t<\/div><\/figure><figure class='gallery-item'>\n\t\t\t<div class='gallery-icon portrait'>\n\t\t\t\t<a href='http:\/\/archiwum.festiwale.zakopane.pl\/festiwal-folkloru-2020\/artysci\/777\/blekit-sie-przedziera_bugaj_tomaszewska_2maly\/'><img width=\"150\" height=\"150\" src=\"http:\/\/archiwum.festiwale.zakopane.pl\/festiwal-folkloru-2020\/wp-content\/uploads\/sites\/7\/2021\/09\/Blekit-sie-przedziera_Bugaj_Tomaszewska_2maly-150x150.jpg\" class=\"attachment-thumbnail size-thumbnail\" alt=\"\" loading=\"lazy\" \/><\/a>\n\t\t\t<\/div><\/figure>\n\t\t<\/div>\n\n","protected":false},"featured_media":778,"template":"","acf":[],"_links":{"self":[{"href":"http:\/\/archiwum.festiwale.zakopane.pl\/festiwal-folkloru-2020\/wp-json\/wp\/v2\/artysci\/777"}],"collection":[{"href":"http:\/\/archiwum.festiwale.zakopane.pl\/festiwal-folkloru-2020\/wp-json\/wp\/v2\/artysci"}],"about":[{"href":"http:\/\/archiwum.festiwale.zakopane.pl\/festiwal-folkloru-2020\/wp-json\/wp\/v2\/types\/artysci"}],"wp:featuredmedia":[{"embeddable":true,"href":"http:\/\/archiwum.festiwale.zakopane.pl\/festiwal-folkloru-2020\/wp-json\/wp\/v2\/media\/778"}],"wp:attachment":[{"href":"http:\/\/archiwum.festiwale.zakopane.pl\/festiwal-folkloru-2020\/wp-json\/wp\/v2\/media?parent=777"}],"curies":[{"name":"wp","href":"https:\/\/api.w.org\/{rel}","templated":true}]}}

<p><strong>Beata Bugaj-Tomaszewska, Małgorzata Drozd-Witek – malarstwo</strong></p>
<p><strong>Laureatki 2. Ogólnopolskiego Konkursu Malarskiego „Moje Zakopane”</strong></p>
<p>2-30 października 2021</p>
<p>Zakopiańskie Centrum Kultury</p>
<p>Miejska Galeria Sztuki im. Wł. hr. Zamoyskiego w Zakopanem</p>
<p>Kuratorka wystawy: Lidia Rosińska-Podleśny</p>
<p>Wernisaż: 1 października (piątek) 2021 o godz. 17:00<br />
Ze względu na aktualne obostrzenia związane z wirusem COVID-19, ilość miejsc ograniczona.</p>
<p>Serdecznie zapraszamy do Miejskiej Galerii Sztuki na wystawę laureatek 2. Ogólnopolskiego Konkursu Malarskiego „Moje Zakopane”. Prezentowana ekspozycja pozwala na ukazanie szerokiego spektrum możliwości twórczych i źródeł inspiracji estetycznej dwóch artystek: Beaty Bugaj-Tomaszewskiej i Małgorzaty Drozd-Witek.</p>
<p>W 2019 roku obie artystki zdobyły ex aequo Grand Prix Burmistrza Miasta Zakopane Leszka Doruli w 2. Ogólnopolskim Konkursie Malarskim „Moje Zakopane”.</p>
<p><strong>Beata Bugaj-Tomaszewska </strong>– ur. w 1977 roku w Staszowie. Studiowała na Wydziale Edukacji Wizualnej Akademii Sztuk Pięknych w Łodzi, w Pracowni Grafiki Warsztatowej prof. Tomasza Chojnackiego i Pracowni Malarstwa i Rysunku prof. Romana Hałata. W 2002 roku obroniła dyplom magisterski wyróżnieniem. Dyplom doktora sztuki – promotor dr hab. Aleksandra Gieraga prof. ASP. Zajmuje się malarstwem i arteterapią. Tworzy obiekty. Artystka brała udział w licznych wystawach indywidualnych oraz zbiorowych w kraju i za granicą.</p>
<p><strong>Małgorzata Drozd-Witek </strong>– ur. w 1978 roku w Łańcucie. Jest absolwentką Instytutu Sztuk Pięknych Uniwersytetu Rzeszowskiego. Dyplom z wyróżnieniem uzyskała w 2002 r. w pracowni malarstwa prowadzonej pod kierunkiem prof. Ireny Popiołek-Rodzińskiej oraz równolegle w pracowni grafiki warsztatowej pod kierunkiem prof. Andrzeja Pietscha. Pracuje w Zakładzie Malarstwa macierzystej uczelni (obecnie ISP Kolegium Nauk Humanistycznych), prowadząc zajęcia z malarstwa i rysunku na kierunku: sztuki wizualne, grafika oraz dla słuchaczy UTW UR – obecnie profesor UR. Doktorat obroniła w 2013 roku na Wydziale Malarstwa ASP w Krakowie, habilitację uzyskała w 2020 r. Uchwałą Rady Dyscypliny Sztuki Plastyczne i Konserwacja Dzieł Sztuki UMK w Toruniu. Czynnie zajmuje się malarstwem, rysunkiem, grafiką warsztatową. Ilustruje tomiki poezji. Zorganizowała 17 wystaw indywidualnych, brała udział w przeszło 170 ekspozycjach zbiorowych ogólnopolskich i międzynarodowych, w kraju i za granicą. W dorobku posiada 19 nagród i wyróżnień za twórczość artystyczną.</p>
<p>W trakcie Festiwalu w dniu 14 października zapraszamy na oprowadzanie kuratorskie: Lidia Rosińska-Podleśny.</p>
<p>&nbsp;</p>
<div id='gallery-1' class='gallery galleryid-777 gallery-columns-3 gallery-size-thumbnail'><figure class='gallery-item'>
			<div class='gallery-icon portrait'>
				<a href='http://archiwum.festiwale.zakopane.pl/festiwal-folkloru-2020/artysci/777/bbtzdjecie-portretowe/'><img width="150" height="150" src="http://archiwum.festiwale.zakopane.pl/festiwal-folkloru-2020/wp-content/uploads/sites/7/2021/09/BBTzdjecie-portretowe-150x150.jpg" class="attachment-thumbnail size-thumbnail" alt="" loading="lazy" /></a>
			</div></figure><figure class='gallery-item'>
			<div class='gallery-icon portrait'>
				<a href='http://archiwum.festiwale.zakopane.pl/festiwal-folkloru-2020/artysci/777/mdrozd-witek/'><img width="150" height="150" src="http://archiwum.festiwale.zakopane.pl/festiwal-folkloru-2020/wp-content/uploads/sites/7/2021/09/MDrozd-Witek-150x150.jpg" class="attachment-thumbnail size-thumbnail" alt="" loading="lazy" /></a>
			</div></figure><figure class='gallery-item'>
			<div class='gallery-icon landscape'>
				<a href='http://archiwum.festiwale.zakopane.pl/festiwal-folkloru-2020/artysci/777/malgorzata-drozd-witek-antaba-4-2018-mixed-techniqueon-canvas-50-x-50-cm-1/'><img width="150" height="150" src="http://archiwum.festiwale.zakopane.pl/festiwal-folkloru-2020/wp-content/uploads/sites/7/2021/09/Malgorzata-Drozd-Witek-Antaba-4-2018-mixed-techniqueon-canvas-50-x-50-cm-1-150x150.jpg" class="attachment-thumbnail size-thumbnail" alt="" loading="lazy" srcset="http://archiwum.festiwale.zakopane.pl/festiwal-folkloru-2020/wp-content/uploads/sites/7/2021/09/Malgorzata-Drozd-Witek-Antaba-4-2018-mixed-techniqueon-canvas-50-x-50-cm-1-150x150.jpg 150w, http://archiwum.festiwale.zakopane.pl/festiwal-folkloru-2020/wp-content/uploads/sites/7/2021/09/Malgorzata-Drozd-Witek-Antaba-4-2018-mixed-techniqueon-canvas-50-x-50-cm-1-300x300.jpg 300w, http://archiwum.festiwale.zakopane.pl/festiwal-folkloru-2020/wp-content/uploads/sites/7/2021/09/Malgorzata-Drozd-Witek-Antaba-4-2018-mixed-techniqueon-canvas-50-x-50-cm-1-1024x1022.jpg 1024w, http://archiwum.festiwale.zakopane.pl/festiwal-folkloru-2020/wp-content/uploads/sites/7/2021/09/Malgorzata-Drozd-Witek-Antaba-4-2018-mixed-techniqueon-canvas-50-x-50-cm-1-768x767.jpg 768w, http://archiwum.festiwale.zakopane.pl/festiwal-folkloru-2020/wp-content/uploads/sites/7/2021/09/Malgorzata-Drozd-Witek-Antaba-4-2018-mixed-techniqueon-canvas-50-x-50-cm-1-1536x1533.jpg 1536w, http://archiwum.festiwale.zakopane.pl/festiwal-folkloru-2020/wp-content/uploads/sites/7/2021/09/Malgorzata-Drozd-Witek-Antaba-4-2018-mixed-techniqueon-canvas-50-x-50-cm-1-2048x2044.jpg 2048w" sizes="(max-width: 150px) 100vw, 150px" /></a>
			</div></figure><figure class='gallery-item'>
			<div class='gallery-icon portrait'>
				<a href='http://archiwum.festiwale.zakopane.pl/festiwal-folkloru-2020/artysci/777/blekit-sie-przedziera_bugaj_tomaszewska_2maly/'><img width="150" height="150" src="http://archiwum.festiwale.zakopane.pl/festiwal-folkloru-2020/wp-content/uploads/sites/7/2021/09/Blekit-sie-przedziera_Bugaj_Tomaszewska_2maly-150x150.jpg" class="attachment-thumbnail size-thumbnail" alt="" loading="lazy" /></a>
			</div></figure>
		</div>
