{"id":769,"date":"2021-08-03T13:27:29","date_gmt":"2021-08-03T11:27:29","guid":{"rendered":"https:\/\/festiwale.zakopane.pl\/festiwal-folkloru-2020\/?post_type=artysci&#038;p=769"},"modified":"2021-08-03T13:27:29","modified_gmt":"2021-08-03T11:27:29","slug":"serbia-prnjavor","status":"publish","type":"artysci","link":"http:\/\/archiwum.festiwale.zakopane.pl\/festiwal-folkloru-2020\/artysci\/serbia-prnjavor\/","title":{"rendered":"Serbia &#8211; &#8222;Prnjavor&#8221;"},"content":{"rendered":"<p>Pierwsza pisemna wzmianka o kulturze miasteczka Ma\u010dvanski Prnjavor pochodzi z 1923 roku. Rozw\u00f3j amatorskich zespo\u0142\u00f3w ludowych w Prnjavorze wyra\u017anie nabra\u0142 tempa dopiero po II wojnie \u015bwiatowej. W 2007 roku zako\u0144czy\u0142a si\u0119 kompleta przebudowa Domu Kultury \u201cPrnjavor\u201d co stworzy\u0142o warunki do lepszego funkcjonowania. W chwili obecnej w zespole ta\u0144czy i \u015bpiewa 230 cz\u0142onk\u00f3w, a ich repertuar ma aktualnie 22 r\u00f3\u017cne choreografie. Opr\u00f3cz wyst\u0119p\u00f3w na terenie Serbii, zesp\u00f3\u0142 bierze udzia\u0142 w wielu mi\u0119dzynarodowych festiwalach w ca\u0142ej Europie, zdobywaj\u0105c wiele nagr\u00f3d. Program festiwalowy opiera si\u0119 na tradycyjnych i stylizowanych formach tanecznych, a przedstawione obyczaje chroni\u0105 serbsk\u0105 sztuk\u0119 ludow\u0105 od zapomnienia. Serbski str\u00f3j ludowy zajmuje wyj\u0105tkowe miejsce w kulturze i tradycji Serb\u00f3w. Symbolizuje on to\u017csamo\u015b\u0107 etniczn\u0105 i historyczn\u0105 tego narodu, cechuje si\u0119 r\u00f3\u017cnorodnymi formami i ornamentami zar\u00f3wno w strojach m\u0119skich jak i kobiecych. Po rodzaju stroju ludowego mo\u017cna okre\u015bli\u0107, z kt\u00f3rej cz\u0119\u015bci kraju dana ludno\u015b\u0107 pochodzi i do kt\u00f3rej spo\u0142eczno\u015bci etnicznej nale\u017c.<\/p>\n","protected":false},"featured_media":770,"template":"","acf":[],"_links":{"self":[{"href":"http:\/\/archiwum.festiwale.zakopane.pl\/festiwal-folkloru-2020\/wp-json\/wp\/v2\/artysci\/769"}],"collection":[{"href":"http:\/\/archiwum.festiwale.zakopane.pl\/festiwal-folkloru-2020\/wp-json\/wp\/v2\/artysci"}],"about":[{"href":"http:\/\/archiwum.festiwale.zakopane.pl\/festiwal-folkloru-2020\/wp-json\/wp\/v2\/types\/artysci"}],"wp:featuredmedia":[{"embeddable":true,"href":"http:\/\/archiwum.festiwale.zakopane.pl\/festiwal-folkloru-2020\/wp-json\/wp\/v2\/media\/770"}],"wp:attachment":[{"href":"http:\/\/archiwum.festiwale.zakopane.pl\/festiwal-folkloru-2020\/wp-json\/wp\/v2\/media?parent=769"}],"curies":[{"name":"wp","href":"https:\/\/api.w.org\/{rel}","templated":true}]}}

<p>Pierwsza pisemna wzmianka o kulturze miasteczka Mačvanski Prnjavor pochodzi z 1923 roku. Rozwój amatorskich zespołów ludowych w Prnjavorze wyraźnie nabrał tempa dopiero po II wojnie światowej. W 2007 roku zakończyła się kompleta przebudowa Domu Kultury “Prnjavor” co stworzyło warunki do lepszego funkcjonowania. W chwili obecnej w zespole tańczy i śpiewa 230 członków, a ich repertuar ma aktualnie 22 różne choreografie. Oprócz występów na terenie Serbii, zespół bierze udział w wielu międzynarodowych festiwalach w całej Europie, zdobywając wiele nagród. Program festiwalowy opiera się na tradycyjnych i stylizowanych formach tanecznych, a przedstawione obyczaje chronią serbską sztukę ludową od zapomnienia. Serbski strój ludowy zajmuje wyjątkowe miejsce w kulturze i tradycji Serbów. Symbolizuje on tożsamość etniczną i historyczną tego narodu, cechuje się różnorodnymi formami i ornamentami zarówno w strojach męskich jak i kobiecych. Po rodzaju stroju ludowego można określić, z której części kraju dana ludność pochodzi i do której społeczności etnicznej należ.</p>
