{"id":471,"date":"2020-08-18T09:08:29","date_gmt":"2020-08-18T07:08:29","guid":{"rendered":"https:\/\/festiwale.zakopane.pl\/festiwal-folkloru\/?post_type=artysci&#038;p=471"},"modified":"2020-08-18T10:10:12","modified_gmt":"2020-08-18T08:10:12","slug":"zespol-regionalny-im-bartusia-obrochty","status":"publish","type":"artysci","link":"http:\/\/archiwum.festiwale.zakopane.pl\/festiwal-folkloru-2020\/artysci\/zespol-regionalny-im-bartusia-obrochty\/","title":{"rendered":"ZESP\u00d3\u0141 REGIONALNY IM. BARTUSIA OBROCHTY"},"content":{"rendered":"<p>Zesp\u00f3\u0142 regionalny im. Bartusia Obrochty powsta\u0142 15 wrze\u015bnia 1965 r. Za\u0142o\u017cycielem i wieloletnim kierownikiem by\u0142 Tadeusz Sztromajer. Do dzisiaj g\u0142\u00f3wnym zadaniem zespo\u0142u jest zachowanie muzyki, \u015bpiewu, ta\u0144ca, stroj\u00f3w oraz obrz\u0119d\u00f3w w najczystszej formie za co \u201eBartusie\u201d zdoby\u0142y czterokrotnie \u201eZ\u0142ot\u0105 ciupag\u0119\u201d podczas Mi\u0119dzynarodowego Festiwalu Folkloru Ziem G\u00f3rskich. Dwukrotnie za wesele 1980,1993 oraz za Andrzejki 1985 i Poracke 1989. Przez 50 lat przez zesp\u00f3\u0142 przewin\u0119\u0142o si\u0119 ponad 1000 cz\u0142onk\u00f3w. Podczas 50 &#8211; ciu lat swej dzia\u0142alno\u015bci zesp\u00f3\u0142 wyst\u0119powa\u0142 na festiwalach i przegl\u0105dach m in. w Anglii, Austrii, Belgii, Czechos\u0142owacji, Holandii, Jugos\u0142awii, ZSRR, NRD, Turcji, Francji, Grecji, Bu\u0142garii, S\u0142owacji, Macedonii czy we W\u0142oszech oraz wielu miastach Polski. Czterokrotnie by\u0142 na oficjalnej audiencji u Ojca \u015awi\u0119tego. Zesp\u00f3\u0142 zosta\u0142 nagrodzony trzykrotnie przez Ministra Kultury i Sztuki, Z\u0142ot\u0105 odznak\u0105 \u201eZa zas\u0142ugi dla Wojew\u00f3dztwa Nowos\u0105deckiego\u201d Z\u0142ot\u0105 odznak\u0105 \u201eZa zas\u0142ugi dla Zakopanego\u201d oraz zosta\u0142 uhonorowany Nagrod\u0105 im. Oskara Kolberga. Obecnie zesp\u00f3\u0142 dzia\u0142a przy Zwi\u0105zku Podhalan oddzia\u0142 Zakopane.<\/p>\n","protected":false},"featured_media":476,"template":"","acf":[],"_links":{"self":[{"href":"http:\/\/archiwum.festiwale.zakopane.pl\/festiwal-folkloru-2020\/wp-json\/wp\/v2\/artysci\/471"}],"collection":[{"href":"http:\/\/archiwum.festiwale.zakopane.pl\/festiwal-folkloru-2020\/wp-json\/wp\/v2\/artysci"}],"about":[{"href":"http:\/\/archiwum.festiwale.zakopane.pl\/festiwal-folkloru-2020\/wp-json\/wp\/v2\/types\/artysci"}],"wp:featuredmedia":[{"embeddable":true,"href":"http:\/\/archiwum.festiwale.zakopane.pl\/festiwal-folkloru-2020\/wp-json\/wp\/v2\/media\/476"}],"wp:attachment":[{"href":"http:\/\/archiwum.festiwale.zakopane.pl\/festiwal-folkloru-2020\/wp-json\/wp\/v2\/media?parent=471"}],"curies":[{"name":"wp","href":"https:\/\/api.w.org\/{rel}","templated":true}]}}

ZESPÓŁ REGIONALNY IM. BARTUSIA OBROCHTY

<p>Zespół regionalny im. Bartusia Obrochty powstał 15 września 1965 r. Założycielem i wieloletnim kierownikiem był Tadeusz Sztromajer. Do dzisiaj głównym zadaniem zespołu jest zachowanie muzyki, śpiewu, tańca, strojów oraz obrzędów w najczystszej formie za co „Bartusie” zdobyły czterokrotnie „Złotą ciupagę” podczas Międzynarodowego Festiwalu Folkloru Ziem Górskich. Dwukrotnie za wesele 1980,1993 oraz za Andrzejki 1985 i Poracke 1989. Przez 50 lat przez zespół przewinęło się ponad 1000 członków. Podczas 50 &#8211; ciu lat swej działalności zespół występował na festiwalach i przeglądach m in. w Anglii, Austrii, Belgii, Czechosłowacji, Holandii, Jugosławii, ZSRR, NRD, Turcji, Francji, Grecji, Bułgarii, Słowacji, Macedonii czy we Włoszech oraz wielu miastach Polski. Czterokrotnie był na oficjalnej audiencji u Ojca Świętego. Zespół został nagrodzony trzykrotnie przez Ministra Kultury i Sztuki, Złotą odznaką „Za zasługi dla Województwa Nowosądeckiego” Złotą odznaką „Za zasługi dla Zakopanego” oraz został uhonorowany Nagrodą im. Oskara Kolberga. Obecnie zespół działa przy Związku Podhalan oddział Zakopane.</p>
