{"id":442,"date":"2020-08-04T07:27:39","date_gmt":"2020-08-04T05:27:39","guid":{"rendered":"https:\/\/festiwale.zakopane.pl\/festiwal-folkloru\/?post_type=artysci&#038;p=442"},"modified":"2020-08-04T07:27:39","modified_gmt":"2020-08-04T05:27:39","slug":"zespol-folklorystyczny-srednogorski-naniz-z-bulgarii","status":"publish","type":"artysci","link":"http:\/\/archiwum.festiwale.zakopane.pl\/festiwal-folkloru-2020\/artysci\/zespol-folklorystyczny-srednogorski-naniz-z-bulgarii\/","title":{"rendered":"ZESP\u00d3\u0141 FOLKLORYSTYCZNY \u201eSREDNOGORSKI NANIZ\u201d Z BU\u0141GARII"},"content":{"rendered":"<p>Grupa zosta\u0142a za\u0142o\u017cona w mie\u015bcie Karlovo, po\u0142o\u017conym w dolinie wzd\u0142u\u017c rzeki Stryama, u po\u0142udniowych podn\u00f3\u017cy Ba\u0142kan\u00f3w. Zesp\u00f3\u0142 uczestniczy w festiwalach krajowych oraz mi\u0119dzynarodowych m.in. w\u00a0 Polsce, Rumunii, Serbii, Turcji, Gruzji, W\u0142oszech, reprezentuj\u0105c pi\u0119kno bu\u0142garskiego ta\u0144ca i najwy\u017cszy profesjonalizm wykonania. Na konkursach zdobywa wiele nagr\u00f3d i wyr\u00f3\u017cnie\u0144 za wysoki poziom artystyczny i wokalny. \u00a0Kierownikiem artystycznym jest Miroslav Vasilev.<\/p>\n","protected":false},"featured_media":443,"template":"","acf":[],"_links":{"self":[{"href":"http:\/\/archiwum.festiwale.zakopane.pl\/festiwal-folkloru-2020\/wp-json\/wp\/v2\/artysci\/442"}],"collection":[{"href":"http:\/\/archiwum.festiwale.zakopane.pl\/festiwal-folkloru-2020\/wp-json\/wp\/v2\/artysci"}],"about":[{"href":"http:\/\/archiwum.festiwale.zakopane.pl\/festiwal-folkloru-2020\/wp-json\/wp\/v2\/types\/artysci"}],"wp:featuredmedia":[{"embeddable":true,"href":"http:\/\/archiwum.festiwale.zakopane.pl\/festiwal-folkloru-2020\/wp-json\/wp\/v2\/media\/443"}],"wp:attachment":[{"href":"http:\/\/archiwum.festiwale.zakopane.pl\/festiwal-folkloru-2020\/wp-json\/wp\/v2\/media?parent=442"}],"curies":[{"name":"wp","href":"https:\/\/api.w.org\/{rel}","templated":true}]}}

ZESPÓŁ FOLKLORYSTYCZNY „SREDNOGORSKI NANIZ” Z BUŁGARII

<p>Grupa została założona w mieście Karlovo, położonym w dolinie wzdłuż rzeki Stryama, u południowych podnóży Bałkanów. Zespół uczestniczy w festiwalach krajowych oraz międzynarodowych m.in. w  Polsce, Rumunii, Serbii, Turcji, Gruzji, Włoszech, reprezentując piękno bułgarskiego tańca i najwyższy profesjonalizm wykonania. Na konkursach zdobywa wiele nagród i wyróżnień za wysoki poziom artystyczny i wokalny.  Kierownikiem artystycznym jest Miroslav Vasilev.</p>
