{"id":433,"date":"2020-07-31T13:29:26","date_gmt":"2020-07-31T11:29:26","guid":{"rendered":"https:\/\/festiwale.zakopane.pl\/festiwal-folkloru\/?post_type=artysci&#038;p=433"},"modified":"2020-07-31T13:29:32","modified_gmt":"2020-07-31T11:29:32","slug":"zespol-ludowy-fiori-del-mandorlo-z-wloch","status":"publish","type":"artysci","link":"http:\/\/archiwum.festiwale.zakopane.pl\/festiwal-folkloru-2020\/artysci\/zespol-ludowy-fiori-del-mandorlo-z-wloch\/","title":{"rendered":"ZESP\u00d3\u0141 LUDOWY \u201eFIORI DEL MANDORLO\u201d Z W\u0141OCH"},"content":{"rendered":"<p>Zesp\u00f3l powsta\u0142 z inicjatywy Filippo Mandracchia, cz\u0142onkowie maj\u0105 od 5 do 65 lat. Dzisiaj liczy 100 os\u00f3b. Nazwa zespo\u0142u czerpie inspiracj\u0119 z symbolicznego znaczenia kwiat\u00f3w, kt\u00f3re dobrze pokazuj\u0105 ducha grupy i wszystkich artyst\u00f3w. Kwiaty migda\u0142\u00f3w jako pierwsze kwitn\u0105 wiosn\u0105 \u00a0i symbolizuj\u0105 nadziej\u0119, a tak\u017ce powr\u00f3t do \u017cycia natury, reprezentuj\u0105 r\u00f3wnie\u017c delikatno\u015b\u0107 i tradycj\u0119. Zesp\u00f3\u0142 w sowich programach inspiruje si\u0119 na mitach i legendach a \u0142\u0105czy te elementy z kultur\u0105 i folklorem swojego geograficznego regionu. Grupa bra\u0142a udzia\u0142 w krajowych oraz mi\u0119dzynarodowych festiwalach m.in. w Maroku, w Hiszpanii, Tunezji, Francji i wielu innych.<\/p>\n","protected":false},"featured_media":434,"template":"","acf":[],"_links":{"self":[{"href":"http:\/\/archiwum.festiwale.zakopane.pl\/festiwal-folkloru-2020\/wp-json\/wp\/v2\/artysci\/433"}],"collection":[{"href":"http:\/\/archiwum.festiwale.zakopane.pl\/festiwal-folkloru-2020\/wp-json\/wp\/v2\/artysci"}],"about":[{"href":"http:\/\/archiwum.festiwale.zakopane.pl\/festiwal-folkloru-2020\/wp-json\/wp\/v2\/types\/artysci"}],"wp:featuredmedia":[{"embeddable":true,"href":"http:\/\/archiwum.festiwale.zakopane.pl\/festiwal-folkloru-2020\/wp-json\/wp\/v2\/media\/434"}],"wp:attachment":[{"href":"http:\/\/archiwum.festiwale.zakopane.pl\/festiwal-folkloru-2020\/wp-json\/wp\/v2\/media?parent=433"}],"curies":[{"name":"wp","href":"https:\/\/api.w.org\/{rel}","templated":true}]}}

ZESPÓŁ LUDOWY „FIORI DEL MANDORLO” Z WŁOCH

<p>Zespól powstał z inicjatywy Filippo Mandracchia, członkowie mają od 5 do 65 lat. Dzisiaj liczy 100 osób. Nazwa zespołu czerpie inspirację z symbolicznego znaczenia kwiatów, które dobrze pokazują ducha grupy i wszystkich artystów. Kwiaty migdałów jako pierwsze kwitną wiosną  i symbolizują nadzieję, a także powrót do życia natury, reprezentują również delikatność i tradycję. Zespół w sowich programach inspiruje się na mitach i legendach a łączy te elementy z kulturą i folklorem swojego geograficznego regionu. Grupa brała udział w krajowych oraz międzynarodowych festiwalach m.in. w Maroku, w Hiszpanii, Tunezji, Francji i wielu innych.</p>
