{"id":42,"date":"2019-12-10T23:21:22","date_gmt":"2019-12-10T22:21:22","guid":{"rendered":"https:\/\/festiwale.zakopane.pl\/festiwal-koled\/?post_type=artysci&#038;p=42"},"modified":"2020-07-22T11:02:02","modified_gmt":"2020-07-22T09:02:02","slug":"artysta-piaty","status":"publish","type":"artysci","link":"http:\/\/archiwum.festiwale.zakopane.pl\/festiwal-folkloru-2020\/artysci\/artysta-piaty\/","title":{"rendered":"PARAFIALNY REGIONALNY ZESP\u00d3\u0141 &#8222;GIEWONT&#8221; Z ZAKOPANEGO"},"content":{"rendered":"<p>Zesp\u00f3\u0142 powsta\u0142 w 1981 roku. Za\u0142o\u017cycielem i kierownikiem by\u0142 ksi\u0105dz Jan Kowalik CM, proboszcz parafii i na Olczy w Zakopanem, obecnie Sanktuarium Matki Bo\u017cej Objawiaj\u0105cej Cudowny Medalik. Kierownikami zespo\u0142u s\u0105 Maria Fr\u0105czysta, Katarzyna Stacho\u0144 \u2013 Groblowy i Tomasz Galica. Zesp\u00f3\u0142 liczy ok. 80 cz\u0142onk\u00f3w<\/p>\n<p>Poniewa\u017c zesp\u00f3\u0142 powsta\u0142 i dzia\u0142a\u0142 pod patronatem parafii i prowadzonej przez ksi\u0119\u017cy misjonarzy od pocz\u0105tku koncertowa\u0142 w miejscach dzia\u0142alno\u015bci ksi\u0119\u017cy m.in. w Krakowie, w Warszawie, we Wroc\u0142awiu. Wyst\u0119powa\u0142 tak\u017ce za granic\u0105: we Francji, Austrii, Niemczech, W\u0142oszech, Bu\u0142garii, Turcji oraz na W\u0119grzech i S\u0142owacji. 19 czerwca 1985 roku zesp\u00f3\u0142 mia\u0142 zaszczyt wyst\u0105pi\u0107 dla Ojca \u015awi\u0119tego Jana Paw\u0142a II w Watykanie, a nast\u0119pnie uczestniczy\u0107 w prywatnej audiencji. Po 30 latach od tego zdarzenia zesp\u00f3\u0142 ponownie wyst\u0105pi\u0142 na placu \u015bw. Piotra graj\u0105c dla Ojca \u015awi\u0119tego Franciszka. Na przestrzeni lat zesp\u00f3\u0142 uczestniczy\u0142 w wielu festiwalach i konkursach m.in. podczas Mi\u0119dzynarodowego Festiwalu Folkloru Ziem G\u00f3rskich w Zakopanem oraz Saba\u0142owych Baja\u0144 i Karnawa\u0142u G\u00f3ralskiego w Bukowinie Tatrza\u0144skiej, w Mi\u0119dzynarodowym Festiwalu Folkloru Dzieci w Sofi i (Bu\u0142garia) oraz w Mi\u0119dzynarodowym Festiwalu Folkloru w Izmir \u2013 Fo\u00e7a (Turcja).<\/p>\n<p>W latach 2000, 2015 i 2016 zesp\u00f3\u0142 by\u0142 gospodarzem MFFZG w Zakopanem. Jest laureatem licznych nagr\u00f3d za taniec i \u015bpiew g\u00f3ralski. W 2016 roku zesp\u00f3\u0142 wyta\u0144czy\u0142 br\u0105zow\u0105 juhask\u0105 ciupag\u0119 na G\u00f3ralskim Karnawale w Bukowinie Tatrza\u0144skiej, a w 2017 roku zdoby\u0142 Srebrn\u0105 Ciupag\u0119 w kategorii zespo\u0142\u00f3w autentycznych na 49. MFFZG w Zakopanem.<\/p>\n<p>(RKW)<\/p>\n","protected":false},"featured_media":258,"template":"","acf":[],"_links":{"self":[{"href":"http:\/\/archiwum.festiwale.zakopane.pl\/festiwal-folkloru-2020\/wp-json\/wp\/v2\/artysci\/42"}],"collection":[{"href":"http:\/\/archiwum.festiwale.zakopane.pl\/festiwal-folkloru-2020\/wp-json\/wp\/v2\/artysci"}],"about":[{"href":"http:\/\/archiwum.festiwale.zakopane.pl\/festiwal-folkloru-2020\/wp-json\/wp\/v2\/types\/artysci"}],"wp:featuredmedia":[{"embeddable":true,"href":"http:\/\/archiwum.festiwale.zakopane.pl\/festiwal-folkloru-2020\/wp-json\/wp\/v2\/media\/258"}],"wp:attachment":[{"href":"http:\/\/archiwum.festiwale.zakopane.pl\/festiwal-folkloru-2020\/wp-json\/wp\/v2\/media?parent=42"}],"curies":[{"name":"wp","href":"https:\/\/api.w.org\/{rel}","templated":true}]}}

PARAFIALNY REGIONALNY ZESPÓŁ &#8222;GIEWONT&#8221; Z ZAKOPANEGO

<p>Zespół powstał w 1981 roku. Założycielem i kierownikiem był ksiądz Jan Kowalik CM, proboszcz parafii i na Olczy w Zakopanem, obecnie Sanktuarium Matki Bożej Objawiającej Cudowny Medalik. Kierownikami zespołu są Maria Frączysta, Katarzyna Stachoń – Groblowy i Tomasz Galica. Zespół liczy ok. 80 członków</p>
<p>Ponieważ zespół powstał i działał pod patronatem parafii i prowadzonej przez księży misjonarzy od początku koncertował w miejscach działalności księży m.in. w Krakowie, w Warszawie, we Wrocławiu. Występował także za granicą: we Francji, Austrii, Niemczech, Włoszech, Bułgarii, Turcji oraz na Węgrzech i Słowacji. 19 czerwca 1985 roku zespół miał zaszczyt wystąpić dla Ojca Świętego Jana Pawła II w Watykanie, a następnie uczestniczyć w prywatnej audiencji. Po 30 latach od tego zdarzenia zespół ponownie wystąpił na placu św. Piotra grając dla Ojca Świętego Franciszka. Na przestrzeni lat zespół uczestniczył w wielu festiwalach i konkursach m.in. podczas Międzynarodowego Festiwalu Folkloru Ziem Górskich w Zakopanem oraz Sabałowych Bajań i Karnawału Góralskiego w Bukowinie Tatrzańskiej, w Międzynarodowym Festiwalu Folkloru Dzieci w Sofi i (Bułgaria) oraz w Międzynarodowym Festiwalu Folkloru w Izmir – Foça (Turcja).</p>
<p>W latach 2000, 2015 i 2016 zespół był gospodarzem MFFZG w Zakopanem. Jest laureatem licznych nagród za taniec i śpiew góralski. W 2016 roku zespół wytańczył brązową juhaską ciupagę na Góralskim Karnawale w Bukowinie Tatrzańskiej, a w 2017 roku zdobył Srebrną Ciupagę w kategorii zespołów autentycznych na 49. MFFZG w Zakopanem.</p>
<p>(RKW)</p>
