{"id":418,"date":"2020-07-30T13:12:27","date_gmt":"2020-07-30T11:12:27","guid":{"rendered":"https:\/\/festiwale.zakopane.pl\/festiwal-folkloru\/?post_type=artysci&#038;p=418"},"modified":"2020-07-30T13:12:27","modified_gmt":"2020-07-30T11:12:27","slug":"zespol-tanca-ludowego-fogem-z-polnocnego-cypru","status":"publish","type":"artysci","link":"http:\/\/archiwum.festiwale.zakopane.pl\/festiwal-folkloru-2020\/artysci\/zespol-tanca-ludowego-fogem-z-polnocnego-cypru\/","title":{"rendered":"ZESP\u00d3\u0141 TA\u0143CA LUDOWEGO \u201eFOGEM\u201d Z P\u00d3\u0141NOCNEGO CYPRU"},"content":{"rendered":"<p>Zesp\u00f3\u0142 powsta\u0142 w 2007 roku i skupia dzieci od lat 4 do doros\u0142ych. W swoich szeregach ma 200 tancerzy i podzia\u0142 na 8 r\u00f3\u017cnych wiekowo grup. Cz\u0142onkowie grup ucz\u0105 si\u0119 ta\u0144ca, gry na akordeonie macedo\u0144skim oraz rytmiki. Zesp\u00f3\u0142 bierze udzia\u0142 w wielu krajowych oraz mi\u0119dzynarodowych festiwalach m.in. na W\u0119grzech, w Polsce, w Bu\u0142garii, Turcji i in.<\/p>\n","protected":false},"featured_media":419,"template":"","acf":[],"_links":{"self":[{"href":"http:\/\/archiwum.festiwale.zakopane.pl\/festiwal-folkloru-2020\/wp-json\/wp\/v2\/artysci\/418"}],"collection":[{"href":"http:\/\/archiwum.festiwale.zakopane.pl\/festiwal-folkloru-2020\/wp-json\/wp\/v2\/artysci"}],"about":[{"href":"http:\/\/archiwum.festiwale.zakopane.pl\/festiwal-folkloru-2020\/wp-json\/wp\/v2\/types\/artysci"}],"wp:featuredmedia":[{"embeddable":true,"href":"http:\/\/archiwum.festiwale.zakopane.pl\/festiwal-folkloru-2020\/wp-json\/wp\/v2\/media\/419"}],"wp:attachment":[{"href":"http:\/\/archiwum.festiwale.zakopane.pl\/festiwal-folkloru-2020\/wp-json\/wp\/v2\/media?parent=418"}],"curies":[{"name":"wp","href":"https:\/\/api.w.org\/{rel}","templated":true}]}}

ZESPÓŁ TAŃCA LUDOWEGO „FOGEM” Z PÓŁNOCNEGO CYPRU

<p>Zespół powstał w 2007 roku i skupia dzieci od lat 4 do dorosłych. W swoich szeregach ma 200 tancerzy i podział na 8 różnych wiekowo grup. Członkowie grup uczą się tańca, gry na akordeonie macedońskim oraz rytmiki. Zespół bierze udział w wielu krajowych oraz międzynarodowych festiwalach m.in. na Węgrzech, w Polsce, w Bułgarii, Turcji i in.</p>
